ohhh nooe!

Report for 2006 Jun

                   Monthly Climatological Summary for Jun 2006

Name: Dobrava   City: Slovenske Konjice   State: SI
Elevation: 342 m  Lat: N 46° 21' 05"   Lon: E 015° 24' 04"

                  Temperature (°C), Rain (mm), Wind Speed (km/h)

                                      Heat  Cool        Avg
    Mean                              Deg   Deg         Wind                 Dom
Day Temp  High   Time   Low    Time   Days  Days  Rain  Speed High   Time    Dir
------------------------------------------------------------------------------------
01  10.5  18.3   12:52   4.0   17:00  15.6    0.0   6.0   0.0   0.0   00:07     N
02   8.8  12.0   10:43   5.1   13:27  19.0    0.0   8.0   0.0   0.0   00:00     N
03  11.8  14.2   13:16   7.9   00:00  13.0    0.0   2.0   0.0   0.0   00:00     N
04  13.8  18.0   15:06  10.0   17:51   9.3    0.0   2.0   0.0   0.0   00:00     N
05  13.9  18.0   14:44   9.5   15:31   9.8    0.0   2.0   0.0   0.0   00:00     N
06  10.6  14.6   15:15   8.4   22:31  14.7    0.0  16.2   0.0   0.0   00:00     N
07  12.3  21.1   15:09   4.8   05:15  10.2    0.1   1.8   0.0   0.0   03:36     N
08  12.6  20.2   13:22   6.0   04:41  11.4    0.1   0.0   0.0   0.0   00:00     N
09  14.0  21.6   14:22   7.0   04:52   8.9    0.4   0.0   0.0   0.0   00:00     N
10  13.4  20.9   12:52   9.2   23:56   9.9    0.1   0.0   0.0   0.0   00:00     N
11  13.5  19.5   14:56   8.6   02:14   9.6    0.1   2.0   0.0   0.0   00:00     N
12  17.4  25.6   14:22   9.7   03:43   6.1    4.2  10.0   0.0   0.0   00:01     N
13  18.5  27.3   12:30   9.5   00:32   4.2    4.6   8.0   0.0   0.0   00:00     N
14  19.7  28.3   14:03  13.0   06:04   3.0    5.9   0.0   0.0   0.0   00:00     N
15  20.2  29.4   14:19  13.0   12:24   2.5    7.5   0.0   0.0   0.0   00:00     N
16  22.8  31.4   14:42  14.4   04:29   1.3   10.4   0.0   0.0   0.0   00:00     N
17  23.1  30.9   13:56  17.4   21:37   0.0    9.6   0.0   0.0   0.0   00:00     N
18  24.3  31.4   14:24  17.4   22:40   1.5   14.1   0.0   0.0   0.0   00:00     N
19  22.1  31.5   15:36  18.5   00:12   4.2    9.7   0.0   0.0   0.0   00:00     N
20  20.4  32.8   14:46  20.6   00:36   8.1   11.6   0.0   0.0   0.0   00:00     N
21  21.3  30.6   12:32  18.3   00:00   4.5   10.5   0.0   0.0   0.0   00:00     N
22  23.8  30.6   15:38  17.0   10:28   0.2   11.2   0.0   0.0   0.0   00:00     N
23  21.8  28.2   14:46  17.0   05:03   0.4    7.4   0.0   0.0   0.0   00:00     N
24  25.4  30.2   15:23  18.8   23:51   0.0    7.0   0.0   0.0   0.0   12:08     N
25  23.9  31.6   13:55  17.5   08:39   0.4   11.7   0.0   0.0   0.0   00:00     N
26  25.8  34.1   13:58  17.9   03:54   0.3   15.6   0.0   0.0   0.0   00:00     N
27  25.7  34.9   15:33  16.0   05:09   0.3   15.0   0.0   0.0   0.0   00:01     N
28  24.3  33.2   15:10  15.0   05:39   0.8   12.7   0.0   0.0   0.0   00:00     N
29  20.2  26.1   14:24  15.6   18:47   1.1    4.8  66.0   0.0   0.0   00:00     N
30  21.0  27.8   13:38  16.0   15:47   0.8    5.9  18.0   0.0   0.0   00:00     N
-------------------------------------------------------------------------------------
    18.5  34.9    27     0.0     1   171.1 180.1 142.0   0.0   0.0     1       N

Max >=   32.0:  4
Max <=    0.0:  0
Min <=    0.0: 14
Min <=  -18.0:  0
Max Rain: 66.00 ON 29/06/06
Days of Rain: 12 (> .2 mm) 7 (> 2 mm) 1 (> 20 mm)
Heat Base:  18.3  Cool Base:  18.3  Method: Integration