ohhh nooe!

Report for 2006 May

                   Monthly Climatological Summary for May 2006

Name: Dobrava   City: Slovenske Konjice   State: SI
Elevation: 342 m  Lat: N 46° 21' 05"   Lon: E 015° 24' 04"

                  Temperature (°C), Rain (mm), Wind Speed (km/h)

                                      Heat  Cool        Avg
    Mean                              Deg   Deg         Wind                 Dom
Day Temp  High   Time   Low    Time   Days  Days  Rain  Speed High   Time    Dir
------------------------------------------------------------------------------------
01  10.1  17.5   14:07   5.7   03:27  16.4    0.0   0.0   0.0   0.0   00:08     N
02  10.4  19.1   15:27   5.3   01:38  14.4    0.1   0.0   0.0   0.0   00:00     N
03  12.8  21.3   13:58   5.4   05:09  11.4    0.5   0.0   0.0   0.0   00:01     N
04  12.8  18.3   14:58   7.4   23:57  11.0    0.0   0.0   0.0   0.0   00:00     N
05  12.7  21.7   14:15   4.8   05:30  12.0    0.8   0.0   0.0   0.0   00:00     N
06  13.8  21.9   14:06   5.6   20:12  11.6    0.6   0.0   0.0   0.0   00:00     N
07  11.5  17.0   14:19   6.0   00:00  18.9    0.0   0.0   0.0   0.0   00:00     N
08  13.7  20.3   12:43   7.2   00:00  14.4    0.1   0.0   0.0   0.0   00:00     N
09  12.0  17.9   12:48   6.3   04:33  12.7    0.0   0.0   0.0   0.0   00:01     N
10  13.1  20.1   12:44   6.7   05:36  10.7    0.3   0.0   0.0   0.0   00:00     N
11  12.9  20.4   15:21   5.8   06:00  11.0    0.2   0.0   0.0   0.0   00:00     N
12  16.1  25.0   13:57   7.4   06:15   7.6    3.2   0.0   0.0   0.0   00:00     N
13  18.0  24.2   14:22  12.4   23:46   3.7    3.1   0.0   0.0   0.0   00:00     N
14  13.5  21.2   13:53  11.1   23:14   6.4    0.1   0.0   0.0   0.0   00:00     N
15  15.2  23.6   15:08   8.5   06:11   7.9    1.8   0.0   0.0   0.0   00:00     N
16  18.5  28.4   15:09   9.7   03:21   4.5    5.3   0.0   0.0   0.0   00:00     N
17  18.7  27.9   15:12  14.0   03:49   2.2    2.8   0.0   0.0   0.0   00:00     N
18  19.3  26.5   15:01  11.5   04:21   3.5    5.6   0.0   0.0   0.0   00:17     N
19  17.7  21.9   13:03  12.7   18:48   3.0    1.9   0.0   0.0   0.0   00:00     N
20  13.9  16.5   15:09  12.4   08:02   8.7    0.0   0.0   0.0   0.0   00:00     N
21  15.2  19.7   14:16  11.2   04:34   6.5    0.4   0.0   0.0   0.0   00:00     N
22  18.7  26.3   14:46  10.4   07:40   4.4    5.1   0.0   0.0   0.0   00:00     N
23  20.5  29.5   14:35  13.9   04:11   1.7    6.1   0.0   0.0   0.0   00:00     N
24   9.8  19.3   00:00   9.0   12:58  15.0    0.0   0.0   0.0   0.0   00:00     N
25  14.1  20.6   14:43   7.1   21:27   9.5    0.8   0.0   0.0   0.0   00:00     N
26  17.4  24.0   13:38   8.2   14:42  19.8    1.7   0.0   0.0   0.0   00:00     N
27  17.8  24.0   00:00  12.9   00:00  36.6    0.0   0.0   0.0   0.0   00:00     N
28  19.0  27.1   15:00  14.1   00:00  23.9    1.7   0.0   0.0   0.0   00:00     N
29  10.9  17.2   00:00   9.6   07:12  14.2    0.0   0.0   0.0   0.0   00:00     N
30   8.5   9.5   06:45   7.1   23:13  17.8    0.0  18.0   0.0   0.0   02:10     N
31   9.9  17.6   12:31   4.6   06:08  16.9    0.0   0.0   0.0   0.0   00:00     N
-------------------------------------------------------------------------------------
    13.1  29.5    23     0.0     6   358.1  41.9  18.0   0.0   0.0     1       N

Max >=   32.0:  0
Max <=    0.0:  1
Min <=    0.0: 10
Min <=  -18.0:  0
Max Rain: 18.00 ON 30/05/06
Days of Rain: 1 (> .2 mm) 1 (> 2 mm) 0 (> 20 mm)
Heat Base:  18.3  Cool Base:  18.3  Method: Integration