NOAA-Style klimatska poročila
Izberi mesečna ali letna poročila
2024: Jan Feb Mar Apr Maj Jun Jul Avg Sep Okt Nov Dec
2023: Jan Feb Mar Apr Maj Jun Jul Avg Sep Okt Nov Dec
2022: Jan Feb Mar Apr Maj Jun Jul Avg Sep Okt Nov Dec
2021: Jan Feb Mar Apr Maj Jun Jul Avg Sep Okt Nov Dec
2020: Jan Feb Mar Apr Maj Jun Jul Avg Sep Okt Nov Dec
2019: Jan Feb Mar Apr Maj Jun Jul Avg Sep Okt Nov Dec
2018: Jan Feb Mar Apr Maj Jun Jul Avg Sep Okt Nov Dec
2017: Jan Feb Mar Apr Maj Jun Jul Avg Sep Okt Nov Dec
2016: Jan Feb Mar Apr Maj Jun Jul Avg Sep Okt Nov Dec
2015: Jan Feb Mar Apr Maj Jun Jul Avg Sep Okt Nov Dec
2014: Jan Feb Mar Apr Maj Jun Jul Avg Sep Okt Nov Dec
2013: Jan Feb Mar Apr Maj Jun Jul Avg Sep Okt Nov Dec
2012: Jan Feb Mar Apr Maj Jun Jul Avg Sep Okt Nov Dec
2011: Jan Feb Mar Apr Maj Jun Jul Avg Sep Okt Nov Dec
2024: Jan Feb Mar Apr Maj Jun Jul Avg Sep Okt Nov Dec
2023: Jan Feb Mar Apr Maj Jun Jul Avg Sep Okt Nov Dec
2022: Jan Feb Mar Apr Maj Jun Jul Avg Sep Okt Nov Dec
2021: Jan Feb Mar Apr Maj Jun Jul Avg Sep Okt Nov Dec
2020: Jan Feb Mar Apr Maj Jun Jul Avg Sep Okt Nov Dec
2019: Jan Feb Mar Apr Maj Jun Jul Avg Sep Okt Nov Dec
2018: Jan Feb Mar Apr Maj Jun Jul Avg Sep Okt Nov Dec
2017: Jan Feb Mar Apr Maj Jun Jul Avg Sep Okt Nov Dec
2016: Jan Feb Mar Apr Maj Jun Jul Avg Sep Okt Nov Dec
2015: Jan Feb Mar Apr Maj Jun Jul Avg Sep Okt Nov Dec
2014: Jan Feb Mar Apr Maj Jun Jul Avg Sep Okt Nov Dec
2013: Jan Feb Mar Apr Maj Jun Jul Avg Sep Okt Nov Dec
2012: Jan Feb Mar Apr Maj Jun Jul Avg Sep Okt Nov Dec
2011: Jan Feb Mar Apr Maj Jun Jul Avg Sep Okt Nov Dec
Poročilo za 2024 Januar
Monthly Climatological Summary for Jan 2024 Name: Bezina City: Slovenske Konjice State: SI Elevation: 344 m Lat: N 46 21 00 Lon: E 015 25 00 Temperature (°C), Rain (mm), Wind Speed (km/h) Heat Cool Avg Mean Deg Deg Wind Dom Day Temp High Time Low Time Days Days Rain Speed High Time Dir ---------------------------------------------------------------------------------- 01 5.7 11.3 01:44 2.4 18:33 12.6 0.0 19.6 1.8 32.2 02:53 SW 02 6.3 9.3 14:38 1.9 06:56 12.0 0.0 0.0 1.8 40.2 20:40 WSW 03 10.3 12.6 12:55 8.9 00:00 8.0 0.0 0.2 2.3 61.2 00:07 SW 04 8.5 14.4 14:09 0.9 23:49 9.8 0.0 0.0 0.8 29.0 01:49 W 05 8.6 13.2 14:13 2.2 00:00 9.7 0.0 0.2 0.4 24.1 02:57 WSW 06 6.5 7.3 08:42 5.0 23:51 11.8 0.0 27.0 0.0 9.7 19:34 ENE 07 2.9 5.0 00:00 0.7 21:51 15.4 0.0 9.4 0.2 16.1 16:04 E 08 -1.1 0.9 00:20 -2.5 23:11 19.4 0.0 0.0 0.1 11.3 06:57 SE 09 -2.2 -1.2 12:57 -3.2 07:30 20.5 0.0 0.0 0.1 14.5 16:09 E 10 -3.5 1.6 14:36 -6.6 07:13 21.8 0.0 0.0 0.0 9.7 10:40 SSE 11 -3.6 3.7 13:56 -8.0 06:41 21.9 0.0 0.0 0.0 6.4 10:06 N 12 -1.9 1.8 12:30 -6.2 07:37 20.2 0.0 0.0 0.0 12.9 09:55 S 13 0.3 6.9 14:18 -3.7 22:25 18.0 0.0 0.0 0.8 22.5 23:07 SSW 14 -2.1 3.8 23:59 -4.7 21:29 20.4 0.0 0.2 0.1 16.1 00:21 WSW 15 2.5 5.9 01:51 -0.4 23:45 15.8 0.0 0.0 0.3 29.0 01:48 S 16 -0.8 5.7 13:13 -4.7 07:40 19.1 0.0 0.4 0.2 22.5 13:50 S 17 5.0 11.1 15:57 -4.0 00:14 13.3 0.0 0.2 2.2 48.3 15:36 SW 18 10.4 10.9 20:37 9.6 23:16 1.5 0.0 0.0 1.0 22.5 21:53 WSW 19 -3.9 -0.3 16:22 -7.7 23:57 6.9 0.0 0.0 0.2 0.0 00:00 ENE 20 -5.3 1.5 14:41 -11.2 07:20 23.6 0.0 8.8 0.2 20.9 23:01 W 21 -0.9 4.9 13:36 -5.8 23:58 19.2 0.0 8.8 0.2 19.3 05:36 WSW 22 0.6 6.2 23:40 -7.7 08:10 17.7 0.0 1.8 2.1 37.0 20:12 WSW 23 4.0 10.9 13:29 -0.9 23:59 14.3 0.0 1.2 0.9 22.5 05:38 WSW 24 5.9 9.8 13:55 -1.6 00:47 12.4 0.0 0.0 6.5 46.7 16:55 WSW 25 7.6 14.7 15:28 0.3 23:57 10.7 0.0 0.0 1.1 35.4 12:01 WSW 26 6.0 12.1 15:04 -0.7 02:18 12.3 0.0 0.0 0.2 25.7 12:58 SW 27 5.2 11.9 14:55 0.1 07:45 13.1 0.0 0.0 0.2 19.3 02:22 NNW 28 1.7 10.6 14:55 -3.2 07:24 16.6 0.0 0.0 0.0 9.7 12:39 SE 29 2.9 9.7 15:29 -2.9 08:49 9.7 0.0 0.0 0.0 1.6 10:32 N 30 0.0 8.9 14:11 -5.2 07:43 18.3 0.0 0.2 0.0 6.4 10:00 N 31 1.0 10.6 14:54 -4.2 03:48 17.2 0.0 0.2 0.0 6.4 10:38 E ---------------------------------------------------------------------------------- 2.5 14.7 25 -11.2 20 463.2 0.0 78.2 0.8 61.2 3 WSW Max >= 30.0 0 Max <= 0.0 2 Min <= 0.0 21 Min <= -10.0 1 Max Rain: 27.0 on day 6 Days of Rain: 14 (>= 0.2 mm) 5 (>= 2.0 mm) 1 (>= 20.0 mm) Heat Base: 18.3 Cool Base: 18.3 Method: Integration