NOAA-Style klimatska poročila
Izberi mesečna ali letna poročila
2024: Jan Feb Mar Apr Maj Jun Jul Avg Sep Okt Nov Dec
2023: Jan Feb Mar Apr Maj Jun Jul Avg Sep Okt Nov Dec
2022: Jan Feb Mar Apr Maj Jun Jul Avg Sep Okt Nov Dec
2021: Jan Feb Mar Apr Maj Jun Jul Avg Sep Okt Nov Dec
2020: Jan Feb Mar Apr Maj Jun Jul Avg Sep Okt Nov Dec
2019: Jan Feb Mar Apr Maj Jun Jul Avg Sep Okt Nov Dec
2018: Jan Feb Mar Apr Maj Jun Jul Avg Sep Okt Nov Dec
2017: Jan Feb Mar Apr Maj Jun Jul Avg Sep Okt Nov Dec
2016: Jan Feb Mar Apr Maj Jun Jul Avg Sep Okt Nov Dec
2015: Jan Feb Mar Apr Maj Jun Jul Avg Sep Okt Nov Dec
2014: Jan Feb Mar Apr Maj Jun Jul Avg Sep Okt Nov Dec
2013: Jan Feb Mar Apr Maj Jun Jul Avg Sep Okt Nov Dec
2012: Jan Feb Mar Apr Maj Jun Jul Avg Sep Okt Nov Dec
2011: Jan Feb Mar Apr Maj Jun Jul Avg Sep Okt Nov Dec
2024: Jan Feb Mar Apr Maj Jun Jul Avg Sep Okt Nov Dec
2023: Jan Feb Mar Apr Maj Jun Jul Avg Sep Okt Nov Dec
2022: Jan Feb Mar Apr Maj Jun Jul Avg Sep Okt Nov Dec
2021: Jan Feb Mar Apr Maj Jun Jul Avg Sep Okt Nov Dec
2020: Jan Feb Mar Apr Maj Jun Jul Avg Sep Okt Nov Dec
2019: Jan Feb Mar Apr Maj Jun Jul Avg Sep Okt Nov Dec
2018: Jan Feb Mar Apr Maj Jun Jul Avg Sep Okt Nov Dec
2017: Jan Feb Mar Apr Maj Jun Jul Avg Sep Okt Nov Dec
2016: Jan Feb Mar Apr Maj Jun Jul Avg Sep Okt Nov Dec
2015: Jan Feb Mar Apr Maj Jun Jul Avg Sep Okt Nov Dec
2014: Jan Feb Mar Apr Maj Jun Jul Avg Sep Okt Nov Dec
2013: Jan Feb Mar Apr Maj Jun Jul Avg Sep Okt Nov Dec
2012: Jan Feb Mar Apr Maj Jun Jul Avg Sep Okt Nov Dec
2011: Jan Feb Mar Apr Maj Jun Jul Avg Sep Okt Nov Dec
Poročilo za 2022 Avgust
Monthly Climatological Summary for Aug 2022 Name: Bezina City: Slovenske Konjice State: SI Elevation: 344 m Lat: N 46 21 00 Lon: E 015 25 00 Temperature (°C), Rain (mm), Wind Speed (km/h) Heat Cool Avg Mean Deg Deg Wind Dom Day Temp High Time Low Time Days Days Rain Speed High Time Dir ---------------------------------------------------------------------------------- 01 22.4 29.7 13:42 17.6 03:23 0.1 4.1 0.8 0.9 27.4 14:57 SSE 02 22.7 28.0 15:10 17.2 23:58 0.0 4.4 0.0 0.9 22.5 02:55 SW 03 23.0 32.0 16:47 14.9 05:42 0.8 5.5 0.0 0.8 22.5 13:14 SSE 04 24.5 33.3 16:13 15.7 06:03 0.4 6.6 0.0 0.8 27.4 13:44 SSE 05 26.5 35.4 15:26 16.6 05:47 0.2 8.5 0.0 1.7 22.5 12:28 S 06 25.7 30.8 12:39 19.5 23:58 0.0 7.4 0.0 3.0 27.4 15:34 WNW 07 21.5 27.3 15:37 14.7 06:04 0.6 3.8 0.0 0.4 20.9 15:33 SE 08 21.2 26.1 16:08 16.7 23:58 0.1 2.9 0.0 0.3 20.9 13:48 ESE 09 21.3 28.6 17:04 14.2 05:38 0.9 3.9 0.0 0.6 30.6 12:19 ESE 10 21.3 28.1 17:11 14.4 06:55 0.7 3.7 0.0 0.9 25.7 12:41 ENE 11 20.5 28.9 16:25 12.0 06:03 1.7 3.9 0.0 0.2 22.5 13:16 SE 12 21.2 26.2 13:37 16.7 06:37 0.1 2.3 0.0 0.7 24.1 16:53 ESE 13 17.4 19.6 15:41 15.3 09:00 1.0 0.1 8.6 0.1 20.9 07:45 NW 14 22.4 30.2 16:03 17.0 00:56 0.1 4.2 0.0 1.0 24.1 16:38 SSW 15 23.6 31.5 15:11 14.7 06:18 0.7 6.0 0.0 1.6 29.0 12:34 SW 16 24.6 30.9 15:47 18.2 23:58 0.0 6.3 0.0 0.7 27.4 10:04 SSW 17 26.1 34.4 16:26 17.2 01:32 0.1 7.9 0.0 2.4 29.0 12:03 SSW 18 27.5 34.4 14:36 21.3 23:28 0.0 9.2 0.0 2.5 45.1 15:42 SSW 19 21.7 29.7 15:32 17.8 18:21 0.0 3.5 11.4 1.4 53.1 17:42 W 20 19.3 24.6 11:30 16.3 06:39 0.3 1.3 2.2 0.0 12.9 11:52 SSE 21 20.1 24.3 14:10 14.9 04:54 0.7 2.5 0.0 0.1 19.3 17:09 N 22 17.4 20.7 14:30 16.1 06:51 1.1 0.2 3.6 0.0 14.5 14:33 E 23 18.7 23.7 16:32 15.6 06:04 1.0 1.4 11.6 0.1 14.5 14:57 SE 24 21.1 28.1 14:58 16.5 00:38 0.5 3.3 0.0 0.4 27.4 13:19 ESE 25 22.3 28.6 16:41 18.1 23:58 0.0 4.0 0.0 1.1 25.7 13:07 ESE 26 23.7 31.1 15:51 17.8 00:31 0.0 5.4 0.0 0.9 24.1 14:58 SSE 27 22.5 31.1 14:40 17.2 05:59 0.2 4.4 32.0 1.5 27.4 20:28 SSE 28 20.1 27.3 14:59 15.7 06:18 0.6 2.4 1.4 0.4 17.7 14:10 SSE 29 20.8 26.3 17:34 17.7 01:34 0.1 2.6 8.8 0.4 17.7 11:30 NE 30 21.0 28.2 17:21 15.1 06:42 0.8 3.5 0.2 0.5 17.7 13:43 ESE 31 18.6 21.2 16:07 16.3 23:29 0.2 0.3 7.0 0.1 8.0 21:13 SSE ---------------------------------------------------------------------------------- 22.0 35.4 5 12.0 11 13.0 125.5 87.6 0.9 53.1 19 S Max >= 30.0 11 Max <= 0.0 0 Min <= 0.0 0 Min <= -10.0 0 Max Rain: 32.0 on day 27 Days of Rain: 11 (>= 0.2 mm) 8 (>= 2.0 mm) 1 (>= 20.0 mm) Heat Base: 18.3 Cool Base: 18.3 Method: Integration