NOAA-Style klimatska poročila


Poročilo za 2020 December
                   Monthly Climatological Summary for Dec 2020

Name: Bezina   City: Slovenske Konjice   State: SI
Elevation: 344 m  Lat: N 46 21 00   Lon: E 015 25 00

                  Temperature (°C), Rain (mm), Wind Speed (km/h)

                                      Heat  Cool        Avg
    Mean                              Deg   Deg         Wind                 Dom
Day Temp  High   Time   Low    Time   Days  Days  Rain  Speed High   Time    Dir
----------------------------------------------------------------------------------
01  -1.6   4.0   12:27  -5.7   06:05  19.9   0.0   0.2   1.4  17.7   13:38    SE
02  -1.3  -0.6   00:00  -2.1   19:18  19.6   0.0   0.0   2.2  22.5   09:45    SE
03  -1.0   0.2   14:42  -2.1   00:06  19.3   0.0  13.1   1.0  11.3   00:34   SSE
04   0.2   6.2   13:06  -4.4   07:59  18.1   0.0   0.0   1.3  12.9   11:50   SSW
05   0.4   2.1   12:49  -0.8   00:02  17.9   0.0   0.0   0.1   9.7   12:50    SE
06   0.9   2.7   21:40  -1.0   05:49  17.4   0.0   6.8   0.1  11.3   21:24   ESE
07   5.0  11.4   12:51   2.0   07:31  13.3   0.0   4.6   1.4  20.9   13:33   WSW
08   1.3   4.7   00:00  -1.3   06:20  17.0   0.0   8.4   0.4  14.5   20:56   ESE
09   1.4   3.2   02:17   0.6   22:14  16.9   0.0   8.0   0.7  14.5   01:55   SSE
10   1.3   3.1   14:13   0.6   00:00  17.0   0.0  14.8   0.2   8.0   18:49   ESE
11   2.0   3.7   13:59   0.6   00:34  16.3   0.0   7.8   0.4  12.9   13:18   SSW
12   2.6   3.3   13:19   2.0   00:00  15.7   0.0   2.0   0.5  12.9   02:29     S
13   2.2   6.1   13:16  -0.8   22:00  16.1   0.0   0.2   0.7  14.5   12:28   SSW
14   0.7   5.7   14:17  -1.4   21:24  17.6   0.0   0.0   1.1  20.9   13:51   SSW
15   0.9   2.2   12:55  -1.0   23:46  17.4   0.0   0.2   1.8  17.7   00:35    SW
16   1.5   3.1   15:12  -1.1   00:20  16.8   0.0   0.0   0.4   8.0   12:58   ENE
17   2.3   3.4   14:07   1.7   06:36  16.0   0.0   0.2   0.4   8.0   20:15     E
18   2.4   3.8   14:53   1.2   08:31  15.9   0.0   0.0   0.3   8.0   12:38   SSE
19   2.1   3.1   14:53   1.6   00:47  16.2   0.0   0.0   0.3   8.0   05:41     S
20   2.3   2.8   13:33   1.9   07:37  16.0   0.0   0.6   0.0   3.2   10:55     N
21   2.3   2.7   12:24   1.5   06:50  16.0   0.0   0.2   0.0   6.4   10:48     S
22   6.7   9.9   12:22   2.7   00:00  11.6   0.0   0.2   6.1  35.4   20:45   WSW
23   9.7  11.9   14:14   7.9   05:15   8.6   0.0   0.0  12.3  46.7   12:37   WSW
24   9.7  12.2   10:19   5.8   22:40   8.6   0.0  25.0   6.0  53.1   10:16   WSW
25   4.3   5.9   01:45   2.6   23:51  14.0   0.0  17.2   0.6  17.7   13:50    SE
26   1.3   4.8   13:35  -3.9   23:56  17.0   0.0   0.2   0.9  20.9   14:21     E
27  -2.2   0.2   14:53  -5.4   04:37  20.5   0.0   0.0   0.0   8.0   11:25   NNW
28   1.9   4.8   12:02  -1.3   00:00  16.4   0.0  26.0   1.9  25.7   07:13    SW
29   5.1   6.3   09:54   2.8   22:47  13.2   0.0  19.2   4.9  54.7   03:02    SW
30   4.4   8.3   14:02   2.1   19:54  13.9   0.0   1.0   0.4  19.3   11:24   WSW
----------------------------------------------------------------------------------
     2.3  12.2    24    -5.7     1   480.2   0.0 155.9   1.6  54.7    29      SW

Max >=  30.0  0
Max <=   0.0  1
Min <=   0.0 14
Min <= -10.0  0
Max Rain: 26.0 on day 28
Days of Rain: 21 (>= 0.2 mm)  12 (>= 2.0 mm)  2 (>= 20.0 mm)
Heat Base: 18.3  Cool Base: 18.3  Method: Integration