NOAA-Style klimatska poročila


Poročilo za 2020 November
                   Monthly Climatological Summary for Nov 2020

Name: Bezina   City: Slovenske Konjice   State: SI
Elevation: 344 m  Lat: N 46 21 00   Lon: E 015 25 00

                  Temperature (°C), Rain (mm), Wind Speed (km/h)

                                      Heat  Cool        Avg
    Mean                              Deg   Deg         Wind                 Dom
Day Temp  High   Time   Low    Time   Days  Days  Rain  Speed High   Time    Dir
----------------------------------------------------------------------------------
01  11.1  19.1   13:36   5.2   05:52   7.2   0.0   0.2   0.8  12.9   12:43   SSW
02  13.8  21.2   14:57   6.9   06:35   4.8   0.3   0.0   2.6  22.5   22:31    SW
03  14.4  21.7   14:05   9.7   07:25   4.4   0.6   0.0   1.0  11.3   11:13   ESE
04  11.5  12.7   07:47  10.4   23:39   6.8   0.0   2.8   1.3  19.3   09:16   SSE
05  10.0  11.8   13:52   7.2   23:59   8.3   0.0   0.0   1.6  12.9   04:24    SE
06   6.3  14.8   14:49   1.2   23:49  12.0   0.0   0.0   1.0  12.9   10:37   SSE
07   5.1  15.6   13:29  -1.1   06:45  13.2   0.0   0.2   0.7  11.3   13:35   SSE
08   5.2  14.7   14:49  -0.3   06:32  13.1   0.0   0.2   0.9  11.3   11:26   SSE
09   3.9   5.3   14:11   0.4   02:54  14.4   0.0   0.0   0.2   8.0   12:24   SSE
10   5.1   6.2   16:03   3.8   05:16  13.2   0.0   0.0   0.7   9.7   09:26    SE
11   5.2   5.7   00:00   4.5   23:41  13.1   0.0   0.2   0.5   8.0   11:22    SE
12   5.5   7.1   13:56   4.6   02:44  12.8   0.0   0.6   1.5  11.3   04:02     S
13   6.2  12.5   13:28   1.7   07:41  12.1   0.0   0.0   1.6  16.1   13:14   SSW
14   5.5  12.6   14:13   0.6   06:18  12.8   0.0   0.2   0.7  12.9   00:44    SW
15   5.6  10.1   22:36   1.2   06:10  12.7   0.0   0.0   1.2  20.9   22:32     S
16   8.2  11.6   08:43   6.4   13:05  10.1   0.0  43.6   2.8  22.5   05:47   WSW
17   7.6  13.7   13:02   5.2   20:42  10.7   0.0   0.2   1.7  11.3   07:28    SW
18   7.0  13.4   14:01   2.6   21:25  11.3   0.0   0.0   2.5  20.9   11:34    SW
19   3.2   4.8   15:09   0.5   04:36  15.1   0.0   0.4   0.4  11.3   12:25   ESE
20   4.1   6.9   14:24  -1.1   23:14  14.2   0.0   2.8   1.0  17.7   15:49    SE
21   0.0   7.0   13:44  -3.9   23:59  18.3   0.0   0.2   1.1  17.7   13:17   ESE
22  -0.1   8.2   12:33  -5.2   04:14  18.4   0.0   0.0   1.6  17.7   13:21   SSW
23   0.8   6.6   11:54  -3.2   02:03  17.5   0.0   0.2   0.8  11.3   10:33     S
24   2.5   9.6   14:16  -2.7   23:46  15.8   0.0   0.0   0.5   9.7   12:57   SSE
25  -1.6   0.4   17:32  -5.0   07:27  19.9   0.0   0.0   0.8  11.3   12:12   ESE
26  -0.1   0.7   14:01  -0.9   06:46  18.4   0.0   0.0   0.7   8.0   10:42    SW
27  -0.1   0.6   11:56  -0.7   07:49  18.4   0.0   0.0   0.8   9.7   02:02   SSE
28  -0.3   0.2   11:21  -0.7   04:49  18.6   0.0   0.0   0.5  11.3   11:19    SE
29   0.5   4.3   12:09  -3.3   22:14  17.8   0.0   0.0   0.5  11.3   12:24    SE
30  -0.6   4.7   13:51  -4.3   07:46  18.9   0.0   0.2   0.6  11.3   02:30    SE
----------------------------------------------------------------------------------
     4.9  21.7     3    -5.2    22   404.3   0.9  52.0   1.1  22.5     2       S

Max >=  30.0  0
Max <=   0.0  0
Min <=   0.0 13
Min <= -10.0  0
Max Rain: 43.6 on day 16
Days of Rain: 14 (>= 0.2 mm)  3 (>= 2.0 mm)  1 (>= 20.0 mm)
Heat Base: 18.3  Cool Base: 18.3  Method: Integration