NOAA-Style klimatska poročila


Poročilo za 2020 Oktober
                   Monthly Climatological Summary for Oct 2020

Name: Bezina   City: Slovenske Konjice   State: SI
Elevation: 344 m  Lat: N 46 21 00   Lon: E 015 25 00

                  Temperature (°C), Rain (mm), Wind Speed (km/h)

                                      Heat  Cool        Avg
    Mean                              Deg   Deg         Wind                 Dom
Day Temp  High   Time   Low    Time   Days  Days  Rain  Speed High   Time    Dir
----------------------------------------------------------------------------------
01  14.0  21.2   15:15   7.0   06:07   4.7   0.5   0.2   3.5  24.1   17:53    SW
02  16.0  19.7   11:32  11.8   05:10   2.4   0.1   0.0   3.0  25.7   11:59    SW
03  16.0  23.3   11:51  10.8   04:29   3.0   0.7  48.6   1.9  37.0   18:54   SSW
04  14.3  17.8   11:39  10.1   23:58   4.0   0.0   9.2   6.4  45.1   08:51   SSW
05  12.5  18.4   15:40   8.2   05:41   5.8   0.0   5.0   3.3  41.8   14:54   SSW
06  14.0  19.7   15:26   8.6   07:16   4.5   0.1   0.0   6.1  40.2   14:57    SW
07  11.8  14.7   02:04   7.3   22:33   6.5   0.0  14.6   1.5  22.5   01:59   WNW
08  13.7  19.3   14:51   7.8   23:56   3.1   0.1   0.0   2.7  19.3   09:13   SSW
09  13.0  21.9   15:19   6.4   06:46   5.8   0.5   0.0   1.7  16.1   14:17     S
10  12.7  18.2   16:45   8.2   07:48   5.6   0.0  11.4   0.9   9.7   10:57   SSE
11   8.8  12.2   00:00   4.4   22:59   9.5   0.0  44.0   0.8  20.9   22:43   SSE
12   7.2   9.6   15:02   4.4   00:00  11.1   0.0   0.8   0.8  29.0   23:15   ESE
13   8.5  11.7   16:56   6.5   23:10   9.8   0.0   0.0   2.8  27.4   00:00     W
14   9.4  16.2   15:40   3.8   02:54   8.9   0.0   0.0   4.9  40.2   17:19    SW
15   6.9   8.1   13:15   5.1   01:30  11.4   0.0  19.2   0.9  22.5   15:20   SSE
16   8.3  11.7   14:51   6.3   07:23  10.0   0.0   0.8   0.7  12.9   06:51   WSW
17   8.7  14.9   14:38   4.1   23:57   9.6   0.0   1.4   0.7  14.5   05:30     E
18   7.9  13.8   14:25   3.6   01:17  10.4   0.0   0.2   0.9  16.1   11:29    SE
19   9.5  15.0   14:22   5.2   23:39   8.8   0.0   0.0   1.0  17.7   13:37   SSE
20   8.8  15.8   15:34   2.7   07:22   9.5   0.0   0.2   2.4  25.7   22:40   SSW
21  13.6  17.8   15:08  10.6   02:50   4.7   0.0   0.0  10.8  49.9   12:26    SW
22  14.7  19.9   15:21  11.7   05:22   3.8   0.1   0.0   8.9  35.4   09:33    SW
23  15.1  17.1   15:50  12.9   01:54   3.2   0.0   0.0   7.1  38.6   16:34   WSW
24  14.9  16.8   11:35  12.1   23:45   3.4   0.0   0.8   3.2  37.0   04:15     W
25  13.1  19.6   13:28   9.1   07:12   5.5   0.1   0.2   1.4  20.9   14:21   SSW
26  15.2  18.2   13:54  12.3   00:55   3.1   0.0   0.0   7.3  45.1   09:58   SSW
27  11.3  12.9   10:44   9.7   23:58   7.0   0.0   5.8   0.3  11.3   08:21   ESE
28  10.9  17.5   14:38   6.2   23:56   7.4   0.0   0.4   1.4  19.3   12:47    SW
29   9.2  15.8   14:52   5.3   03:14   9.1   0.0   0.0   1.5  22.5   11:27    SW
30  12.0  18.8   14:12   8.5   06:01   6.3   0.0   0.0   1.6  25.7   12:33   SSW
31  13.3  20.8   13:41   8.2   23:58   5.3   0.3   0.0   1.8  16.1   03:54   SSE
----------------------------------------------------------------------------------
    11.8  23.3     3     2.7    20   203.2   2.5 162.8   3.0  49.9    21      SW

Max >=  30.0  0
Max <=   0.0  0
Min <=   0.0  0
Min <= -10.0  0
Max Rain: 48.6 on day 3
Days of Rain: 17 (>= 0.2 mm)  8 (>= 2.0 mm)  2 (>= 20.0 mm)
Heat Base: 18.3  Cool Base: 18.3  Method: Integration