NOAA-Style klimatska poročila


Poročilo za 2020 Avgust
                   Monthly Climatological Summary for Aug 2020

Name: Bezina   City: Slovenske Konjice   State: SI
Elevation: 344 m  Lat: N 46 21 00   Lon: E 015 25 00

                  Temperature (°C), Rain (mm), Wind Speed (km/h)

                                      Heat  Cool        Avg
    Mean                              Deg   Deg         Wind                 Dom
Day Temp  High   Time   Low    Time   Days  Days  Rain  Speed High   Time    Dir
----------------------------------------------------------------------------------
01  24.8  31.4   15:07  19.6   05:52   0.0   6.5   0.0   0.7  17.7   15:16   SSE
02  21.9  24.3   14:22  18.6   05:11   0.0   3.6   0.0   0.8  20.9   06:18   WSW
03  19.9  24.7   13:45  16.9   23:38   0.1   1.7  33.8   0.7  37.0   20:52   WSW
04  18.8  25.2   13:48  15.1   23:32   0.9   1.4  16.2   1.1  19.3   19:48     E
05  15.8  19.6   17:42  13.7   08:01   2.6   0.1   6.0   0.9  14.5   03:13   SSE
06  19.6  26.0   16:49  15.9   05:25   0.8   2.2   3.8   0.9  22.5   17:06   ESE
07  22.7  30.3   16:06  15.8   05:49   0.4   4.7   1.8   1.1  19.3   12:33   ESE
08  23.5  31.6   15:57  15.8   04:38   0.4   5.7   0.0   0.6  19.3   13:12   ESE
09  23.8  31.6   17:56  16.6   04:46   0.3   5.8   0.0   0.4  12.9   14:25    SE
10  23.8  31.4   14:49  16.2   06:23   0.3   5.8   0.0   0.6  17.7   15:30    SE
11  21.6  29.5   12:10  17.8   06:12   0.0   3.4   0.4   0.8  29.0   13:07   WSW
12  22.0  29.2   15:44  16.2   05:29   0.4   4.1   0.2   0.5  14.5   10:56   SSE
13  23.8  30.6   17:04  17.3   06:03   0.1   5.6   0.2   1.9  30.6   20:13     S
14  21.6  28.3   13:52  17.9   06:29   0.0   3.3  15.2   0.8  30.6   21:16     S
15  21.2  27.1   14:51  17.4   03:40   0.2   3.0  10.0   1.7  17.7   23:51   WSW
16  21.2  27.0   14:26  16.4   06:29   0.3   3.2   3.4   1.0  14.5   11:55   WSW
17  20.6  30.5   16:43  17.1   05:59   0.1   1.8   4.4   1.4  24.1   14:10   SSE
18  19.6  24.3   18:52  16.3   06:21   0.6   1.9   0.8   1.4  19.3   02:34   SSW
19  20.7  27.1   18:10  15.3   23:59   0.3   2.8   0.0   3.4  19.3   05:21     W
20  20.9  29.6   16:32  13.0   06:01   1.5   4.1   0.2   1.6  19.3   14:32    SE
21  23.5  31.4   16:33  16.4   06:11   0.4   5.5   0.0   2.9  20.9   11:19     S
22  24.5  32.4   16:42  17.4   05:55   0.1   6.3   0.0   2.5  20.9   13:07     S
23  21.2  24.2   17:55  18.3   23:59   0.0   2.9   1.0   1.2  11.3   12:59     S
24  19.2  23.8   17:39  14.9   22:13   0.6   1.5   0.8   1.7  14.5   13:25     S
25  20.2  26.1   15:49  14.5   23:47   0.7   2.6   0.0   2.5  19.3   16:09     S
26  21.4  27.5   14:52  14.0   02:17   0.9   3.9   0.0   4.8  30.6   14:55    SW
27  21.0  28.4   16:24  14.3   06:25   0.9   3.6   0.0   2.6  22.5   15:24     S
28  21.0  28.4   16:23  14.0   06:08   1.1   3.9   0.0   2.1  20.9   13:22   SSE
29  24.0  32.3   16:50  17.1   03:25   0.1   5.8   0.0   2.7  25.7   13:30     S
30  21.6  28.1   13:34  18.2   21:26   0.0   1.6  18.2   3.9  43.5   17:25   SSW
31  15.9  18.9   00:00  13.6   20:58   2.4   0.0  23.4   1.0  14.5   21:02   SSE
----------------------------------------------------------------------------------
    21.3  32.4    22    13.0    20    16.5 108.3 139.8   1.6  43.5    30       S

Max >=  30.0 10
Max <=   0.0  0
Min <=   0.0  0
Min <= -10.0  0
Max Rain: 33.8 on day 3
Days of Rain: 18 (>= 0.2 mm)  10 (>= 2.0 mm)  2 (>= 20.0 mm)
Heat Base: 18.3  Cool Base: 18.3  Method: Integration