NOAA-Style klimatska poročila


Poročilo za 2020 Julij
                   Monthly Climatological Summary for Jul 2020

Name: Bezina   City: Slovenske Konjice   State: SI
Elevation: 344 m  Lat: N 46 21 00   Lon: E 015 25 00

                  Temperature (°C), Rain (mm), Wind Speed (km/h)

                                      Heat  Cool        Avg
    Mean                              Deg   Deg         Wind                 Dom
Day Temp  High   Time   Low    Time   Days  Days  Rain  Speed High   Time    Dir
----------------------------------------------------------------------------------
01  22.7  30.4   14:27  15.8   05:26   0.5   4.9   0.8   2.2  22.5   21:38     S
02  24.0  29.8   14:27  17.9   02:41   0.0   5.8   0.2   2.6  25.7   14:10     S
03  18.8  22.2   16:21  15.1   23:42   0.6   1.0  25.8   0.6  17.7   05:40    SW
04  19.2  26.3   17:19  12.0   05:32   1.9   2.8   0.2   1.9  20.9   17:48    SE
05  20.9  28.8   16:29  12.4   05:50   1.7   4.3   0.2   1.9  20.9   15:07   SSE
06  22.9  30.7   16:09  13.4   23:56   0.9   5.5  34.8   2.4  49.9   21:24   SSE
07  16.6  22.3   16:38  11.9   23:57   2.7   1.0  11.6   2.8  27.4   00:45    SE
08  18.6  25.8   18:35  10.6   03:36   2.4   2.7   0.0   3.5  25.7   15:37     S
09  20.4  28.2   16:55  13.1   05:42   1.4   3.5   0.0   2.2  22.5   14:47   SSE
10  23.2  31.8   16:17  14.2   05:42   0.9   5.8   0.0   2.4  22.5   17:05     S
11  19.1  26.1   12:26  14.2   23:57   1.3   2.1  25.8   2.2  29.0   15:10   SSE
12  17.1  22.3   15:44  11.5   23:46   2.4   1.1   0.0   2.1  20.9   11:35   ENE
13  16.3  23.0   15:23   9.1   05:24   3.5   1.5   0.0   2.1  20.9   11:44     E
14  16.8  23.8   16:37   9.6   05:33   3.1   1.6   0.0   2.4  22.5   12:43   SSE
15  18.6  26.1   16:56  10.8   05:18   2.2   2.6   2.0   3.4  27.4   22:54   SSW
16  18.1  23.3   13:39  15.6   00:20   1.0   0.8   6.4   3.4  29.0   00:25   WSW
17  16.0  21.1   14:53  13.1   23:49   2.7   0.4  19.8   2.3  24.1   17:46   SSE
18  16.0  20.4   12:04  11.2   05:11   2.6   0.3   0.2   1.4  16.1   13:12    SW
19  18.4  25.3   17:38  11.6   05:30   1.8   1.9   0.0   1.1  16.1   12:29    SE
20  21.8  29.1   17:31  15.6   04:05   0.6   4.1   0.0   1.4  19.3   13:13   SSE
21  23.4  31.7   18:20  15.2   05:35   0.7   5.7   0.0   1.8  22.5   12:03     S
22  21.7  28.3   14:47  16.7   23:59   0.2   3.5   8.0   1.6  20.9   18:45   SSE
23  21.3  28.8   15:24  15.3   02:21   0.6   3.6   0.2   2.1  22.5   14:41     S
24  19.9  24.4   16:04  16.7   23:53   0.2   1.8  23.8   3.0  29.0   05:33    SW
25  18.7  24.9   19:03  15.6   23:59   1.1   1.5   6.4   1.4  14.5   12:06   SSW
26  20.3  28.1   18:03  12.9   05:43   1.5   3.5   0.2   1.7  20.9   11:00   SSW
27  22.1  28.3   15:30  15.2   06:07   0.5   4.3   0.0   1.9  20.9   13:04     S
28  25.3  33.7   16:26  16.8   03:15   0.2   7.2   0.0   1.7  19.3   11:17     S
29  24.3  30.6   15:50  18.3   05:17   0.0   6.0   3.2   1.1  20.9   14:52    SE
30  24.0  30.5   17:45  18.4   06:05   0.0   5.7   2.4   0.8  19.3   12:55   SSE
31  23.9  31.1   13:38  19.1   05:29   0.0   5.6   0.4   0.8  14.5   11:30   SSE
----------------------------------------------------------------------------------
    20.3  33.7    28     9.1    13    39.2 102.1 172.4   2.0  49.9     6       S

Max >=  30.0  8
Max <=   0.0  0
Min <=   0.0  0
Min <= -10.0  0
Max Rain: 34.8 on day 6
Days of Rain: 20 (>= 0.2 mm)  12 (>= 2.0 mm)  4 (>= 20.0 mm)
Heat Base: 18.3  Cool Base: 18.3  Method: Integration