NOAA-Style klimatska poročila


Poročilo za 2020 Junij
                   Monthly Climatological Summary for Jun 2020

Name: Bezina   City: Slovenske Konjice   State: SI
Elevation: 344 m  Lat: N 46 21 00   Lon: E 015 25 00

                  Temperature (°C), Rain (mm), Wind Speed (km/h)

                                      Heat  Cool        Avg
    Mean                              Deg   Deg         Wind                 Dom
Day Temp  High   Time   Low    Time   Days  Days  Rain  Speed High   Time    Dir
----------------------------------------------------------------------------------
01  16.1  22.4   19:18  10.7   01:13   3.1   0.9   0.4   2.9  24.1   10:02     N
02  16.6  23.2   15:58  10.6   01:46   2.7   1.0   0.0   2.3  17.7   11:58    SE
03  17.4  27.1   16:10   9.9   04:05   3.1   2.2  10.6   4.3  32.2   11:14    SW
04  16.4  21.8   11:59  11.8   02:50   2.3   0.4   1.0   7.4  48.3   10:12    SW
05  14.9  17.6   11:22  12.5   23:26   3.4   0.0  10.6   2.1  24.1   11:44   WSW
06  16.6  24.6   17:21  10.6   04:01   2.9   1.2   0.0   1.6  14.5   11:12    SE
07  19.7  26.2   16:57  12.6   06:09   1.5   2.8   0.2   5.4  33.8   16:36   SSW
08  14.6  17.9   00:58  12.4   07:26   3.7   0.0  16.8   1.9  19.3   03:13     S
09  14.9  18.1   17:34  12.2   23:57   3.4   0.0   5.4   1.3  14.5   13:21   SSE
10  16.4  22.7   16:53  10.2   05:20   2.9   1.0   0.2   3.9  35.4   11:53   SSW
11  18.0  24.1   16:08  10.9   06:11   2.1   1.7   0.0   4.9  29.0   16:33   SSW
12  20.7  27.0   15:28  14.3   01:40   0.8   3.3   0.0   6.4  29.0   16:47    SW
13  22.5  28.9   16:48  16.2   04:48   0.3   4.5   0.0   5.4  30.6   01:01    SW
14  20.0  26.3   11:30  15.1   23:49   0.6   2.2  21.0   4.8  29.0   03:35   WSW
15  17.4  18.1   18:09  15.1   00:00   0.9   0.0  10.4   1.6  14.5   03:04   WSW
16  18.2  22.2   11:26  15.4   00:13   1.0   0.9   3.2   2.1  17.7   09:59   NNW
17  18.9  24.3   18:09  15.5   00:00   0.6   1.1   0.0   4.3  24.1   11:08    SW
18  19.7  23.4   12:17  15.7   23:58   0.3   1.6  10.6   3.5  25.7   14:16   WSW
19  19.3  25.9   13:53  14.3   02:07   1.0   2.0   0.0   3.6  27.4   20:08   WSW
20  16.8  21.6   15:17  14.4   07:43   2.0   0.5   5.0   1.5  19.3   05:34    SW
21  16.5  20.6   16:21  13.2   05:05   2.1   0.3   1.6   1.4  20.9   20:23     S
22  20.7  27.2   16:58  13.9   05:37   0.9   3.3   0.2   3.2  32.2   15:13     N
23  21.3  27.8   16:46  13.6   23:58   0.6   3.6   0.0   3.2  27.4   12:27   NNE
24  18.7  24.8   16:15  10.9   05:28   2.0   2.4   0.0   1.6  17.7   11:46   SSE
25  16.3  19.8   17:00  14.2   05:22   2.2   0.1  22.4   0.8  19.3   22:14     S
26  20.5  28.2   17:38  13.3   05:08   1.3   3.5   0.2   3.9  38.6   16:10   SSW
27  24.2  30.6   15:30  16.8   05:17   0.1   6.0   0.0   4.1  33.8   15:41    SW
28  24.4  31.3   15:57  17.3   03:58   0.1   6.2   0.0   1.8  19.3   10:10   SSE
29  21.5  30.8   14:32  15.1   23:55   0.5   3.7   7.4   3.5  29.0   13:43   SSW
30  19.7  26.9   17:46  14.2   03:22   1.2   2.6   0.0   0.9  17.7   17:25   SSE
----------------------------------------------------------------------------------
    18.6  31.3    28     9.9     3    49.6  59.0 127.2   3.2  48.3     4      SW

Max >=  30.0  3
Max <=   0.0  0
Min <=   0.0  0
Min <= -10.0  0
Max Rain: 22.4 on day 25
Days of Rain: 18 (>= 0.2 mm)  11 (>= 2.0 mm)  2 (>= 20.0 mm)
Heat Base: 18.3  Cool Base: 18.3  Method: Integration