NOAA-Style klimatska poročila


Poročilo za 2020 Maj
                   Monthly Climatological Summary for May 2020

Name: Bezina   City: Slovenske Konjice   State: SI
Elevation: 344 m  Lat: N 46 21 00   Lon: E 015 25 00

                  Temperature (°C), Rain (mm), Wind Speed (km/h)

                                      Heat  Cool        Avg
    Mean                              Deg   Deg         Wind                 Dom
Day Temp  High   Time   Low    Time   Days  Days  Rain  Speed High   Time    Dir
----------------------------------------------------------------------------------
01  13.7  18.2   14:41  10.4   07:59   4.6   0.0  10.0   3.1  30.6   17:16     S
02  13.2  19.2   13:32   8.9   22:29   5.2   0.0   2.8   1.5  17.7   12:30   SSE
03  11.3  18.0   17:27   5.7   23:58   7.0   0.0   3.6   2.4  24.1   12:11    NW
04  12.1  20.3   17:03   3.8   06:30   6.3   0.2   0.0   2.6  27.4   09:58     S
05  13.3  17.5   12:55   8.7   23:08   5.0   0.0   2.2   2.4  20.9   05:37     S
06  10.5  17.7   16:54   4.7   06:42   7.8   0.0   0.0   2.4  22.5   14:32   ESE
07  12.9  22.1   16:52   2.9   04:15   6.2   0.7   0.0   2.4  24.1   12:53   SSE
08  16.7  26.5   15:53   5.9   05:49   3.9   2.4   0.0   4.2  29.0   12:15    SW
09  20.8  27.2   16:52  15.7   05:50   0.6   3.1   0.0   5.7  24.1   04:34    SW
10  19.2  24.6   14:44  15.4   05:23   0.9   1.8   0.0   8.5  46.7   15:40    SW
11  16.7  19.9   16:33  14.1   12:31   1.7   0.1   0.2  10.2  51.5   13:56    SW
12   9.0  15.9   00:01   6.0   08:52   9.3   0.0   9.8   2.7  30.6   05:49   SSE
13  13.9  20.7   17:57   6.9   03:18   4.8   0.4   0.6   4.9  35.4   13:54    SW
14  17.5  22.7   11:38  13.3   23:51   1.4   0.6   0.0   5.7  35.4   04:34     S
15  12.9  19.7   15:50   9.6   23:51   5.4   0.0   3.6   3.3  20.9   14:37     S
16  11.8  15.3   13:09   8.8   04:53   6.5   0.0   0.6   1.6  19.3   16:10     S
17  14.3  19.7   14:48  10.6   05:40   4.1   0.1   2.8   1.4  17.7   14:12   SSE
18  16.4  23.3   15:20   8.5   05:38   3.3   1.4   0.0   1.8  17.7   10:55    SE
19  14.6  16.5   10:36  12.9   05:38   3.7   0.0   3.8   0.9  11.3   09:57     E
20  15.7  20.3   18:36  11.3   23:59   2.8   0.3   1.6   2.6  25.7   19:28    NE
21  15.0  21.7   16:15   9.0   04:08   4.0   0.8   0.0   2.9  24.1   11:03   ENE
22  16.1  24.5   17:21   7.8   04:41   3.6   1.4   0.0   2.9  22.5   13:34     S
23  19.7  25.9   16:49  14.2   05:43   1.1   2.5   1.0   4.3  30.6   20:39    SW
24  15.0  19.1   14:45   9.7   23:59   3.3   0.1  10.2   2.7  22.5   09:25   SSE
25  14.2  20.2   12:49   8.9   00:43   4.2   0.1   1.2   2.7  29.0   13:55     E
26  12.8  18.8   14:17   8.5   05:57   5.5   0.0   0.8   3.6  30.6   13:33   NNE
27  14.2  21.6   16:42   6.2   05:39   4.7   0.6   0.0   3.4  30.6   09:25   NNE
28  13.4  20.1   12:12   7.2   03:14   5.0   0.1   3.0   3.3  38.6   17:50     W
29  12.7  18.1   15:43   6.6   03:09   5.6   0.0   0.2   2.0  22.5   10:53   ENE
30  12.4  16.4   10:24   6.2   23:54   5.9   0.0   0.0   1.8  17.7   09:30   SSE
31  12.1  18.2   12:22   5.9   00:11   6.2   0.0   0.2   3.2  22.5   09:50    SW
----------------------------------------------------------------------------------
    14.3  27.2     9     2.9     7   139.6  16.7  58.2   3.3  51.5    11       S

Max >=  30.0  0
Max <=   0.0  0
Min <=   0.0  0
Min <= -10.0  0
Max Rain: 10.2 on day 24
Days of Rain: 19 (>= 0.2 mm)  10 (>= 2.0 mm)  0 (>= 20.0 mm)
Heat Base: 18.3  Cool Base: 18.3  Method: Integration