NOAA-Style klimatska poročila


Poročilo za 2020 April
                   Monthly Climatological Summary for Apr 2020

Name: Bezina   City: Slovenske Konjice   State: SI
Elevation: 344 m  Lat: N 46 21 00   Lon: E 015 25 00

                  Temperature (°C), Rain (mm), Wind Speed (km/h)

                                      Heat  Cool        Avg
    Mean                              Deg   Deg         Wind                 Dom
Day Temp  High   Time   Low    Time   Days  Days  Rain  Speed High   Time    Dir
----------------------------------------------------------------------------------
01   2.4   8.8   16:20  -3.7   07:02  15.9   0.0   0.0   1.6  29.0   12:02    SE
02   3.8  12.4   16:25  -4.2   05:31  14.5   0.0   0.0   1.2  25.7   13:58   SSE
03   6.5  16.4   17:27  -2.6   06:26  11.8   0.0   0.0   0.4  22.5   13:14    SE
04   7.7  14.5   17:43   0.7   06:53  10.6   0.0   0.0   1.7  27.4   14:42   ENE
05   8.5  17.2   16:40  -0.2   06:47   9.8   0.0   0.0   2.0  35.4   14:58   ENE
06   9.8  18.6   15:43   1.2   07:00   8.5   0.0   0.0   2.0  24.1   15:13   ENE
07   8.7  18.7   16:42  -0.7   06:11   9.6   0.0   0.0   1.4  22.5   12:31     E
08   9.9  20.4   17:19  -0.1   06:57   8.7   0.3   0.0   0.8  22.5   12:37   SSE
09  13.1  23.5   15:57   2.2   04:42   6.4   1.2   0.0   1.7  19.3   09:36   SSW
10  13.6  23.2   15:44   4.7   06:45   5.7   1.1   0.0   1.2  22.5   14:47    SE
11  14.2  22.8   15:42   5.6   06:53   5.0   1.0   0.0   1.3  20.9   12:26    SE
12  15.2  24.9   15:41   4.9   06:11   4.9   1.8   0.0   3.4  27.4   12:51   SSW
13  18.0  24.2   15:10  10.7   00:08   1.5   1.3   0.0   7.3  43.5   17:12   WSW
14   6.3  15.8   00:00  -0.2   23:57  12.0   0.0   9.8   2.3  22.5   14:21    SE
15   6.5  15.9   16:54  -1.7   05:23  11.8   0.0   0.2   2.2  25.7   11:51     S
16  13.6  24.0   16:11   2.5   01:57   5.9   1.2   0.0   4.8  40.2   22:28    SW
17  17.3  26.1   15:45   5.6   06:17   3.4   2.4   0.0   3.6  27.4   15:51   SSW
18  14.3  16.2   20:37  13.8   23:55   0.5   0.0   0.0   2.4   4.8   21:50     S
19  16.3  24.1   14:24  10.7   23:57   3.0   1.0   9.2   3.1  27.4   13:51    SE
20  10.2  15.2   15:27   6.7   23:25   8.1   0.0   2.8   1.3  22.5   16:04   ENE
21   9.5  16.0   17:01   4.1   06:12   8.8   0.0   0.0   2.5  27.4   13:58   ENE
22   9.6  17.6   17:14   1.8   06:08   8.7   0.0   0.0   2.3  24.1   14:10     E
23  10.6  19.0   17:25   1.7   06:21   7.8   0.1   0.0   2.4  25.7   13:11   ESE
24  14.4  23.2   15:32   4.6   02:32   5.0   1.1   0.0   4.0  29.0   11:08   SSW
25  17.4  24.9   16:51  10.0   23:59   2.3   1.4   0.8   5.2  30.6   12:47    SW
26  12.8  19.7   17:06   7.3   06:06   5.7   0.1   0.2   1.9  19.3   10:57    SE
27  14.9  23.4   16:57   6.9   04:57   4.6   1.1   0.0   3.7  32.2   17:57   SSW
28  16.6  21.8   12:26   9.1   00:49   2.3   0.6   0.0   7.6  53.1   14:03    SW
29  14.3  20.8   12:38  10.9   23:33   4.2   0.2  16.0   4.7  33.8   09:28    SW
30  15.1  20.9   15:57  10.2   04:32   3.5   0.3   0.8   4.3  30.6   13:12   SSW
----------------------------------------------------------------------------------
    11.7  26.1    17    -4.2     2   210.5  16.2  39.8   2.8  53.1    28       S

Max >=  30.0  0
Max <=   0.0  0
Min <=   0.0  8
Min <= -10.0  0
Max Rain: 16.0 on day 29
Days of Rain: 8 (>= 0.2 mm)  4 (>= 2.0 mm)  0 (>= 20.0 mm)
Heat Base: 18.3  Cool Base: 18.3  Method: Integration