NOAA-Style klimatska poročila


Poročilo za 2020 Marec
                   Monthly Climatological Summary for Mar 2020

Name: Bezina   City: Slovenske Konjice   State: SI
Elevation: 344 m  Lat: N 46 21 00   Lon: E 015 25 00

                  Temperature (°C), Rain (mm), Wind Speed (km/h)

                                      Heat  Cool        Avg
    Mean                              Deg   Deg         Wind                 Dom
Day Temp  High   Time   Low    Time   Days  Days  Rain  Speed High   Time    Dir
----------------------------------------------------------------------------------
01   9.5  11.8   13:14   7.8   23:33   8.8   0.0   9.8   4.6  53.1   00:03    SW
02   9.3  14.2   13:36   5.5   08:02   9.0   0.0   0.8   5.3  37.0   02:08    SW
03   9.0  12.9   10:41   4.7   23:26   9.3   0.0   3.2   3.6  29.0   14:45   WSW
04   5.6   9.6   12:24   0.2   23:58  12.7   0.0   0.2   0.6  14.5   12:24   SSW
05   5.4  11.4   14:11  -2.0   05:20  12.9   0.0   0.0   5.5  40.2   22:50    SW
06   5.5   7.1   00:19   4.5   07:47  12.8   0.0   4.2   0.6  41.8   00:10   WSW
07   6.6  12.1   15:57   1.7   23:32  11.7   0.0   0.6   0.6  14.5   11:44   SSE
08   3.8  10.9   14:00  -1.1   04:51  14.5   0.0   0.0   1.7  20.9   12:32   SSE
09   6.3  12.8   14:42   0.1   00:38  12.0   0.0   0.0   1.0  16.1   10:13     S
10   8.0  13.7   14:19   2.3   04:49  10.3   0.0   0.0   2.7  30.6   13:42   SSW
11  13.6  21.6   15:58   8.6   03:13   5.2   0.5   0.0   6.5  33.8   04:23   WSW
12  13.7  19.4   15:07   6.8   01:55   4.7   0.1   0.0   9.8  38.6   22:19   WSW
13   8.8  11.2   00:00   5.1   23:25   9.5   0.0   0.0   3.3  33.8   03:09   WSW
14   6.9  11.8   11:42   2.1   06:03  11.4   0.0   0.0   1.5  20.9   13:10     E
15   4.5  10.2   15:52  -1.8   23:57  13.8   0.0   0.0   2.0  20.9   09:54   ESE
16   5.2  15.2   15:52  -3.2   06:16  13.1   0.0   0.0   2.2  20.9   13:14     S
17   9.9  20.1   15:04  -0.3   05:51   8.5   0.2   0.0   1.5  14.5   14:37    SE
18  11.1  18.9   14:47   5.4   06:48   7.2   0.0   0.0   1.2  16.1   15:59   ESE
19  11.6  21.6   15:58   3.2   05:09   7.2   0.5   0.0   2.3  25.7   12:13   SSW
20  12.9  22.4   15:33   3.3   06:04   6.2   0.8   0.0   2.9  24.1   12:00   SSW
21  10.3  15.1   13:44   2.9   23:58   8.0   0.0   1.8   4.5  27.4   17:58   ESE
22   3.0   7.4   13:49  -0.3   23:26  15.3   0.0   1.2   5.0  32.2   16:53    NE
23   1.2   4.2   15:18  -2.1   05:18  17.1   0.0   0.0   8.3  41.8   23:16     N
24   1.2   3.6   15:43  -1.1   06:34  17.1   0.0   0.0   5.8  40.2   01:13   NNE
25   0.1   1.7   00:25  -1.2   04:24  18.2   0.0   2.0   3.6  29.0   17:34   ENE
26   2.5   5.4   17:25  -0.1   01:54  15.8   0.0   2.8   2.7  27.4   09:57     E
27   8.0  14.2   15:53   2.9   00:00  10.3   0.0   0.2   2.8  30.6   08:41   ENE
28  10.8  17.4   15:18   6.6   02:22   7.5   0.0   0.0   2.1  20.9   04:26     W
29  11.3  16.9   14:42   6.9   04:29   6.7   0.0   0.0   2.3  24.1   15:34    NW
30   3.8   8.7   00:20   1.5   23:37  14.5   0.0   7.4   1.8  22.5   00:50   ENE
31   2.3   7.1   15:09  -3.8   06:54  16.0   0.0   0.0   1.8  27.4   12:47    NE
----------------------------------------------------------------------------------
     7.2  22.4    20    -3.8    31   347.3   2.1  34.2   3.2  53.1     1     SSW

Max >=  30.0  0
Max <=   0.0  0
Min <=   0.0 11
Min <= -10.0  0
Max Rain: 9.8 on day 1
Days of Rain: 12 (>= 0.2 mm)  6 (>= 2.0 mm)  0 (>= 20.0 mm)
Heat Base: 18.3  Cool Base: 18.3  Method: Integration