NOAA-Style klimatska poročila


Poročilo za 2020 Februar
                   Monthly Climatological Summary for Feb 2020

Name: Bezina   City: Slovenske Konjice   State: SI
Elevation: 344 m  Lat: N 46 21 00   Lon: E 015 25 00

                  Temperature (°C), Rain (mm), Wind Speed (km/h)

                                      Heat  Cool        Avg
    Mean                              Deg   Deg         Wind                 Dom
Day Temp  High   Time   Low    Time   Days  Days  Rain  Speed High   Time    Dir
----------------------------------------------------------------------------------
01  11.5  14.7   14:08   9.3   00:28   6.8   0.0   0.0   9.6  49.9   13:46    SW
02  11.1  13.4   13:37   9.3   05:43   7.2   0.0   0.0   8.1  43.5   16:40   WSW
03  11.2  15.3   14:23   8.7   08:22   7.1   0.0   0.0   3.0  29.0   00:03     W
04   8.3  13.2   09:42   3.1   18:34  10.0   0.0   4.4   4.6  49.9   07:37    SW
05   4.4   7.2   11:57  -0.3   04:09  13.9   0.0   0.0   8.8  54.7   16:44     N
06   2.4   9.2   15:19  -3.1   07:44  15.9   0.0   0.0   1.7  37.0   01:04     S
07   0.7   8.8   15:07  -4.5   06:51  17.6   0.0   0.0   0.6  14.5   12:19   SSE
08   1.4   9.8   14:51  -3.8   07:22  16.9   0.0   0.0   2.0  24.1   13:20     S
09   6.3  10.7   15:04  -2.8   00:57  12.0   0.0   0.0   8.8  61.2   20:47    SW
10   9.6  11.8   12:39   5.3   23:59   8.7   0.0   1.6  14.9  85.3   09:25    SW
11   7.6  12.2   14:58   4.3   22:44  10.6   0.0   0.4   0.2  17.7   07:13     S
12   3.2   9.9   13:04  -0.6   07:01  15.1   0.0   0.0   0.4  24.1   14:22   SSW
13   5.1  11.7   14:17  -2.8   07:00  13.2   0.0   0.2   3.8  54.7   23:44    SW
14   8.0  13.2   15:02   1.5   22:36   7.6   0.0   0.0   1.3  33.8   00:50   SSW
15   5.0  12.5   14:14  -1.2   07:09  13.3   0.0   0.0   1.3  29.0   11:42     S
16   6.7  14.4   14:31  -1.5   07:21  11.6   0.0   0.2   4.9  33.8   23:51   WSW
17  10.4  13.5   14:30   8.3   01:35   7.9   0.0   0.0  10.4  45.1   13:12    SW
18   8.8  11.8   14:42   2.7   23:49   9.5   0.0   0.0   2.0  27.4   02:12    SW
19   6.8  11.2   12:51   2.7   00:00  11.5   0.0   0.4   2.0  30.6   12:16     S
20   4.0  11.3   13:53  -2.3   07:27  14.3   0.0   0.0   1.7  29.0   11:29     S
21   5.8  13.2   13:00  -1.4   23:59  12.5   0.0   0.0   1.9  32.2   13:27    NW
22   7.0  13.5   14:44  -1.9   01:57  11.3   0.0   0.0   5.0  32.2   19:53    SW
23  10.0  12.9   16:28   8.0   05:44   8.3   0.0   0.0   9.9  49.9   19:59   WSW
24   8.3  10.7   11:57   2.8   21:39  10.0   0.0   0.0   5.4  49.9   00:07   WSW
25  10.4  13.3   12:06   4.8   00:30   7.9   0.0   0.0   8.4  53.1   15:42    SW
26   4.2  10.2   00:00   0.4   20:51  14.1   0.0  26.0   1.7  19.3   04:50   SSW
27   4.0   8.7   14:59  -1.9   04:48  14.3   0.0  11.6   6.4  41.8   22:40   SSW
28   5.4  10.4   14:20  -2.2   23:35  12.9   0.0   0.0   4.1  37.0   00:03   WSW
29   5.7  11.9   14:19  -2.6   02:18  12.6   0.0   0.0  10.4  70.8   23:32    SW
----------------------------------------------------------------------------------
     6.7  15.3     3    -4.5     7   334.6   0.0  44.8   5.0  85.3    10      SW

Max >=  30.0  0
Max <=   0.0  0
Min <=   0.0 15
Min <= -10.0  0
Max Rain: 26.0 on day 26
Days of Rain: 8 (>= 0.2 mm)  3 (>= 2.0 mm)  1 (>= 20.0 mm)
Heat Base: 18.3  Cool Base: 18.3  Method: Integration