NOAA-Style klimatska poročila


Poročilo za 2020 Januar
                   Monthly Climatological Summary for Jan 2020

Name: Bezina   City: Slovenske Konjice   State: SI
Elevation: 344 m  Lat: N 46 21 00   Lon: E 015 25 00

                  Temperature (°C), Rain (mm), Wind Speed (km/h)

                                      Heat  Cool        Avg
    Mean                              Deg   Deg         Wind                 Dom
Day Temp  High   Time   Low    Time   Days  Days  Rain  Speed High   Time    Dir
----------------------------------------------------------------------------------
01  -0.1   7.3   14:07  -3.8   07:52  18.4   0.0   0.2   0.4  16.1   12:37   SSW
02   0.5  11.0   14:20  -4.7   07:51  17.8   0.0   0.0   0.6  17.7   11:15     S
03   0.5   5.8   14:20  -3.1   04:34  17.8   0.0   0.0   0.3  16.1   06:14    SW
04   2.3  10.4   13:24  -2.7   06:58  16.0   0.0   0.2   0.4  25.7   23:46   SSE
05   2.6   7.7   14:21  -3.9   23:44  15.7   0.0   0.0   2.3  22.5   03:50     W
06  -1.9   4.9   13:59  -5.7   07:12  20.2   0.0   0.0   0.6  16.1   13:52     S
07  -2.0   5.8   14:32  -6.1   06:34  20.3   0.0   0.0   0.0   6.4   09:43     N
08  -0.6   7.6   13:55  -5.6   07:14  18.9   0.0   0.2   1.2  25.7   11:51    SW
09   4.2  10.1   13:18  -3.2   00:28  14.1   0.0   0.0   1.9  30.6   21:29   WSW
10   5.3  11.5   14:25  -1.8   23:16  13.0   0.0   0.0   1.8  27.4   01:01   WSW
11   2.9  10.3   13:48  -2.8   03:37  15.4   0.0   0.0   0.1  12.9   13:13     E
12   1.7   8.6   15:35  -3.3   23:56  16.6   0.0   0.0   0.2  19.3   11:23   SSW
13   0.1   8.3   14:00  -5.3   07:41  18.2   0.0   0.2   0.3  22.5   22:47    SW
14   1.9   9.1   14:22  -4.2   08:13  16.4   0.0   0.0   2.1  32.2   10:49    SW
15   2.5  10.8   13:56  -5.3   07:25  15.8   0.0   0.0   2.8  40.2   15:36    SW
16   1.4   7.7   14:47  -2.5   08:13  16.9   0.0   0.0   0.1   8.0   01:06   SSE
17   0.6   3.4   14:00  -1.7   03:31  17.7   0.0   0.2   0.0   8.0   12:30   NNE
18  -0.1   0.2   00:32  -0.3   15:43  18.4   0.0   0.0   0.2   8.0   08:10   ENE
19   1.2   6.0   14:44  -2.7   23:36  17.1   0.0   0.4   0.3  14.5   11:48   SSE
20   0.8   3.5   13:49  -3.1   02:00  17.5   0.0   0.2   0.3  11.3   12:47   SSE
21   0.0   7.3   15:42  -4.2   23:43  18.3   0.0   0.0   0.6  17.7   13:36    SW
22  -2.4   2.4   13:46  -5.0   07:43  20.7   0.0   0.2   0.4  14.5   11:48    SE
23  -1.7   4.8   15:49  -5.4   01:57  20.0   0.0   0.0   0.3  16.1   13:55     S
24  -1.1   6.8   23:26  -6.3   06:36  19.4   0.0   0.2   1.0  24.1   21:29    SW
25   3.4   9.6   10:43  -1.8   20:07  14.9   0.0   0.0   1.2  20.9   06:11    SW
26  -0.5   1.4   14:32  -2.0   03:55  18.8   0.0   0.0   0.0   8.0   14:35    SE
27   0.7   3.7   23:42  -0.9   20:23  17.6   0.0   0.2   0.1  12.9   21:43   SSE
28   7.5  10.9   12:26   2.3   23:05  10.8   0.0  22.2   6.6  66.0   04:31    SW
29   3.5   9.9   15:29  -0.6   20:11  14.8   0.0   2.6   1.1  25.7   12:19   WSW
30   5.7  10.7   14:52  -1.4   07:55  12.6   0.0   0.0   4.1  32.2   23:35   WSW
31  10.2  13.8   15:04   8.3   00:24   8.1   0.0   0.0   9.9  37.0   06:35   WSW
----------------------------------------------------------------------------------
     1.6  13.8    31    -6.3    24   518.2   0.0  27.0   1.3  66.0    28      SW

Max >=  30.0  0
Max <=   0.0  0
Min <=   0.0 29
Min <= -10.0  0
Max Rain: 22.2 on day 28
Days of Rain: 12 (>= 0.2 mm)  2 (>= 2.0 mm)  1 (>= 20.0 mm)
Heat Base: 18.3  Cool Base: 18.3  Method: Integration