NOAA-Style klimatska poročila


Poročilo za 2019 December
                   Monthly Climatological Summary for Dec 2019

Name: Bezina   City: Slovenske Konjice   State: SI
Elevation: 344 m  Lat: N 46 21 00   Lon: E 015 25 00

                  Temperature (°C), Rain (mm), Wind Speed (km/h)

                                      Heat  Cool        Avg
    Mean                              Deg   Deg         Wind                 Dom
Day Temp  High   Time   Low    Time   Days  Days  Rain  Speed High   Time    Dir
----------------------------------------------------------------------------------
01   1.7   4.6   17:21  -2.3   07:30  16.6   0.0   0.0   0.1  14.5   17:37   SSE
02   2.7   3.4   00:27   2.3   17:29  15.6   0.0  19.4   0.1   9.7   15:43    SE
03   1.3   7.2   13:13  -2.2   23:58  17.0   0.0   0.0   0.3  14.5   13:34     S
04  -0.6   4.7   12:04  -3.3   07:51  18.9   0.0   0.2   0.6  12.9   14:30   ENE
05  -1.5   1.4   14:38  -4.6   23:52  19.8   0.0   0.0   0.5  17.7   09:06   SSE
06  -1.5   8.7   15:12  -5.1   03:31  19.8   0.0   0.0   0.1  12.9   15:23     E
07  -1.0   2.9   14:31  -2.7   07:26  19.3   0.0   0.2   0.0   4.8   07:52     N
08   5.0  10.4   13:13  -2.6   01:36  13.3   0.0   0.2   4.1  38.6   18:38   WSW
09   7.0  10.7   13:43   3.6   23:48  11.3   0.0  11.0   1.3  22.5   01:00   WSW
10   3.2   7.7   13:36  -1.8   22:59  15.1   0.0   0.0   0.5  27.4   15:23     N
11  -1.4   4.7   14:07  -5.3   07:44  19.7   0.0   0.2   0.3  11.3   12:04     S
12  -1.6   0.6   14:35  -5.1   03:08  19.9   0.0   0.0   0.0   3.2   09:36     N
13   1.0   4.2   11:06  -1.6   06:29  17.3   0.0   2.4   1.1  32.2   11:34   SSW
14   2.1   7.4   14:13  -1.0   21:57  16.2   0.0  15.2   1.2  24.1   10:09   WSW
15   7.4  11.3   23:56  -0.4   00:37  10.9   0.0   0.2   5.7  43.5   18:06     W
16  12.2  13.6   22:46   9.7   04:56   6.1   0.0   0.0   9.2  59.5   16:47    SW
17  14.4  16.7   11:59  12.9   01:53   3.9   0.0   0.0  11.2  54.7   09:59    SW
18  13.9  16.3   12:44  11.2   04:34   4.4   0.0   0.0   5.2  32.2   12:30    SW
19  12.4  15.5   12:41   9.2   23:59   5.9   0.0   0.0   1.3  16.1   02:01   SSW
20  10.1  13.5   14:23   5.4   04:48   8.2   0.0   2.2   6.2  46.7   15:45    SW
21  10.5  12.6   04:44   8.2   23:56   7.8   0.0  24.8   2.5  25.7   01:50    SW
22   6.3   8.8   05:46   4.6   03:11  12.0   0.0  23.6   0.6  32.2   16:29    SW
23   7.5  11.0   14:48   4.3   22:19  10.8   0.0   0.0   3.0  25.7   11:44   WSW
24   5.7  12.8   12:24   0.7   08:04  12.6   0.0   0.0   0.8  22.5   22:41    SW
25   7.0  12.7   13:49   1.7   03:54  11.3   0.0   0.0   3.2  33.8   11:37    SW
26   2.8  10.2   12:50  -1.3   07:58  15.5   0.0   0.2   0.4  14.5   14:30    SE
27   2.3   5.4   13:35  -0.2   23:57  16.0   0.0   0.2   0.1   9.7   14:59     E
28   0.3   4.7   13:30  -4.4   23:57  18.0   0.0   0.0   0.8  24.1   10:51    NE
29  -2.6   3.2   13:36  -6.3   06:59  20.9   0.0   0.0   0.5  17.7   13:36   ESE
30  -2.0   5.0   14:09  -7.2   07:46  20.3   0.0   0.2   0.1   9.7   12:31    SE
31   2.6  13.7   14:19  -2.8   03:31  15.7   0.0   0.0   1.0  17.7   10:36     W
----------------------------------------------------------------------------------
     4.1  16.7    17    -7.2    30   440.1   0.0 100.2   2.0  59.5    16      SW

Max >=  30.0  0
Max <=   0.0  0
Min <=   0.0 19
Min <= -10.0  0
Max Rain: 24.8 on day 21
Days of Rain: 15 (>= 0.2 mm)  7 (>= 2.0 mm)  2 (>= 20.0 mm)
Heat Base: 18.3  Cool Base: 18.3  Method: Integration