NOAA-Style klimatska poročila


Poročilo za 2019 November
                   Monthly Climatological Summary for Nov 2019

Name: Bezina   City: Slovenske Konjice   State: SI
Elevation: 344 m  Lat: N 46 21 00   Lon: E 015 25 00

                  Temperature (°C), Rain (mm), Wind Speed (km/h)

                                      Heat  Cool        Avg
    Mean                              Deg   Deg         Wind                 Dom
Day Temp  High   Time   Low    Time   Days  Days  Rain  Speed High   Time    Dir
----------------------------------------------------------------------------------
01   6.3   8.7   12:14   3.6   07:49  12.0   0.0   0.0   0.5  12.9   10:59   SSW
02  11.3  13.7   21:30   6.0   00:00   7.0   0.0   0.2   5.3  32.2   10:22   WSW
03  14.8  17.0   15:30  12.3   03:15   3.5   0.0   5.0   3.1  33.8   22:49   SSW
04  12.6  15.2   00:36   9.5   19:08   5.7   0.0   1.6   2.7  32.2   21:55    SW
05  12.3  16.2   12:06   8.7   23:48   6.0   0.0  30.8   2.5  29.0   00:50   SSW
06   9.6  11.7   14:46   8.2   03:38   8.7   0.0  12.6   0.2  14.5   00:24     S
07   8.4  13.7   14:42   4.0   23:18   9.9   0.0   0.2   1.8  20.9   12:54   SSW
08   5.9   8.8   11:52   2.4   04:19  12.4   0.0   2.8   1.3  14.5   11:20   SSE
09   9.0  12.8   13:06   6.0   19:22   9.3   0.0   5.0   1.7  29.0   13:14   SSW
10   6.3   9.7   14:52   1.4   23:56  12.0   0.0   0.0   0.5  11.3   13:12   SSE
11   5.3   8.8   12:52   0.2   04:22  13.0   0.0   0.0   1.4  22.5   11:36     S
12   7.0   7.5   18:48   6.4   03:44  11.3   0.0  18.4   0.9  11.3   22:57   SSE
13   6.1   7.2   14:17   4.3   21:04  12.2   0.0  20.8   1.5  25.7   16:19    SW
14   5.7   8.0   12:51   3.3   03:23  12.6   0.0   0.0   0.5   8.0   11:16    SW
15   7.8   9.8   15:03   6.3   00:00  10.5   0.0   0.8   0.7   9.7   11:52   NNE
16   9.8  12.3   13:14   7.9   06:12   8.5   0.0  23.2   0.6  16.1   11:42   SSE
17  10.1  11.3   11:50   8.8   07:46   8.2   0.0   6.8   0.8  19.3   21:15    SE
18   9.1  12.7   12:18   5.2   23:35   9.2   0.0   5.8   4.7  41.8   12:11    SW
19   8.2  14.2   13:36   4.9   06:18  10.1   0.0   0.2   0.2   9.7   12:53   SSE
20   7.2   8.5   12:29   4.5   02:41  11.1   0.0  13.2   0.2  11.3   03:50     S
21   9.0  13.1   14:03   5.6   23:57   9.3   0.0   0.6   1.5  22.5   13:38    SW
22   8.6  14.3   13:19   4.3   07:10   9.7   0.0   0.2   1.2  20.9   12:08   SSW
23   8.2  10.3   14:27   4.6   23:31  10.1   0.0   0.4   0.1   6.4   11:58    SE
24   5.4   6.0   14:02   4.9   00:00  12.9   0.0   0.2   0.2   8.0   11:34   SSE
25   5.0   5.5   15:58   4.2   07:57  13.3   0.0   0.4   0.3   8.0   07:48     E
26   5.5   6.8   14:12   4.3   00:00  12.8   0.0   0.2   0.2   9.7   22:29    SE
27   9.7  12.8   15:24   5.4   02:45   8.6   0.0   0.2   4.8  43.5   13:34    SW
28  10.2  14.1   13:44   7.6   18:44   8.1   0.0   2.6   0.6  17.7   14:26    SW
29   9.7  13.2   12:50   5.9   05:22   8.6   0.0   0.0   3.3  27.4   11:51   WSW
30   4.8   8.9   15:18  -1.1   23:51  13.5   0.0   0.0   0.3  14.5   12:02   SSE
----------------------------------------------------------------------------------
     8.3  17.0     3    -1.1    30   300.1   0.0 152.2   1.5  43.5    27     SSW

Max >=  30.0  0
Max <=   0.0  0
Min <=   0.0  1
Min <= -10.0  0
Max Rain: 30.8 on day 5
Days of Rain: 24 (>= 0.2 mm)  12 (>= 2.0 mm)  3 (>= 20.0 mm)
Heat Base: 18.3  Cool Base: 18.3  Method: Integration