NOAA-Style klimatska poročila


Poročilo za 2019 Avgust
                   Monthly Climatological Summary for Aug 2019

Name: Bezina   City: Slovenske Konjice   State: SI
Elevation: 344 m  Lat: N 46 21 00   Lon: E 015 25 00

                  Temperature (°C), Rain (mm), Wind Speed (km/h)

                                      Heat  Cool        Avg
    Mean                              Deg   Deg         Wind                 Dom
Day Temp  High   Time   Low    Time   Days  Days  Rain  Speed High   Time    Dir
----------------------------------------------------------------------------------
01  22.4  28.6   15:44  16.8   06:12   0.2   4.3   0.0   2.2  19.3   12:07    SE
02  20.0  23.2   12:24  17.6   23:31   0.0   1.8   4.2   1.4  20.9   13:11   NNE
03  19.8  25.4   14:40  15.9   23:58   0.5   2.1   2.8   3.0  20.9   02:32     W
04  19.5  25.9   16:36  14.7   01:43   1.3   2.5   0.0   1.8  16.1   11:15     S
05  21.1  29.3   17:50  13.3   03:55   1.4   4.2   0.0   2.9  20.9   13:00   SSW
06  24.5  30.2   14:43  19.7   03:00   0.0   6.3   0.0   4.0  20.9   09:38   SSW
07  25.3  29.8   15:48  20.5   05:52   0.0   7.0   0.0   6.6  30.6   14:26    SW
08  20.4  23.8   00:00  18.4   23:13   0.0   2.1   8.0   1.2  12.9   11:45   ENE
09  23.2  30.7   18:29  16.2   05:37   0.3   5.1   0.2   2.4  19.3   13:44   SSW
10  25.1  33.4   16:13  17.1   06:06   0.1   6.9   0.2   2.0  19.3   13:35   SSW
11  23.4  28.7   17:55  18.8   23:11   0.0   5.1   2.6   1.7  14.5   12:58   SSE
12  25.7  33.6   16:14  18.2   06:34   0.0   7.4   0.0   2.4  20.9   01:35     S
13  21.3  26.2   01:25  16.9   23:56   0.1   3.0  13.4   2.6  17.7   09:27   ESE
14  17.5  23.2   15:25  12.8   23:58   1.7   0.9  16.6   1.6  16.1   02:18    SE
15  17.7  24.9   15:56  10.3   06:05   2.8   2.2   0.2   2.6  20.9   12:01     S
16  18.2  23.3   18:35  13.5   23:57   1.1   1.1   1.0   1.7  17.7   02:36    SW
17  19.2  27.9   17:32  10.8   05:37   2.3   3.2   0.2   2.7  27.4   14:05   SSW
18  24.3  30.7   16:13  19.3   07:29   0.0   6.0   0.0   4.6  20.9   17:37    SW
19  25.1  30.4   16:42  19.9   23:57   0.0   6.8   0.0   3.6  27.4   07:40    SW
20  23.7  31.7   16:08  16.9   05:46   0.1   5.6   0.0   1.6  12.9   10:04   SSE
21  20.3  23.1   15:07  16.3   23:59   0.1   2.1   0.0   2.1  22.5   14:56   ESE
22  19.0  23.5   18:18  14.9   02:01   0.9   1.6   0.0   1.2  11.3   09:18    SE
23  20.4  25.7   17:22  16.4   04:48   0.3   2.4   4.0   1.1  14.5   12:20   ESE
----------------------------------------------------------------------------------
    21.6  33.6    12    10.3    15    13.2  89.7  53.4   2.5  30.6     7     SSW

Max >=  30.0  7
Max <=   0.0  0
Min <=   0.0  0
Min <= -10.0  0
Max Rain: 16.6 on day 14
Days of Rain: 12 (>= 0.2 mm)  7 (>= 2.0 mm)  0 (>= 20.0 mm)
Heat Base: 18.3  Cool Base: 18.3  Method: Integration