NOAA-Style klimatska poročila


Poročilo za 2019 Julij
                   Monthly Climatological Summary for Jul 2019

Name: Bezina   City: Slovenske Konjice   State: SI
Elevation: 344 m  Lat: N 46 21 00   Lon: E 015 25 00

                  Temperature (°C), Rain (mm), Wind Speed (km/h)

                                      Heat  Cool        Avg
    Mean                              Deg   Deg         Wind                 Dom
Day Temp  High   Time   Low    Time   Days  Days  Rain  Speed High   Time    Dir
----------------------------------------------------------------------------------
01  25.4  34.9   15:34  15.6   05:23   0.4   7.6   0.0   4.3  30.6   13:59    SW
02  22.3  30.8   14:09  16.9   05:14   0.2   4.2  10.8   2.8  24.1   14:40    NW
03  20.8  28.7   16:32  14.7   04:26   0.8   3.2   5.8   2.3  25.7   18:53    SE
04  19.9  25.0   17:35  16.3   23:57   0.6   2.2   0.2   2.7  19.3   11:45   SSE
05  22.0  29.3   15:42  13.7   05:23   1.0   4.7   0.0   2.3  19.3   14:59    SE
06  24.9  31.7   17:07  17.3   04:43   0.1   6.7   0.0   3.6  24.1   12:42   SSW
07  22.0  29.8   13:43  16.4   16:21   0.4   4.0  26.6   3.6  30.6   15:31   SSW
08  17.4  23.0   15:22  13.7   04:38   1.7   0.8   4.2   1.9  19.3   16:05   ESE
09  17.6  22.1   16:59  13.8   04:16   1.4   0.7   0.6   1.3  11.3   16:17     S
10  17.4  22.5   16:24  11.9   23:55   1.9   1.0   1.0   2.1  24.1   12:57   ESE
11  18.3  24.7   16:09  10.6   02:43   2.2   2.2   0.0   2.9  20.9   12:13     S
12  18.8  24.8   14:59  15.2   05:20   1.2   1.7  13.6   2.1  27.4   19:14     E
13  17.5  23.3   14:18  14.1   03:08   1.5   0.7   1.6   3.3  32.2   04:21   NNE
14  18.7  24.7   14:06  12.8   03:42   1.5   1.9   0.0   2.4  19.3   15:54    SW
15  18.5  24.5   17:49  12.7   06:15   1.9   2.1   0.0   2.5  22.5   10:40    NE
16  19.1  27.2   16:29  11.1   05:10   2.3   3.1   0.0   2.6  22.5   14:07   SSE
17  20.4  27.7   16:06  12.1   05:26   1.7   3.8   0.0   2.7  25.7   23:25   SSE
18  20.4  26.7   13:10  14.8   23:35   0.5   2.6  18.8   4.1  25.7   00:06     W
19  21.6  28.7   15:36  14.2   05:49   0.9   4.3   0.0   2.6  19.3   06:14     S
20  23.1  30.7   16:48  14.3   05:50   0.8   5.6   0.0   3.9  29.0   12:34    SW
21  24.4  30.8   13:22  19.7   23:57   0.0   6.1   1.8   4.3  25.7   08:47   WSW
22  23.2  29.6   16:23  16.5   05:15   0.2   5.1   0.0   1.4  12.9   10:49   ESE
23  24.4  31.9   15:39  16.3   06:11   0.3   6.4   0.0   1.9  17.7   12:08   SSE
24  24.9  32.2   16:30  17.6   06:04   0.0   6.7   0.0   1.8  19.3   11:58    SE
25  25.8  32.7   14:58  19.3   05:49   0.0   7.5   0.0   2.2  24.1   13:12   SSE
26  23.7  30.6   12:28  20.3   03:41   0.0   5.4   5.2   1.9  24.1   18:40   ENE
27  25.5  31.9   16:38  18.9   23:44   0.0   7.2   0.2   5.8  38.6   14:35    SW
28  18.4  19.7   00:26  17.4   06:17   0.1   0.3  37.6   1.3  32.2   00:23   SSE
29  21.0  27.2   17:57  18.1   04:00   0.0   2.8   2.4   1.0   9.7   16:59     S
30  23.7  30.2   15:52  16.7   03:58   0.2   5.5   2.2   2.5  17.7   08:29    SW
31  24.0  30.3   15:45  18.9   05:45   0.0   5.7   3.6   2.6  24.1   00:11    SW
----------------------------------------------------------------------------------
    21.5  34.9     1    10.6    11    23.8 121.8 136.2   2.7  38.6    27       S

Max >=  30.0 12
Max <=   0.0  0
Min <=   0.0  0
Min <= -10.0  0
Max Rain: 37.6 on day 28
Days of Rain: 17 (>= 0.2 mm)  11 (>= 2.0 mm)  2 (>= 20.0 mm)
Heat Base: 18.3  Cool Base: 18.3  Method: Integration