NOAA-Style klimatska poročila


Poročilo za 2019 Junij
                   Monthly Climatological Summary for Jun 2019

Name: Bezina   City: Slovenske Konjice   State: SI
Elevation: 344 m  Lat: N 46 21 00   Lon: E 015 25 00

                  Temperature (°C), Rain (mm), Wind Speed (km/h)

                                      Heat  Cool        Avg
    Mean                              Deg   Deg         Wind                 Dom
Day Temp  High   Time   Low    Time   Days  Days  Rain  Speed High   Time    Dir
----------------------------------------------------------------------------------
01  18.2  25.2   16:16  11.3   02:04   2.1   2.0   0.0   2.4  25.7   16:32   NNE
02  18.7  25.9   12:25  11.8   04:37   1.9   2.3   0.6   1.9  20.9   11:10   ESE
03  20.4  27.8   15:02  12.5   05:20   1.6   3.8   0.2   2.0  25.7   13:12    SE
04  20.1  28.2   14:44  13.1   05:36   1.4   3.2   6.4   1.7  20.9   13:51    SE
05  20.1  28.4   15:00  13.1   05:37   1.4   3.2  10.6   2.2  19.3   15:33    SE
06  21.4  27.3   15:00  15.6   02:03   0.3   3.4   0.0   7.1  51.5   15:47    SW
07  22.0  27.2   15:35  16.4   04:39   0.1   3.8   0.0   7.3  38.6   16:20    SW
08  22.3  30.2   15:07  13.9   05:29   0.6   4.6   0.6   4.4  25.7   12:15     S
09  21.2  28.1   16:55  13.7   04:46   1.0   4.0   0.0   2.1  22.5   13:48    SE
10  22.9  30.5   15:42  15.2   05:14   0.7   5.2   0.0   2.3  25.7   15:04   SSE
11  22.9  30.7   15:48  17.3   05:10   0.2   4.7   2.4   2.1  32.2   19:44   SSE
12  23.6  30.8   16:36  16.0   02:40   0.4   5.7   0.8   2.0  20.9   13:18    SE
13  24.4  31.2   16:10  16.2   05:17   0.2   6.3   0.2   4.9  30.6   17:27    SW
14  25.6  31.7   15:10  19.1   23:50   0.0   7.3   0.0   4.5  32.2   00:04   SSW
15  24.1  30.9   17:47  16.4   05:26   0.2   6.0   0.0   1.8  17.7   13:41     S
16  23.4  30.4   14:49  17.1   05:30   0.1   5.2   0.0   2.7  24.1   10:52     E
17  20.6  25.1   14:10  16.2   05:20   0.3   2.6   5.4   1.8  22.5   11:50   ESE
18  20.6  25.6   14:47  17.2   04:37   0.3   2.6  13.2   2.1  25.7   13:27   ESE
19  21.9  28.6   17:24  15.2   05:13   0.6   4.2   0.0   3.6  37.0   18:53   SSW
20  22.8  30.5   15:23  15.4   05:38   0.2   4.6   0.4   3.2  24.1   02:17     S
21  21.7  28.2   15:33  15.3   05:19   0.6   4.1   0.0   1.7  17.7   10:16   SSE
22  19.1  23.2   10:20  16.7   14:42   0.4   1.1  23.4   1.4  45.1   14:11    SE
23  18.5  23.6   18:25  16.7   06:30   0.6   0.8  66.2   1.1  19.3   09:50    SE
24  22.1  28.2   15:55  17.0   00:13   0.3   4.1   1.8   1.9  22.5   14:44     E
25  23.2  30.2   16:26  16.9   05:40   0.2   5.1   0.0   1.7  20.9   12:18    SE
26  25.1  31.6   15:01  18.4   05:11   0.0   6.8   0.0   2.7  22.5   12:38   SSE
27  26.5  34.6   15:26  18.7   04:26   0.0   8.2   0.4   2.1  17.7   08:25   SSW
28  22.9  28.1   16:05  16.1   23:58   0.2   4.8   0.0   2.2  19.3   16:43     E
29  20.5  28.0   17:18  12.8   05:27   1.4   3.6   0.0   2.5  27.4   10:08   ESE
30  22.6  31.5   15:57  13.1   04:31   1.2   5.5   0.0   3.8  22.5   11:01     S
----------------------------------------------------------------------------------
    22.0  34.6    27    11.3     1    18.5 128.8 132.6   2.8  51.5     6       S

Max >=  30.0 13
Max <=   0.0  0
Min <=   0.0  0
Min <= -10.0  0
Max Rain: 66.2 on day 23
Days of Rain: 15 (>= 0.2 mm)  7 (>= 2.0 mm)  2 (>= 20.0 mm)
Heat Base: 18.3  Cool Base: 18.3  Method: Integration