NOAA-Style klimatska poročila


Poročilo za 2019 April
                   Monthly Climatological Summary for Apr 2019

Name: Bezina   City: Slovenske Konjice   State: SI
Elevation: 344 m  Lat: N 46 21 00   Lon: E 015 25 00

                  Temperature (°C), Rain (mm), Wind Speed (km/h)

                                      Heat  Cool        Avg
    Mean                              Deg   Deg         Wind                 Dom
Day Temp  High   Time   Low    Time   Days  Days  Rain  Speed High   Time    Dir
----------------------------------------------------------------------------------
01  10.7  18.8   16:13   3.7   06:44   7.6   0.0   0.0   2.5  27.4   13:48     E
02  10.3  19.1   15:33   2.6   06:42   8.0   0.0   0.0   2.0  14.5   11:19   ESE
03  12.2  18.4   14:29   6.7   02:59   6.1   0.0   0.0   4.9  43.5   17:50    SW
04  11.6  17.4   15:41   6.2   02:48   6.7   0.0   0.0   2.7  29.0   12:57     S
05   8.7  11.7   00:07   5.8   23:16   9.6   0.0  17.6   1.0  19.3   14:26   ENE
06   8.1  12.0   17:03   5.3   06:18  10.2   0.0   0.0   0.8  12.9   10:53     E
07   9.2  16.3   13:08   3.9   06:52   9.1   0.0   2.2   1.6  19.3   13:25   SSE
08  11.7  18.0   15:45   6.6   00:00   6.6   0.0   0.8   1.7  19.3   15:46   NNE
09  13.1  17.2   16:23   8.5   05:24   5.2   0.0   0.0   2.0  14.5   14:59     S
10  11.2  13.6   17:08   9.7   06:40   7.1   0.0  12.0   1.1  16.1   14:28   SSE
11   7.3   9.9   00:00   5.7   23:47  11.0   0.0  25.0   1.7  16.1   09:22   SSE
12   6.3   8.2   15:08   4.1   07:13  12.0   0.0   2.0   1.5  16.1   13:13   ESE
13   6.9   9.6   12:48   4.8   06:58  11.4   0.0   0.0   2.4  19.3   11:06   ESE
14   5.8   7.0   17:23   4.7   05:51  12.5   0.0   1.0   0.4  14.5   11:04    SE
15   9.3  15.1   17:08   4.2   23:57   9.0   0.0   2.6   2.1  20.9   12:45   ENE
16   9.0  17.4   17:36   0.8   06:14   9.3   0.0   0.0   1.9  20.9   14:53    SE
17   9.8  18.1   16:44   2.0   06:07   8.5   0.0   0.0   2.4  33.8   15:21   ESE
18  10.3  17.8   16:06   3.3   06:19   8.0   0.0   0.0   2.3  25.7   11:03     E
19  12.2  20.9   16:12   3.3   06:30   6.6   0.5   0.0   2.3  19.3   10:42    SE
20  12.5  21.2   15:45   4.2   06:10   6.4   0.5   0.0   2.8  22.5   12:46    SE
21  13.3  22.7   16:35   3.8   05:26   6.1   1.0   0.0   2.5  20.9   11:53   SSE
22  16.0  23.5   16:35   7.7   00:45   3.4   1.1   0.0   6.0  30.6   13:44    SW
23  10.7  13.6   00:38   9.5   07:56   7.6   0.0   7.4   0.5  14.5   01:47    SW
24  15.3  21.5   17:04   9.7   06:26   3.5   0.5   1.8   4.9  35.4   12:03   SSW
25  18.3  23.6   14:41  13.9   05:15   1.4   1.5   0.0   9.7  51.5   14:03    SW
26  18.6  25.3   14:47  14.1   03:01   1.3   1.5   0.0   8.3  54.7   17:02    SW
27  11.9  18.3   13:14   5.5   14:40   6.4   0.0  21.6   2.9  20.9   14:15   SSW
28  10.4  16.6   14:47   4.6   06:28   7.9   0.0   0.0   2.4  19.3   14:27    SW
29   8.9  12.3   12:22   3.2   05:51   9.4   0.0   0.0   1.5  17.7   10:08   SSE
30   9.8  13.9   12:00   6.7   05:58   8.5   0.0   1.2   3.0  25.7   11:56   WSW
----------------------------------------------------------------------------------
    11.0  25.3    26     0.8    16   226.4   6.6  95.2   2.7  54.7    26       S

Max >=  30.0  0
Max <=   0.0  0
Min <=   0.0  0
Min <= -10.0  0
Max Rain: 25.0 on day 11
Days of Rain: 12 (>= 0.2 mm)  8 (>= 2.0 mm)  2 (>= 20.0 mm)
Heat Base: 18.3  Cool Base: 18.3  Method: Integration