NOAA-Style klimatska poročila


Poročilo za 2019 Februar
                   Monthly Climatological Summary for Feb 2019

Name: Bezina   City: Slovenske Konjice   State: SI
Elevation: 344 m  Lat: N 46 21 00   Lon: E 015 25 00

                  Temperature (°C), Rain (mm), Wind Speed (km/h)

                                      Heat  Cool        Avg
    Mean                              Deg   Deg         Wind                 Dom
Day Temp  High   Time   Low    Time   Days  Days  Rain  Speed High   Time    Dir
----------------------------------------------------------------------------------
01   3.1   9.8   23:42  -1.2   01:16  15.2   0.0   0.2   1.2  25.7   04:35     S
02  10.1  13.6   11:36   7.0   22:27   8.2   0.0   6.4   6.8  38.6   06:58   SSW
03   6.9  10.7   12:02   3.4   08:01  11.4   0.0   7.4   2.0  27.4   16:52   WSW
04   3.4   7.1   13:19  -0.7   23:35  14.9   0.0   0.2   2.0  19.3   12:19     E
05   0.5   2.7   15:18  -2.4   23:58  17.8   0.0   0.0   0.7  11.3   14:21    SE
06  -0.5   6.6   15:45  -4.5   07:06  18.8   0.0   0.0   1.2  16.1   13:53    SE
07  -0.4   8.4   15:12  -6.2   07:23  18.7   0.0   0.2   1.0  14.5   12:49     E
08   0.2   6.9   16:00  -3.2   03:37  18.1   0.0   0.2   0.7   9.7   10:36   SSE
09   4.5  12.1   15:31  -1.9   05:21  13.8   0.0   0.0   3.2  24.1   13:26    SW
10   7.5  11.2   11:48   0.6   00:44  10.8   0.0   2.4   9.2  51.5   12:22    SW
11   4.3  10.4   00:57   0.6   23:57  14.0   0.0  14.0   2.5  33.8   00:38     W
12   3.1   9.8   14:08  -0.9   07:53  15.2   0.0   0.0   2.9  22.5   12:16    NE
13   2.6   9.7   14:33  -2.0   06:34  15.7   0.0   0.0   1.7  19.3   13:29    SE
14   4.9  12.4   16:01  -0.4   00:00  13.4   0.0   0.0   2.3  17.7   02:53   SSE
15   3.3  10.6   14:11  -1.8   06:41  15.0   0.0   0.0   1.4  22.5   13:08   ESE
16   4.1  15.0   14:27  -2.9   06:54  14.2   0.0   0.2   1.1  16.1   14:26   SSE
17   5.4  16.4   14:25  -1.6   07:09  12.9   0.0   0.0   1.1  16.1   14:00   SSE
18   5.0  16.2   15:04  -2.4   06:42  13.3   0.0   0.0   1.2  19.3   15:15    SE
19   6.6  16.6   14:56  -0.7   03:31  11.7   0.0   0.0   2.0  17.7   07:27     S
20   5.5  13.3   14:32  -0.7   05:04  12.8   0.0   0.0   1.0  16.1   12:12    SE
21   7.0  15.2   15:06   0.7   05:51  11.3   0.0   0.0   2.0  19.3   12:58     S
22   7.6  12.9   12:26   1.1   23:59  10.7   0.0   0.6   3.4  37.0   13:39    SE
23  -0.6   3.9   15:14  -5.6   23:57  18.9   0.0   0.0   4.8  30.6   13:26   ESE
24  -0.9   5.1   13:59  -7.2   06:16  19.2   0.0   0.0   1.5  16.1   12:18   SSE
25   4.8  11.1   14:56   0.8   23:35  13.5   0.0   0.0   2.2  16.1   10:42    SE
26  10.7  19.6   14:53   1.1   00:00   7.7   0.1   0.0   3.6  37.0   14:31   NNW
27   6.8  15.7   16:23   0.3   07:09  11.5   0.0   0.0   2.5  19.3   12:03   ESE
28  13.0  20.7   14:27   1.6   00:00   5.6   0.3   0.0   7.0  32.2   11:45   WSW
----------------------------------------------------------------------------------
     4.6  20.7    28    -7.2    24   384.3   0.4  31.8   2.6  51.5    10       S

Max >=  30.0  0
Max <=   0.0  0
Min <=   0.0 18
Min <= -10.0  0
Max Rain: 14.0 on day 11
Days of Rain: 10 (>= 0.2 mm)  4 (>= 2.0 mm)  0 (>= 20.0 mm)
Heat Base: 18.3  Cool Base: 18.3  Method: Integration