NOAA-Style klimatska poročila


Poročilo za 2019 Januar
                   Monthly Climatological Summary for Jan 2019

Name: Bezina   City: Slovenske Konjice   State: SI
Elevation: 344 m  Lat: N 46 21 00   Lon: E 015 25 00

                  Temperature (°C), Rain (mm), Wind Speed (km/h)

                                      Heat  Cool        Avg
    Mean                              Deg   Deg         Wind                 Dom
Day Temp  High   Time   Low    Time   Days  Days  Rain  Speed High   Time    Dir
----------------------------------------------------------------------------------
01   3.3   7.9   13:45  -1.2   22:08  15.0   0.0   0.0   3.0  25.7   10:36   WSW
02   2.1   6.8   11:37  -1.1   03:59  16.2   0.0   0.0   3.6  40.2   13:11     N
03  -0.3   3.1   13:44  -4.0   23:11  18.6   0.0   0.0   4.2  41.8   13:18     N
04  -3.0   1.4   13:43  -8.3   08:08  21.3   0.0   3.0   1.0  16.1   22:46     S
05   0.3   4.1   14:22  -2.9   23:49  18.0   0.0   0.0   3.7  24.1   09:01   WSW
06  -0.5   2.8   11:20  -3.7   21:45  18.8   0.0   0.0   0.9  12.9   02:10    SE
07  -1.6   0.1   15:22  -5.6   23:58  19.9   0.0   0.4   0.1   6.4   19:14   ENE
08   0.3   5.1   14:12  -6.2   01:11  18.0   0.0   0.4   3.5  24.1   11:17    SW
09   2.9   5.9   14:31  -1.4   23:33  15.4   0.0   0.0   3.7  27.4   02:12     W
10   0.5   3.0   12:45  -1.7   00:49  17.8   0.0   0.4   1.5  20.9   12:54   ESE
11  -2.1   2.7   13:46  -5.3   20:52  20.4   0.0   0.0   1.1  16.1   12:29   SSE
12   0.9   7.0   13:37  -3.5   00:00  17.4   0.0   0.0   2.2  20.9   02:12     S
13   5.0  10.5   13:01  -1.0   00:00  13.3   0.0   0.0   4.8  30.6   03:57   WSW
14   6.4  12.1   13:19  -0.1   23:59  11.9   0.0   0.0   6.0  32.2   14:30     W
15   1.4   8.2   13:49  -3.9   04:47  16.9   0.0   0.0   3.2  32.2   11:24     W
16   6.3   8.9   15:33   1.2   01:39  12.0   0.0   0.0   9.0  35.4   11:44   WSW
17   8.4   9.9   12:07   6.8   23:56   9.9   0.0   4.0   9.3  51.5   11:19    SW
18   1.6   6.8   00:00  -1.2   23:59  16.7   0.0  13.6   0.4  16.1   03:42   SSE
19  -0.7   0.6   12:14  -1.7   07:28  19.0   0.0   1.6   0.3   9.7   14:23    SE
20  -1.0   3.0   13:07  -4.7   08:32  19.3   0.0   5.6   1.1  19.3   11:51    SW
21  -0.7   1.1   14:46  -1.7   00:00  19.0   0.0   1.2   0.2   6.4   12:35   WSW
22  -2.1  -0.5   15:12  -3.5   06:58  20.4   0.0   0.0   0.9  11.3   15:02    SE
23  -3.3  -2.7   13:21  -3.9   05:01  21.6   0.0   0.0   0.5  11.3   11:37     E
24  -1.3   1.3   14:18  -3.2   03:12  19.6   0.0   2.4   0.4   8.0   03:11    SE
25  -3.7  -0.1   13:33  -8.9   23:57  22.0   0.0   1.2   0.8  14.5   12:19   ESE
26  -4.0   1.5   15:53 -10.3   03:39  22.3   0.0   0.0   3.1  29.0   14:42   SSW
27   1.9   7.3   14:00  -5.5   06:25  16.4   0.0   4.0   4.5  45.1   14:12    SW
28   2.1   3.6   14:16   0.3   23:53  16.2   0.0  18.4   0.4  16.1   01:53    NW
29   0.9   3.8   13:51  -1.1   03:40  17.4   0.0   0.0   0.6   8.0   12:04     E
30   0.1   3.3   13:46  -2.0   19:54  18.2   0.0   0.4   1.2  17.7   14:05   SSW
31  -1.0   1.2   11:11  -4.2   03:45  19.3   0.0   0.2   0.3   8.0   11:15   ESE
----------------------------------------------------------------------------------
     0.6  12.1    14   -10.3    26   548.2   0.0  56.8   2.4  51.5    17      SW

Max >=  30.0  0
Max <=   0.0  3
Min <=   0.0 28
Min <= -10.0  1
Max Rain: 18.4 on day 28
Days of Rain: 15 (>= 0.2 mm)  7 (>= 2.0 mm)  0 (>= 20.0 mm)
Heat Base: 18.3  Cool Base: 18.3  Method: Integration