NOAA-Style klimatska poročila


Poročilo za 2018 Oktober
                   Monthly Climatological Summary for Oct 2018

Name: Bezina   City: Slovenske Konjice   State: SI
Elevation: 344 m  Lat: N 46 21 00   Lon: E 015 25 00

                  Temperature (°C), Rain (mm), Wind Speed (km/h)

                                      Heat  Cool        Avg
    Mean                              Deg   Deg         Wind                 Dom
Day Temp  High   Time   Low    Time   Days  Days  Rain  Speed High   Time    Dir
----------------------------------------------------------------------------------
01  10.2  17.5   14:30   2.7   07:01   8.1   0.0   6.0   1.6  19.3   11:34   SSE
02  10.1  13.3   15:42   5.6   23:58   8.2   0.0   2.2   1.0  17.7   13:03    SE
03  10.9  19.5   16:46   4.2   06:52   7.5   0.1   0.2   1.7  20.9   14:54   SSE
04  11.5  19.2   15:35   5.8   07:21   6.9   0.1   0.2   1.7  16.1   13:39   SSE
05  11.5  19.8   15:02   5.4   06:15   7.0   0.2   0.2   1.7  19.3   12:12    SE
06  14.3  21.5   14:14   7.3   06:08   4.6   0.5   0.6   1.5  17.7   13:57     S
07  15.6  19.9   15:46  12.1   02:13   2.9   0.2   1.0   1.0  12.9   11:31   ENE
08  15.4  18.8   13:44  11.5   22:55   3.0   0.0   3.0   0.5  12.9   13:49   ESE
09  15.1  22.2   15:25  10.2   07:24   3.9   0.7   0.0   0.9  14.5   11:46   SSE
10  14.8  22.8   15:37  10.2   23:06   4.3   0.7   0.2   1.0  14.5   14:38    SE
11  13.5  22.3   15:16   7.3   07:20   5.5   0.7   0.2   0.8  12.9   12:54    SE
12  12.9  21.6   16:23   6.9   06:28   5.8   0.5   0.2   1.0  12.9   11:41    SE
13  12.5  21.4   15:21   7.1   07:18   6.2   0.4   0.2   1.2  16.1   16:03   ESE
14  12.0  20.3   14:09   6.7   07:32   6.5   0.2   0.2   1.2  14.5   12:24    SE
15  11.1  14.4   16:28   7.4   04:23   7.2   0.0   0.2   0.7  12.9   11:04   SSE
16  13.5  18.3   11:52  10.5   08:08   4.8   0.0   0.0   1.2  16.1   11:57    SW
17  14.2  21.2   15:14  10.3   07:07   4.4   0.3   0.0   0.7   8.0   05:13   WSW
18  14.7  20.6   15:14  10.6   23:56   3.9   0.3   0.0   0.5  11.3   14:48   SSE
19  13.0  20.7   15:22   7.6   06:38   5.6   0.3   0.0   1.2  17.7   11:54   SSE
20  11.9  19.2   16:14   6.7   07:55   6.4   0.1   0.4   1.3  16.1   12:39   SSE
21   9.0  13.0   14:13   3.8   21:59   9.3   0.0   2.0   2.0  20.9   13:10   ESE
22   8.7  14.9   15:24   5.0   01:55   9.5   0.0   0.0   0.9  16.1   13:58   ESE
23  11.1  16.7   14:46   5.2   04:19   7.2   0.0   0.0   3.6  25.7   13:20   SSW
24  13.8  22.9   15:25   9.1   07:44   5.1   0.6   0.0   3.9  29.0   13:42   WSW
25  11.9  15.8   13:37   8.8   07:42   6.4   0.0   0.0   4.9  32.2   13:41    SW
26  12.6  18.2   14:59   6.1   07:48   5.7   0.0   0.4   4.5  30.6   15:00   WSW
27  15.5  18.9   17:03   9.6   23:59   2.8   0.0   5.6   6.3  38.6   05:18   SSW
28  10.5  12.8   18:21   8.6   06:34   8.2   0.0  25.8   0.8   9.7   12:59    SE
29  15.0  17.9   12:49  12.3   06:33   3.3   0.0   5.6   1.4  14.5   11:32    NE
30  14.3  17.5   01:55  12.1   07:30   4.0   0.0   8.2   9.3  59.5   14:28   SSW
31  12.1  17.9   13:35   7.0   07:11   6.2   0.0   0.0   3.0  27.4   11:51    SW
----------------------------------------------------------------------------------
    12.7  22.9    24     2.7     1   180.4   5.9  62.6   2.0  59.5    30       S

Max >=  30.0  0
Max <=   0.0  0
Min <=   0.0  0
Min <= -10.0  0
Max Rain: 25.8 on day 28
Days of Rain: 21 (>= 0.2 mm)  8 (>= 2.0 mm)  1 (>= 20.0 mm)
Heat Base: 18.3  Cool Base: 18.3  Method: Integration