NOAA-Style klimatska poročila


Poročilo za 2018 Avgust
                   Monthly Climatological Summary for Aug 2018

Name: Bezina   City: Slovenske Konjice   State: SI
Elevation: 344 m  Lat: N 46 21 00   Lon: E 015 25 00

                  Temperature (°C), Rain (mm), Wind Speed (km/h)

                                      Heat  Cool        Avg
    Mean                              Deg   Deg         Wind                 Dom
Day Temp  High   Time   Low    Time   Days  Days  Rain  Speed High   Time    Dir
----------------------------------------------------------------------------------
01  24.7  32.6   15:42  17.6   06:02   0.0   6.4   4.8   2.1  19.3   21:49   ESE
02  22.4  28.3   13:57  19.2   05:45   0.0   4.1   1.2   1.8  24.1   15:09   ESE
03  23.5  31.1   15:21  18.2   06:02   0.0   5.2   0.4   1.8  22.5   11:36     E
04  24.0  31.2   17:10  17.3   05:40   0.1   5.8   0.0   1.9  16.1   11:22    SE
05  23.9  32.0   16:16  16.5   06:13   0.2   5.8   0.0   1.6  16.1   12:01   SSE
06  24.7  31.5   16:32  17.5   06:10   0.0   6.5   0.0   2.1  16.1   11:47    SE
07  24.9  31.3   14:44  18.4   05:56   0.0   6.6   0.0   2.5  27.4   20:53   SSE
08  25.0  33.9   16:32  17.9   05:51   0.0   6.7   0.0   2.0  19.3   13:28   SSW
09  25.4  33.0   16:40  18.3   04:55   0.0   7.1   0.0   1.9  22.5   13:52     S
10  23.3  31.1   14:42  17.9   05:55   0.0   5.1  14.0   2.1  22.5   10:57     E
11  21.3  26.8   16:13  18.5   06:25   0.0   3.0   0.4   1.5  16.1   14:57     E
12  21.6  28.3   15:47  15.1   06:09   0.5   3.8   0.4   1.9  16.1   16:33   SSE
13  23.8  32.0   16:56  16.1   06:01   0.4   6.0   0.0   3.9  25.7   17:52    SW
14  19.5  22.9   00:00  16.6   23:58   0.1   1.3  73.2   2.1  14.5   00:53     S
15  20.7  27.2   18:06  15.5   06:50   0.8   3.2   0.0   2.0  14.5   10:53     E
16  20.4  27.6   15:49  13.6   05:46   1.5   3.6   0.2   2.1  19.3   11:40     E
17  21.0  28.7   16:05  13.2   06:08   1.4   4.1   0.0   1.7  19.3   12:47   SSE
18  22.4  30.6   15:40  14.7   06:15   0.9   4.9   0.0   1.5  16.1   16:34   ESE
19  22.9  31.2   16:44  16.1   06:28   0.5   5.1   0.0   1.8  17.7   12:17   ESE
20  23.6  32.7   16:50  15.6   06:02   0.5   5.8   0.0   1.6  14.5   11:54    SE
21  23.9  31.7   16:43  16.7   06:16   0.3   5.9   0.0   1.8  16.1   12:38    SE
22  23.1  31.2   17:22  16.1   06:21   0.4   5.1   0.0   1.8  16.1   12:20   ESE
23  23.8  32.0   15:17  16.7   05:50   0.3   5.8   0.0   1.2  16.1   12:45    SE
24  22.5  30.7   14:18  16.2   06:33   0.3   4.5   0.0   1.8  22.5   12:25   SSE
25  17.5  19.2   10:57  14.6   23:57   0.9   0.1  13.2   1.1  17.7   03:00   ESE
26  13.0  14.6   00:00  11.8   08:57   5.3   0.0  25.8   1.4  12.9   01:28     S
27  16.2  23.6   17:05  10.6   06:15   3.4   1.3   0.0   2.2  17.7   09:02     S
28  18.5  27.4   16:14  10.9   03:27   2.8   3.0   0.0   1.5  17.7   13:08   SSE
29  19.2  27.0   16:03  12.3   06:18   2.2   3.1   0.0   1.9  19.3   15:43   SSE
30  19.5  27.8   17:37  12.3   06:07   1.9   3.1   3.4   1.5  27.4   22:46    NE
31  18.5  22.3   15:30  15.3   04:40   0.9   1.1   1.0   1.2  14.5   10:29   SSE
----------------------------------------------------------------------------------
    21.8  33.9     8    10.6    27    25.6 133.1 138.0   1.9  27.4     7      SE

Max >=  30.0 17
Max <=   0.0  0
Min <=   0.0  0
Min <= -10.0  0
Max Rain: 73.2 on day 14
Days of Rain: 12 (>= 0.2 mm)  6 (>= 2.0 mm)  2 (>= 20.0 mm)
Heat Base: 18.3  Cool Base: 18.3  Method: Integration