NOAA-Style klimatska poročila


Poročilo za 2018 Junij
                   Monthly Climatological Summary for Jun 2018

Name: Bezina   City: Slovenske Konjice   State: SI
Elevation: 344 m  Lat: N 46 21 00   Lon: E 015 25 00

                  Temperature (°C), Rain (mm), Wind Speed (km/h)

                                      Heat  Cool        Avg
    Mean                              Deg   Deg         Wind                 Dom
Day Temp  High   Time   Low    Time   Days  Days  Rain  Speed High   Time    Dir
----------------------------------------------------------------------------------
01  21.5  30.3   14:46  16.2   23:57   0.3   3.5   6.0   4.0  27.4   16:32    SW
02  19.6  27.7   15:51  14.1   04:30   1.5   2.8  20.4   2.6  27.4   18:14     E
03  21.7  28.2   16:57  15.3   05:29   0.5   3.9   0.4   3.4  22.5   02:06   SSW
04  21.8  29.1   16:11  15.7   04:56   0.5   4.0   0.2   2.0  19.3   13:47   SSE
05  19.8  25.9   12:36  15.9   04:30   0.9   2.4  18.2   2.2  40.2   17:28     S
06  20.9  27.9   17:07  14.8   05:36   0.9   3.5   0.2   2.3  19.3   14:20    SE
07  20.7  26.7   13:15  16.4   05:37   0.4   2.8   0.0   2.3  20.9   13:42    SE
08  20.0  28.3   14:48  13.8   04:59   1.3   3.0  30.4   2.3  37.0   22:38   SSE
09  19.8  25.8   18:24  14.4   03:16   1.0   2.5   1.6   2.0  19.3   14:11     E
10  21.8  29.0   15:04  15.3   05:13   0.5   4.0   0.0   1.8  17.7   13:37    SE
11  23.9  30.7   14:34  16.3   05:28   0.2   5.8   0.0   3.0  22.5   16:14   SSE
12  22.9  29.8   15:29  16.6   23:49   0.2   4.7   8.8   4.8  32.2   17:42   WSW
13  18.2  22.9   13:18  14.8   02:57   1.0   0.9   2.0   2.1  17.7   19:47   ESE
14  16.9  20.3   13:56  15.1   05:17   1.6   0.2   1.8   2.5  25.7   10:50    SE
15  18.4  22.8   16:25  14.9   06:49   1.2   1.3   0.0   3.2  25.7   17:44   ENE
16  21.1  25.6   13:43  15.7   06:11   0.3   3.1   0.0   3.5  27.4   10:43   NNE
17  20.5  26.9   15:38  13.9   05:08   0.9   3.1   0.0   2.1  19.3   15:30   SSE
18  22.1  27.7   13:01  15.8   02:36   0.2   4.0   0.0   3.1  25.7   12:39   NNE
19  22.1  28.1   17:52  16.2   05:36   0.4   4.3   0.0   3.4  27.4   05:37   NNE
20  21.7  29.4   16:24  14.1   05:23   1.0   4.4   0.0   2.4  17.7   14:14   SSE
21  24.0  31.6   16:16  16.7   04:19   0.3   6.0   6.8   4.7  30.6   14:37   SSW
22  14.7  18.8   00:20  10.4   23:56   3.6   0.0  17.6   3.0  17.7   14:30   SSE
23  14.6  20.8   15:26   7.5   04:55   4.1   0.4   0.2   2.5  19.3   14:32    SE
24  16.1  21.0   16:39  12.2   05:53   2.5   0.3   0.0   1.9  19.3   12:00     E
25  14.6  19.1   15:28  12.0   23:58   3.7   0.0  10.6   1.7  17.7   15:46   ENE
26  16.6  23.3   15:11  10.1   04:32   2.9   1.2   0.4   2.7  22.5   13:22    NE
27  17.5  22.6   16:55  13.8   03:26   1.6   0.8   0.0   4.1  29.0   10:26     N
28  16.7  19.2   18:51  14.2   02:50   1.7   0.1   0.6   2.1  17.7   05:07   SSW
29  20.3  25.6   17:48  16.0   01:55   0.4   2.3   0.4   3.4  25.7   15:00   WNW
30  21.5  27.7   11:48  16.0   22:45   0.1   3.4  10.4   2.8  24.1   13:05     W
----------------------------------------------------------------------------------
    19.7  31.6    21     7.5    23    35.7  78.7 137.0   2.8  40.2     5      SE

Max >=  30.0  3
Max <=   0.0  0
Min <=   0.0  0
Min <= -10.0  0
Max Rain: 30.4 on day 8
Days of Rain: 19 (>= 0.2 mm)  10 (>= 2.0 mm)  2 (>= 20.0 mm)
Heat Base: 18.3  Cool Base: 18.3  Method: Integration