NOAA-Style klimatska poročila


Poročilo za 2018 Maj
                   Monthly Climatological Summary for May 2018

Name: Bezina   City: Slovenske Konjice   State: SI
Elevation: 344 m  Lat: N 46 21 00   Lon: E 015 25 00

                  Temperature (°C), Rain (mm), Wind Speed (km/h)

                                      Heat  Cool        Avg
    Mean                              Deg   Deg         Wind                 Dom
Day Temp  High   Time   Low    Time   Days  Days  Rain  Speed High   Time    Dir
----------------------------------------------------------------------------------
01  16.7  22.0   16:15   9.7   01:25   2.4   0.8   0.0   4.7  30.6   12:45    SW
02  18.6  25.9   17:11  11.3   05:27   2.1   2.5   8.6   2.5  24.1   21:59   ESE
03  18.7  24.9   16:05  11.7   03:42   1.9   2.3   0.0   3.1  27.4   17:08   ESE
04  17.2  21.5   00:14  14.1   23:10   1.5   0.4  40.0   2.6  24.1   21:42    SE
05  16.9  22.8   18:51  13.1   05:42   2.1   0.7   4.0   1.6  16.1   12:15   SSE
06  16.8  23.7   15:36  11.7   04:23   2.8   1.4   0.2   2.3  24.1   13:29    SE
07  16.6  23.6   16:57   9.7   05:49   3.3   1.5   0.0   2.2  20.9   15:19    SE
08  14.9  22.5   14:34   8.5   05:21   4.2   0.8   0.0   2.7  25.7   12:17   ESE
09  16.1  24.6   18:25   8.2   05:11   3.7   1.5   0.0   1.7  22.5   12:30   SSE
10  19.6  26.0   16:00  13.9   06:44   1.2   2.5  29.8   3.2  19.3   13:40    SE
11  17.8  22.9   16:28  13.4   23:51   1.8   1.3   0.0   2.8  25.7   12:35     E
12  17.6  25.2   14:53  11.6   05:06   2.3   1.6   1.0   2.5  24.1   19:45   SSE
13  16.9  25.2   13:42  10.9   05:59   2.9   1.5   1.4   2.3  24.1   13:48   SSW
14  14.3  18.3   11:48  11.9   05:23   4.0   0.0  66.8   2.1  20.9   12:21    NE
15  12.5  17.8   17:01   8.3   23:17   5.8   0.0  13.2   4.5  27.4   10:01    SW
16  14.0  20.5   16:16   7.8   01:06   4.5   0.2   0.0   3.3  24.1   13:37    SW
17  15.9  22.2   15:37  11.3   23:45   2.9   0.4   0.0   4.7  25.7   09:03    SW
18  15.0  21.3   14:37  10.7   02:17   3.5   0.3   7.6   1.7  19.3   12:08    NW
19  15.2  22.7   14:37   8.8   06:03   3.7   0.6   0.2   2.2  37.0   14:45   ESE
20  16.0  22.3   16:43  10.3   04:16   3.1   0.8   0.0   2.3  22.5   12:43     E
21  16.8  23.3   17:00  10.7   05:10   2.9   1.3   0.0   2.4  22.5   12:15     E
22  16.7  23.1   16:52  10.3   04:25   2.7   1.1   0.2   1.5  16.1   14:42    SE
23  18.6  23.9   16:31  13.4   05:16   1.5   1.8   0.2   1.8  19.3   12:33    SE
24  18.8  24.7   15:16  14.7   01:52   1.3   1.8   1.4   1.6  17.7   10:45    SE
25  18.0  23.4   13:25  13.8   23:50   1.2   1.0   4.2   2.3  20.9   14:28   ENE
26  19.0  25.9   17:33  11.9   05:21   1.9   2.6   0.2   2.0  24.1   10:47    SE
27  20.2  27.7   15:02  13.6   05:27   1.4   3.4  11.6   3.2  33.8   20:04   SSW
28  21.2  27.8   15:14  14.4   05:59   0.9   3.8   0.0   1.9  17.7   14:21    SE
29  21.2  27.1   13:25  16.0   04:40   0.5   3.4   0.4   2.1  19.3   14:08     S
30  20.1  26.8   15:27  14.7   04:05   0.8   2.7   2.6   1.9  32.2   18:08   ESE
31  21.1  29.1   15:35  14.9   05:34   0.7   3.5   1.4   2.6  22.5   12:22     S
----------------------------------------------------------------------------------
    17.4  29.1    31     7.8    16    75.5  47.5 195.0   2.5  37.0    19     SSE

Max >=  30.0  0
Max <=   0.0  0
Min <=   0.0  0
Min <= -10.0  0
Max Rain: 66.8 on day 14
Days of Rain: 20 (>= 0.2 mm)  10 (>= 2.0 mm)  3 (>= 20.0 mm)
Heat Base: 18.3  Cool Base: 18.3  Method: Integration