NOAA-Style klimatska poročila


Poročilo za 2018 April
                   Monthly Climatological Summary for Apr 2018

Name: Bezina   City: Slovenske Konjice   State: SI
Elevation: 344 m  Lat: N 46 21 00   Lon: E 015 25 00

                  Temperature (°C), Rain (mm), Wind Speed (km/h)

                                      Heat  Cool        Avg
    Mean                              Deg   Deg         Wind                 Dom
Day Temp  High   Time   Low    Time   Days  Days  Rain  Speed High   Time    Dir
----------------------------------------------------------------------------------
01   9.5  16.0   16:50   4.6   23:58   8.8   0.0   0.4   5.0  37.0   10:49   WSW
02  10.5  17.6   16:55   1.7   06:40   7.7   0.0   0.0   6.1  33.8   14:01    SW
03  13.2  17.2   13:37  10.1   07:21   5.1   0.0   0.0  13.0  74.0   10:43    SW
04  12.6  15.5   14:37  11.1   04:27   5.7   0.0   0.0  12.8  51.5   08:43    SW
05  12.1  16.4   15:43   7.6   23:58   6.2   0.0   6.0   5.7  33.8   00:01   WSW
06   9.6  16.4   16:15   3.3   07:15   8.7   0.0   0.2   2.5  22.5   14:01   ESE
07   8.7  16.5   16:46   1.0   06:39   9.6   0.0   0.2   2.1  20.9   15:12     E
08  12.5  22.2   17:32   3.3   06:47   6.5   0.7   0.0   3.6  40.2   14:37   SSW
09  14.3  23.3   15:26   6.4   06:13   4.9   0.9   0.0   4.6  49.9   17:58     S
10  12.7  16.3   14:38   8.9   01:54   5.6   0.0   0.6   4.3  30.6   14:42    SW
11  14.7  21.1   15:40  10.0   06:46   4.0   0.4   0.0   3.7  29.0   00:35   SSW
12  12.8  18.4   10:09   9.3   06:41   5.5   0.0   9.6   1.8  22.5   10:22   WSW
13  13.4  18.7   14:34   7.8   23:20   4.9   0.0   4.6   7.1  56.3   12:44   SSW
14  13.2  21.8   16:26   4.4   05:45   5.7   0.6   0.0   2.3  19.3   14:47    SE
15  14.7  20.8   13:33  10.2   05:46   3.9   0.3   0.4   1.8  16.1   11:01    SE
16  17.2  23.1   16:16  12.5   22:19   2.2   1.1  52.0   3.2  38.6   21:46    SE
17  14.5  20.6   15:26  10.2   23:54   4.1   0.3  10.6   2.1  19.3   01:21     E
18  14.3  21.9   16:36   7.2   06:18   4.7   0.7   0.0   2.7  27.4   13:04     E
19  15.3  24.6   17:13   7.3   05:40   4.6   1.6   0.0   2.4  24.1   15:46    SE
20  16.8  25.6   16:35   8.4   05:03   3.7   2.2   0.0   2.3  22.5   14:38    SE
21  17.3  26.4   15:28   7.9   06:17   3.8   2.8   0.0   2.5  20.9   11:30   SSE
22  20.4  28.1   15:47  10.2   06:24   1.8   3.9   0.0   3.8  30.6   22:47   SSW
23  20.0  28.5   17:07  13.8   06:51   1.2   2.9   1.8   3.6  22.5   15:17    SW
24  17.2  24.2   16:43  11.7   04:35   2.6   1.5   0.0   1.7  25.7   13:18    SE
25  19.2  26.3   15:50  10.8   03:39   1.8   2.8   0.0   6.8  45.1   17:29    SW
26  15.9  20.9   10:03   9.3   21:56   2.7   0.3  11.6   4.2  33.8   00:04    NE
27  13.1  19.9   17:55   9.1   07:05   5.3   0.1   0.0   1.7  14.5   15:03     S
28  17.0  26.8   15:17   7.2   05:52   3.8   2.5   0.2   2.6  19.3   09:17   SSW
29  18.5  27.8   14:38  10.8   06:06   2.7   2.9   0.6   3.5  27.4   18:37   SSW
30  16.9  23.4   15:20  10.8   06:18   2.9   1.4   0.2   5.5  33.8   13:03    SW
----------------------------------------------------------------------------------
    14.6  28.5    23     1.0     7   140.7  29.9  99.0   4.2  74.0     3     SSW

Max >=  30.0  0
Max <=   0.0  0
Min <=   0.0  0
Min <= -10.0  0
Max Rain: 52.0 on day 16
Days of Rain: 15 (>= 0.2 mm)  6 (>= 2.0 mm)  1 (>= 20.0 mm)
Heat Base: 18.3  Cool Base: 18.3  Method: Integration