NOAA-Style klimatska poročila


Poročilo za 2018 Marec
                   Monthly Climatological Summary for Mar 2018

Name: Bezina   City: Slovenske Konjice   State: SI
Elevation: 344 m  Lat: N 46 21 00   Lon: E 015 25 00

                  Temperature (°C), Rain (mm), Wind Speed (km/h)

                                      Heat  Cool        Avg
    Mean                              Deg   Deg         Wind                 Dom
Day Temp  High   Time   Low    Time   Days  Days  Rain  Speed High   Time    Dir
----------------------------------------------------------------------------------
01  -9.0  -4.4   14:39 -15.2   04:33  27.3   0.0   0.0   2.1  25.7   13:38   SSE
02  -6.2  -4.2   15:24  -7.6   06:30  24.5   0.0   0.0   1.5  14.5   13:04    SE
03  -2.3   1.7   12:48  -5.6   00:00  20.6   0.0   8.5   1.2  12.9   10:40    NE
04   0.0   4.7   13:54  -2.2   04:36  18.3   0.0   0.0   1.2  17.7   13:35   SSE
05  -0.4   1.1   13:05  -2.3   23:57  18.7   0.0   0.0   1.2  16.1   13:35   ESE
06   1.0   6.8   15:18  -2.4   00:49  17.3   0.0  18.2   1.2  14.5   12:41   NNE
07   5.3  11.6   14:19  -0.7   02:10  13.0   0.0   0.0   5.1  30.6   11:29   WSW
08   5.6  11.1   14:21   1.6   20:27  12.7   0.0   0.0   2.9  27.4   23:01   SSE
09   9.1  13.2   13:25   6.2   06:38   9.2   0.0   0.0   9.3  37.0   15:01   WSW
10   9.5  12.4   15:25   7.2   01:07   8.8   0.0   0.0  10.5  45.1   13:24    SW
11   9.7  12.2   09:26   7.9   23:48   8.6   0.0   0.0   6.7  37.0   04:31   WSW
12  11.0  14.7   12:32   5.7   23:45   7.3   0.0   2.0  10.5  45.1   12:41    SW
13   9.7  15.3   11:19   4.4   06:46   8.6   0.0   4.0   3.2  19.3   13:16   SSW
14   8.4  14.3   14:48   5.2   06:23   9.9   0.0   0.6   2.6  16.1   09:17   WSW
15   8.7  14.1   13:20   3.2   06:10   9.6   0.0   0.0   5.1  33.8   17:06    SW
16   8.2  10.9   16:19   5.0   23:58  10.1   0.0   5.4   2.5  22.5   14:57    SW
17   4.3   6.3   13:00   2.5   23:56  14.0   0.0  13.0   1.7  14.5   15:46   SSE
18  -0.3   2.5   00:00  -2.3   23:45  18.6   0.0   1.4   3.0  17.7   16:16   ESE
19  -2.2  -1.2   15:14  -3.3   23:59  20.5   0.0   0.6   2.4  20.9   10:48    SE
20  -1.4   1.2   15:36  -3.6   04:32  19.7   0.0   1.4   1.6   9.7   10:41     E
21   1.2   4.6   15:59  -3.2   23:57  17.1   0.0   0.0   4.3  32.2   10:32   NNE
22  -0.3   5.6   14:43  -5.7   06:18  18.6   0.0   0.0   2.8  27.4   11:16   ENE
23   1.0   6.9   14:24  -4.7   02:54  17.3   0.0   0.0   1.4  17.7   14:32    SE
24   4.5   9.2   12:25   1.2   05:39  13.8   0.0   0.0   2.4  25.7   12:16   ENE
25   2.4   5.2   15:50  -0.7   21:21  15.3   0.0   0.0   1.8  12.9   13:15   ESE
26   4.5  11.2   16:11  -2.8   07:01  13.8   0.0   0.0   1.9  19.3   15:05     E
27   5.7  10.9   15:04   2.7   23:59  12.6   0.0   1.0   1.9  17.7   16:39   SSW
28   8.1  16.3   15:29   0.3   03:22  10.2   0.0   0.2   4.4  48.3   22:07    SW
29  10.1  11.7   14:41   8.7   23:58   8.2   0.0  13.8   4.2  29.0   05:33   WSW
30   9.3  15.3   17:24   5.2   05:35   9.0   0.0  20.4   2.5  25.7   20:34     S
31  10.4  13.2   02:07   6.2   22:36   7.9   0.0  11.2   5.9  46.7   06:11   SSW
----------------------------------------------------------------------------------
     4.1  16.3    28   -15.2     1   441.1   0.0 101.7   3.5  48.3    28     SSW

Max >=  30.0  0
Max <=   0.0  3
Min <=   0.0 15
Min <= -10.0  1
Max Rain: 20.4 on day 30
Days of Rain: 15 (>= 0.2 mm)  9 (>= 2.0 mm)  1 (>= 20.0 mm)
Heat Base: 18.3  Cool Base: 18.3  Method: Integration