NOAA-Style klimatska poročila


Poročilo za 2018 Januar
                   Monthly Climatological Summary for Jan 2018

Name: Bezina   City: Slovenske Konjice   State: SI
Elevation: 344 m  Lat: N 46 21 00   Lon: E 015 25 00

                  Temperature (°C), Rain (mm), Wind Speed (km/h)

                                      Heat  Cool        Avg
    Mean                              Deg   Deg         Wind                 Dom
Day Temp  High   Time   Low    Time   Days  Days  Rain  Speed High   Time    Dir
----------------------------------------------------------------------------------
01   6.7   9.3   08:24   3.3   23:45  11.6   0.0  14.0   4.1  53.1   02:28   WSW
02   3.9   7.1   12:54   1.1   06:08  14.4   0.0   2.6   3.4  24.1   12:12     W
03   4.4   9.0   13:33   1.1   22:58  13.9   0.0   0.0   6.6  69.2   13:17   WSW
04   5.6   8.2   23:01   2.4   00:19  12.7   0.0   0.0   4.8  30.6   20:52   WSW
05  10.1  13.1   12:05   7.0   06:52   8.2   0.0   0.0   6.7  33.8   14:31   WSW
06  12.5  14.2   11:03  11.0   01:00   5.8   0.0   0.0   8.6  46.7   13:12    SW
07  10.5  14.8   11:53   5.7   23:24   7.8   0.0   0.0   3.1  41.8   11:37    SW
08   7.0  15.0   14:07   3.9   07:55  11.3   0.0   0.2   1.1  16.1   13:50   SSW
09   5.8   6.7   18:29   4.9   00:00  12.5   0.0  10.4   0.5  14.5   17:55    SE
10   6.0  10.3   14:23   2.7   23:31  12.3   0.0  10.4   1.7  19.3   12:12    SW
11   4.5   5.3   11:46   3.0   00:00  13.8   0.0   0.0   0.6  12.9   12:34   ENE
12   4.1   6.7   13:17   1.7   04:28  14.2   0.0   0.8   1.5  12.9   13:27   SSE
13   2.9   3.9   01:00   1.5   23:52  15.4   0.0   0.8   2.5  16.1   08:51   SSE
14   0.1   1.6   00:00  -1.7   23:35  18.2   0.0   0.2   2.2  17.7   07:59     E
15  -1.3  -0.1   23:59  -2.7   05:52  19.6   0.0   0.6   0.4   9.7   23:05     S
16   4.9   9.3   13:37  -0.2   00:00  13.4   0.0   3.4   9.5  51.5   18:28   WSW
17   4.5   7.2   03:14  -0.8   21:53  13.8   0.0   0.6   3.3  45.1   13:29     W
18   5.0   9.1   14:33  -0.3   08:24  13.3   0.0   0.0   8.7  66.0   23:12   WSW
19   5.3   8.7   10:14  -0.6   23:42  13.0   0.0   1.4   4.0  56.3   02:07   WSW
20   2.5   8.2   14:01  -0.4   00:00  15.8   0.0   0.0   3.7  22.5   14:27    SW
21   3.3   8.1   10:51  -1.0   21:27  15.0   0.0   0.2   3.2  20.9   02:50    NE
22   1.3   6.7   15:27  -3.3   04:19  17.0   0.0   0.0   2.6  24.1   11:10    SW
23   2.0   8.7   15:38  -1.5   23:34  16.3   0.0   0.0   0.9  14.5   15:05   ESE
24   3.1  11.6   15:29  -2.9   07:31  15.1   0.0   0.2   1.7  22.5   23:50    SW
25   7.7  11.7   13:31   5.7   07:54  10.6   0.0   0.0   7.5  35.4   06:36   WSW
26   8.9  11.2   14:13   6.2   23:46   9.4   0.0   0.0   5.6  32.2   13:30   WSW
27   1.8   6.7   02:11  -0.2   04:58  15.9   0.0   0.2   1.4  14.5   01:51   ENE
28   3.2  10.1   15:19  -0.1   23:17  15.1   0.0   0.0   1.8  12.9   05:06     N
29   7.0  16.8   14:07  -1.4   07:44  11.3   0.0   0.2   3.6  32.2   21:32   WSW
30   7.5  15.3   15:26   1.1   23:59  10.8   0.0   0.0   2.4  20.9   00:46   NNE
31   4.6   8.4   13:42  -0.3   04:25  13.7   0.0   0.2   5.5  38.6   12:31    SW
----------------------------------------------------------------------------------
     5.0  16.8    29    -3.3    22   411.2   0.0  46.4   3.7  69.2     3      SW

Max >=  30.0  0
Max <=   0.0  1
Min <=   0.0 15
Min <= -10.0  0
Max Rain: 14.0 on day 1
Days of Rain: 17 (>= 0.2 mm)  5 (>= 2.0 mm)  0 (>= 20.0 mm)
Heat Base: 18.3  Cool Base: 18.3  Method: Integration