NOAA-Style klimatska poročila


Poročilo za 2017 December
                   Monthly Climatological Summary for Dec 2017

Name: Bezina   City: Slovenske Konjice   State: SI
Elevation: 344 m  Lat: N 46 21 00   Lon: E 015 25 00

                  Temperature (°C), Rain (mm), Wind Speed (km/h)

                                      Heat  Cool        Avg
    Mean                              Deg   Deg         Wind                 Dom
Day Temp  High   Time   Low    Time   Days  Days  Rain  Speed High   Time    Dir
----------------------------------------------------------------------------------
01   1.5   2.7   13:50   0.8   07:57  16.8   0.0   3.2   0.6  16.1   02:59   WNW
02   0.8   4.4   12:54  -2.4   21:33  17.5   0.0   0.0   1.5  17.7   12:01    SE
03  -1.5   3.1   13:34  -3.9   08:09  19.8   0.0   0.0   1.3  12.9   12:29    SW
04  -0.4   2.0   14:38  -4.1   00:37  18.7   0.0   0.0   4.6  22.5   10:45   WSW
05   1.6   8.0   14:08  -2.5   07:30  16.7   0.0   0.0   3.2  22.5   12:37   WSW
06   2.2   9.9   13:45  -2.6   23:54  16.1   0.0   0.0   1.2  14.5   03:01   SSE
07   3.4  10.0   13:41  -4.2   07:21  14.8   0.0   0.2   5.8  33.8   13:51   WSW
08   7.5   9.8   09:20   0.6   23:36  10.8   0.0  11.8   9.6  69.2   08:34    SW
09  -0.8   2.1   13:17  -6.1   23:10  19.1   0.0   1.4   0.6  12.9   15:01   WSW
10  -0.5   4.9   22:45  -8.8   04:55  18.8   0.0  24.0  10.7  69.2   18:01    SW
11  10.7  14.6   23:20   4.6   00:00   7.6   0.0   5.6  12.0  69.2   23:38   SSW
12  12.0  15.7   06:06   4.0   23:59   6.3   0.0   6.4  12.2  59.5   08:43   SSW
13   1.9   4.0   00:00   0.7   04:22  16.4   0.0   7.8   1.6  22.5   23:40   SSW
14   6.5   9.8   13:52   3.1   00:00  11.8   0.0   2.4   8.1  61.2   04:45    SW
15   6.8  11.3   10:54   2.3   23:35  11.5   0.0  27.4   4.7  29.0   07:30    SW
16   2.5   5.5   11:37  -0.9   22:49  15.8   0.0   0.6   1.8  17.7   10:44   WSW
17   1.5   6.6   13:28  -1.4   08:23  16.8   0.0   0.2   1.9  14.5   11:03   WSW
18  -0.4   4.2   13:39  -4.4   23:21  18.7   0.0   0.0   2.0  17.7   04:33   SSW
19  -1.3   3.7   14:07  -5.1   02:35  19.6   0.0   0.0   1.9  20.9   10:27    SW
20  -0.5   3.3   14:29  -2.4   18:18  18.8   0.0   0.0   0.3   8.0   11:36     S
21   1.1   5.2   13:49  -4.6   05:16  17.2   0.0   0.0   3.7  27.4   10:55   WSW
22   2.6   8.1   12:38  -0.6   07:31  15.7   0.0   0.0   1.1  11.3   10:33     S
23   4.4  11.1   22:09  -0.6   02:52  13.9   0.0   0.2   2.8  35.4   21:36   SSW
24   9.2  17.3   13:23   3.8   21:13   9.1   0.0   0.0   3.9  25.7   06:54   WSW
25   6.6  10.9   14:12  -0.7   08:18  11.7   0.0   0.0   5.0  35.4   23:00   WSW
26   9.0  11.2   10:59   6.4   00:15   9.1   0.0   0.0  12.5  54.7   11:23    SW
27   8.9   9.3   00:00   7.0   17:27   9.4   0.0   3.0  ----  14.5   20:52     S
28   4.2   8.4   00:21   0.7   18:51  14.1   0.0  11.0  ----  20.9   03:55     S
29   0.9   5.3   14:31  -2.6   22:25  17.4   0.0   8.2  ----  14.5   12:35   WSW
30   2.3   5.1   12:34  -2.2   00:06  16.0   0.0   0.0  ----  37.0   23:23   WSW
31   7.1  10.0   14:19   4.2   00:32  11.2   0.0   0.0  ----  48.3   04:35   WSW
----------------------------------------------------------------------------------
     3.5  17.3    24    -8.8    10   457.2   0.0 113.4   4.3  69.2     8      SW

Max >=  30.0  0
Max <=   0.0  0
Min <=   0.0 19
Min <= -10.0  0
Max Rain: 27.4 on day 15
Days of Rain: 16 (>= 0.2 mm)  11 (>= 2.0 mm)  2 (>= 20.0 mm)
Heat Base: 18.3  Cool Base: 18.3  Method: Integration