NOAA-Style klimatska poročila


Poročilo za 2017 Avgust
                   Monthly Climatological Summary for Aug 2017

Name: Bezina   City: Slovenske Konjice   State: SI
Elevation: 344 m  Lat: N 46 21 00   Lon: E 015 25 00

                  Temperature (°C), Rain (mm), Wind Speed (km/h)

                                      Heat  Cool        Avg
    Mean                              Deg   Deg         Wind                 Dom
Day Temp  High   Time   Low    Time   Days  Days  Rain  Speed High   Time    Dir
----------------------------------------------------------------------------------
01  26.3  34.8   16:07  17.7   05:48   0.0   8.0   0.0   2.0  24.1   16:22   SSE
02  26.5  35.1   16:24  19.2   03:32   0.0   7.7  13.8   2.6  46.7   21:18     E
03  26.6  34.9   15:26  19.3   00:43   0.0   8.3   0.2   4.3  33.8   03:36    SW
04  29.2  37.3   15:26  19.3   06:05   0.0   8.3   0.0   0.1  25.7   23:38     S
05  26.7  33.2   17:07  19.7   06:09   0.0   8.4   0.0  ----  19.3   12:12     E
06  22.1  27.1   11:04  17.5   23:59   0.0   3.8  12.0  ----  20.9   11:27     E
07  20.2  26.4   17:11  15.2   04:07   1.0   2.9  12.8  ----  20.9   12:17     E
08  20.9  28.4   16:56  14.8   06:03   0.8   3.5   0.0  ----  19.3   14:09   SSE
09  23.7  31.1   17:31  17.1   06:03   0.1   5.5   0.0  ----  19.3   12:08   ESE
10  24.1  31.3   15:22  18.3   20:44   0.0   5.6  14.6  ----  74.0   19:11    SW
11  21.1  29.2   15:08  14.1   23:56   0.6   3.4   2.0  ----  37.0   15:24   SSW
12  16.6  19.1   19:23  13.8   00:26   1.7   0.0   3.4  ----  12.9   01:09   ENE
13  19.1  27.8   17:31  11.4   05:52   2.2   2.9   0.0  ----  22.5   15:13   ESE
14  19.8  28.2   17:46  12.4   05:54   1.9   3.4   0.0  ----  24.1   12:13    SE
15  21.0  29.8   16:28  12.9   06:14   1.6   4.3   0.0  ----  22.5   11:17   SSE
16  22.0  30.2   15:57  13.9   05:38   1.1   4.8   0.0  ----  22.5   13:56    SE
17  18.9  30.8   16:44  15.8   05:39   0.0   0.1   0.0  ----   3.2   21:31   SSE
18  24.2  32.7   15:36  16.7   04:52   0.3   6.2   0.0  ----  24.1   15:46     S
19  19.8  25.6   11:57  15.3   23:59   0.7   2.1  17.8  ----  22.5   12:08   ESE
20  17.8  24.6   14:46  13.2   06:25   1.8   1.3  15.2  ----  29.0   21:56   NNE
21  17.0  23.3   16:01   9.6   06:48   2.4   1.3   0.0  ----  19.3   17:23   NNE
22  15.7  23.7   15:47   7.5   06:06   4.1   1.5   0.0  ----  19.3   10:43   SSE
23  17.1  26.2   16:52   9.4   06:15   3.2   2.1   0.0  ----  17.7   14:04     S
24  20.4  31.2   16:19  11.4   05:56   2.1   4.2   0.0  ----  22.5   14:42     S
25  23.8  32.7   17:03  16.4   06:30   0.1   5.6   0.0  ----  17.7   14:28     S
26  24.0  34.2   17:41  15.2   05:21   0.7   6.4   0.0  ----  20.9   13:37   SSW
27  26.9  33.9   15:26  19.8   22:54   0.0   8.6   0.8  ----  27.4   20:32    SW
28  19.1  26.7   13:42  15.0   23:51   0.9   1.7   7.0  ----  24.1   12:07   ESE
29  18.7  26.2   17:26  13.5   04:17   2.0   2.4   0.2  ----  17.7   13:17   ESE
30  19.7  28.5   15:45  11.7   06:13   2.1   3.5   0.0  ----  22.5   14:06     S
31  23.6  31.9   15:58  13.7   04:39   0.9   6.2   0.0  ----  30.6   12:24    SW
----------------------------------------------------------------------------------
    21.7  37.3     4     7.5    22    32.3 134.0  99.8   2.7  74.0    10       S

Max >=  30.0 15
Max <=   0.0  0
Min <=   0.0  0
Min <= -10.0  0
Max Rain: 17.8 on day 19
Days of Rain: 12 (>= 0.2 mm)  9 (>= 2.0 mm)  0 (>= 20.0 mm)
Heat Base: 18.3  Cool Base: 18.3  Method: Integration