NOAA-Style klimatska poročila


Poročilo za 2017 Maj
                   Monthly Climatological Summary for May 2017

Name: Bezina   City: Slovenske Konjice   State: SI
Elevation: 344 m  Lat: N 46 21 00   Lon: E 015 25 00

                  Temperature (°C), Rain (mm), Wind Speed (km/h)

                                      Heat  Cool        Avg
    Mean                              Deg   Deg         Wind                 Dom
Day Temp  High   Time   Low    Time   Days  Days  Rain  Speed High   Time    Dir
----------------------------------------------------------------------------------
01  12.7  18.7   18:42   7.7   05:24   5.6   0.0   0.0   2.1  22.5   16:53   SSE
02  13.3  20.0   15:43   5.8   06:12   5.2   0.2   0.4   4.2  35.4   10:50   SSW
03  10.7  16.6   17:41   5.1   04:28   7.6   0.0   0.0   1.2  14.5   14:31     E
04  12.8  19.9   12:52   4.7   06:01   5.6   0.1   1.4   4.9  35.4   12:05    SW
05  11.0  14.1   19:16   8.3   06:24   7.3   0.0   6.0   1.4  14.5   01:57   SSW
06  14.6  22.1   14:33   7.1   06:33   4.1   0.5   0.0   5.2  40.2   14:49   SSW
07  13.6  18.1   17:42  10.3   05:53   4.7   0.0   1.6   3.3  22.5   00:20   SSE
08  14.4  19.9   15:38   7.7   05:42   4.1   0.2   0.0   1.8  14.5   15:29   SSE
09  10.6  13.2   12:17   7.0   23:59   7.7   0.0   4.8   2.1  27.4   16:06     E
10  10.2  17.2   17:00   5.1   05:39   8.1   0.0   0.0   3.8  30.6   17:30   SSW
11  15.2  19.8   14:28   8.3   00:00   3.2   0.1   0.0   8.2  45.1   10:15    SW
12  18.7  23.9   16:02  14.4   23:57   1.2   1.6   0.0   7.7  33.8   09:52    SW
13  16.9  21.7   12:02  12.3   22:52   2.1   0.7   1.0   3.7  24.1   08:21   WSW
14  17.3  23.9   14:59  10.2   05:15   2.3   1.3   2.0   2.7  20.9   10:43     N
15  15.0  18.4   17:09  12.4   23:57   3.3   0.0   3.2   0.8   9.7   16:52     E
16  16.9  24.3   15:50   9.2   05:34   3.2   1.8   0.0   2.3  24.1   16:21     E
17  17.6  23.6   14:42  11.5   23:58   2.2   1.5   0.0   2.2  25.7   09:37   ENE
18  17.3  25.3   15:29   8.1   05:34   3.4   2.4   0.0   3.5  27.4   13:31     S
19  19.6  26.9   15:32  10.2   05:04   2.0   3.3   0.0   6.4  45.1   16:11    SW
20  17.7  22.6   14:31  10.9   05:54   1.6   1.0   0.0   3.0  22.5   12:44     E
21  17.4  22.6   16:09  11.1   23:58   1.7   0.9   0.0   4.8  43.5   05:52   NNE
22  17.5  25.8   16:07   8.4   05:36   2.9   2.1   0.2   2.8  30.6   21:37     S
23  18.0  24.9   17:13  11.3   04:51   2.0   1.6  11.8   2.4  20.9   13:02   SSE
24  17.7  22.7   14:45  12.1   02:03   1.4   0.8   0.8   2.5  19.3   15:10   SSW
25  15.5  21.7   16:48  10.2   23:52   3.3   0.5   2.0   3.0  27.4   13:08    NE
26  15.6  23.3   15:26   7.6   04:13   3.9   1.3   0.0   2.4  25.7   13:40    SE
27  18.7  25.9   14:59  12.2   00:00   2.1   2.5   0.0   2.1  25.7   15:31   ESE
28  18.1  26.1   17:35  10.1   05:43   2.7   2.5   0.0   2.4  20.9   12:07   ESE
29  19.5  28.0   16:32   9.9   05:23   2.4   3.6   0.0   2.8  24.1   10:32     S
30  21.7  30.8   16:11  13.4   05:28   1.2   4.6   0.0   2.1  19.3   18:20     S
31  22.2  29.2   16:01  17.0   04:54   0.1   4.0   2.0   3.0  22.5   01:32   WSW
----------------------------------------------------------------------------------
    16.1  30.8    30     4.7     4   108.2  39.1  37.2   3.3  45.1    11       S

Max >=  30.0  1
Max <=   0.0  0
Min <=   0.0  0
Min <= -10.0  0
Max Rain: 11.8 on day 23
Days of Rain: 13 (>= 0.2 mm)  7 (>= 2.0 mm)  0 (>= 20.0 mm)
Heat Base: 18.3  Cool Base: 18.3  Method: Integration