NOAA-Style klimatska poročila


Poročilo za 2017 April
                   Monthly Climatological Summary for Apr 2017

Name: Bezina   City: Slovenske Konjice   State: SI
Elevation: 344 m  Lat: N 46 21 00   Lon: E 015 25 00

                  Temperature (°C), Rain (mm), Wind Speed (km/h)

                                      Heat  Cool        Avg
    Mean                              Deg   Deg         Wind                 Dom
Day Temp  High   Time   Low    Time   Days  Days  Rain  Speed High   Time    Dir
----------------------------------------------------------------------------------
01  14.9  23.8   14:57   4.4   06:54   4.7   1.3   0.0   4.7  40.2   13:33    SW
02  14.2  23.0   14:28   4.9   06:41   5.3   1.2   0.0   2.5  24.1   12:14     S
03  14.2  23.3   16:25   5.8   04:40   5.5   1.3   0.0   2.6  30.6   15:54   ENE
04  12.9  20.5   13:56   6.1   06:30   5.6   0.3   1.0   2.4  27.4   13:44    SE
05  11.8  16.7   15:42   8.8   05:47   6.5   0.0   0.0   1.7  14.5   02:39    SE
06   9.3  12.9   13:50   2.6   23:45   9.0   0.0   0.6   1.9  20.9   14:26   ESE
07   9.7  17.3   14:29   2.6   00:34   8.6   0.0   0.0   3.3  29.0   12:16   WSW
08  12.0  20.3   15:58   3.5   06:47   6.5   0.2   0.0   2.0  22.5   11:40   ESE
09  13.8  21.4   17:02   7.3   00:00   5.0   0.5   0.0   1.9  20.9   13:08   SSE
10  14.0  24.7   14:47   4.7   06:40   5.7   1.3   6.6   2.9  30.6   18:18     S
11  12.1  17.2   12:12   5.7   23:57   6.2   0.0  12.8   2.2  20.9   01:00    SW
12   9.9  18.2   16:47   2.7   05:51   8.4   0.0   0.0   3.2  25.7   11:31   SSW
13  14.7  20.4   13:38   7.1   00:00   3.7   0.2   0.0   3.0  20.9   04:46    NE
14  13.9  20.6   15:59   8.3   06:48   4.6   0.2   5.0   2.9  22.5   14:06     S
15  12.3  16.3   16:09   9.3   06:31   6.0   0.0   3.0   1.7  17.7   15:49     S
16   7.9   9.2   20:38   6.9   23:59   1.4   0.0   3.0   2.0   8.0   20:44    NW
17   8.4  13.3   13:19   2.8   06:10   9.9   0.0   0.2   1.9  19.3   19:59     S
18   6.2   9.1   12:58   2.1   23:38  12.1   0.0   0.8   2.4  27.4   16:45   ENE
19   4.2   6.3   13:15   0.8   06:34  14.1   0.0   0.2   5.8  46.7   23:07   NNW
20   5.1   9.6   15:48   0.0   23:41  13.2   0.0   0.0   9.4  53.1   00:55     N
21   4.8  13.0   16:56  -3.4   06:02  13.5   0.0   0.0   2.5  25.7   14:34    SE
22  10.3  18.5   14:22  -0.3   03:53   8.0   0.0   0.0   4.1  30.6   12:03   SSW
23   7.1  11.4   17:08   3.9   06:39  11.2   0.0   8.4   2.1  22.5   00:17    NE
24  10.4  17.2   14:40   4.0   01:48   7.9   0.0   0.0   5.1  41.8   17:40    SW
25  14.2  18.6   13:27  11.0   05:55   4.1   0.0   0.2  10.0  41.8   09:55   WSW
26  14.8  17.0   10:44  12.7   00:00   3.5   0.0   0.2   9.1  46.7   01:30    SW
27  11.3  15.8   08:30   6.4   23:47   7.0   0.0  22.4   3.2  22.5   06:53     S
28   7.1   9.9   17:59   5.8   23:59  11.2   0.0  47.4   1.8  12.9   01:00    SE
29   7.4  14.3   14:33   1.5   06:17  10.9   0.0   0.0   1.9  20.9   11:49   SSE
30   8.3  15.6   15:45   0.3   06:00  10.0   0.0   0.0   2.2  20.9   11:49   ENE
----------------------------------------------------------------------------------
    10.6  24.7    10    -3.4    21   229.3   6.5 111.8   3.4  53.1    20     SSW

Max >=  30.0  0
Max <=   0.0  0
Min <=   0.0  3
Min <= -10.0  0
Max Rain: 47.4 on day 28
Days of Rain: 15 (>= 0.2 mm)  8 (>= 2.0 mm)  2 (>= 20.0 mm)
Heat Base: 18.3  Cool Base: 18.3  Method: Integration