NOAA-Style klimatska poročila


Poročilo za 2017 Februar
                   Monthly Climatological Summary for Feb 2017

Name: Bezina   City: Slovenske Konjice   State: SI
Elevation: 344 m  Lat: N 46 21 00   Lon: E 015 25 00

                  Temperature (°C), Rain (mm), Wind Speed (km/h)

                                      Heat  Cool        Avg
    Mean                              Deg   Deg         Wind                 Dom
Day Temp  High   Time   Low    Time   Days  Days  Rain  Speed High   Time    Dir
----------------------------------------------------------------------------------
01  -0.9   7.8   23:58  -2.9   07:38  19.2   0.0   3.8   1.0  29.0   23:18    SW
02   9.6  11.9   13:47   7.7   03:25   8.7   0.0   0.0  11.2  54.7   15:40    SW
03  10.2  11.5   15:51   8.3   22:00   8.1   0.0   0.6  11.4  49.9   07:47    SW
04   8.8  12.2   13:22   5.4   23:59   9.5   0.0   7.6   5.3  37.0   01:14    SW
05   6.7  11.1   11:39   3.3   06:11  11.6   0.0   4.2   3.7  25.7   12:25   WSW
06   4.7   5.9   13:12   3.3   23:55  13.6   0.0  14.6   0.9  20.9   13:39     E
07   2.7   4.0   15:48   1.7   18:54  15.6   0.0   0.0   0.5  11.3   09:06    NE
08   0.4   1.9   00:00  -1.3   22:34  17.9   0.0   0.0   1.6  17.7   18:52     E
09  -1.1  -0.7   23:39  -1.4   09:33  19.4   0.0   0.0   0.8  11.3   03:12   SSE
10  -0.6   0.1   14:52  -0.9   06:38  18.9   0.0   0.2   0.5   9.7   05:10     E
11   0.6   2.3   15:03  -0.8   05:17  17.7   0.0   0.6   0.1   6.4   14:48   ENE
12   1.8   3.4   14:21   0.8   00:17  16.5   0.0   0.0   0.3   8.0   11:50    SE
13   0.7   2.3   14:35  -1.0   21:10  17.6   0.0   0.0   0.8  14.5   13:34   ENE
14   0.7   8.8   14:58  -4.6   06:34  17.6   0.0   0.2   1.0  14.5   11:54   SSW
15   2.5  12.8   15:12  -3.9   05:23  15.8   0.0   0.2   0.8  11.3   08:33   ESE
16   3.7  12.9   14:34  -2.8   06:49  14.6   0.0   0.0   1.0  14.5   12:48   SSE
17   3.7  13.9   13:46  -3.2   07:08  14.5   0.0   3.4   1.5  17.7   13:44   SSE
18   4.1   8.8   14:58   1.2   05:31  14.2   0.0   0.4   0.9  14.5   13:18   ENE
19   4.1  10.3   14:32  -1.4   23:28  14.2   0.0   0.0   1.7  17.7   11:07     S
20   3.6  12.7   15:47  -2.2   07:25  14.7   0.0   0.0   1.4  24.1   23:58     S
21   7.7   9.7   15:59   6.3   06:03  10.6   0.0   0.0   9.9  38.6   04:54   WSW
22   9.2  12.7   12:40   4.7   05:24   9.1   0.0   0.0  10.8  48.3   20:46   WSW
23  10.7  13.8   14:05   7.3   00:19   7.6   0.0   0.0  16.9  77.2   22:51    SW
24   8.3  12.1   09:04   2.6   22:25  10.0   0.0  25.2  10.8  74.0   02:39    SW
25   3.8   9.9   14:38  -0.3   21:52  14.5   0.0   0.2   2.1  19.3   10:53     S
26   4.6  12.4   15:34  -0.9   03:52  13.6   0.0   0.0   3.2  25.7   09:22    SW
27   9.3  15.0   14:32   0.3   01:50   9.0   0.0   0.0   7.6  61.2   22:49    SW
28  10.3  12.6   20:47   8.2   00:26   8.0   0.0   1.0  12.7  69.2   05:56    SW
----------------------------------------------------------------------------------
     4.6  15.0    27    -4.6    14   382.3   0.0  62.2   4.3  77.2    23      SW

Max >=  30.0  0
Max <=   0.0  1
Min <=   0.0 14
Min <= -10.0  0
Max Rain: 25.2 on day 24
Days of Rain: 14 (>= 0.2 mm)  6 (>= 2.0 mm)  1 (>= 20.0 mm)
Heat Base: 18.3  Cool Base: 18.3  Method: Integration