NOAA-Style klimatska poročila


Poročilo za 2017 Januar
                   Monthly Climatological Summary for Jan 2017

Name: Bezina   City: Slovenske Konjice   State: SI
Elevation: 344 m  Lat: N 46 21 00   Lon: E 015 25 00

                  Temperature (°C), Rain (mm), Wind Speed (km/h)

                                      Heat  Cool        Avg
    Mean                              Deg   Deg         Wind                 Dom
Day Temp  High   Time   Low    Time   Days  Days  Rain  Speed High   Time    Dir
----------------------------------------------------------------------------------
01  -2.7   7.1   14:53  -7.1   08:27  21.0   0.0   0.0   0.6   8.0   04:10    SE
02   2.1   9.4   14:10  -5.4   03:27  16.2   0.0   0.0   3.3  32.2   13:00   WSW
03  -0.8   4.6   14:02  -4.2   07:51  19.1   0.0   0.0   0.7  19.3   22:13     S
04   1.7   6.2   13:05  -2.1   23:57  16.6   0.0   0.0   3.9  30.6   05:19   WSW
05  -1.5   2.8   12:59  -4.7   06:50  19.8   0.0   0.2   3.9  49.9   20:21   NNE
06  -4.9  -2.8   13:27  -7.3   19:08  23.2   0.0   0.2   6.6  51.5   14:58   NNE
07  -8.4  -3.8   13:51 -12.8   07:48  26.7   0.0   0.0   2.1  22.5   01:58   SSE
08  -7.7  -5.0   13:47 -11.9   23:58  26.0   0.0   1.4   1.0  12.9   00:26   SSE
09  -6.7  -1.1   14:04 -12.6   07:52  25.0   0.0   0.0   1.3  14.5   15:31   ENE
10  -8.3  -4.0   00:00 -15.4   22:20  26.6   0.0   0.8   2.1  17.7   10:42   ENE
11  -8.0  -1.7   14:44 -16.2   03:55  26.3   0.0   0.0   3.6  33.8   21:31    SW
12   1.7   5.2   22:14  -2.4   00:00  16.6   0.0   0.0  13.4  53.1   04:11   WSW
13   3.0   7.1   06:46  -1.4   23:52  15.3   0.0   0.0   4.5  43.5   00:55    SW
14  -0.1   3.1   14:40  -3.1   22:07  18.4   0.0  28.6   2.3  22.5   12:50   WSW
15  -1.9   4.6   13:20  -7.0   22:47  20.2   0.0   0.0   1.7  12.9   03:53    SW
16  -3.3  -1.0   13:48  -6.6   03:44  21.6   0.0   1.2   2.1  24.1   19:59     E
17  -0.6   0.8   13:17  -1.4   23:56  18.9   0.0   0.0   5.5  30.6   00:14    NE
18  -1.4   0.3   13:37  -2.8   06:56  19.7   0.0   0.0   3.3  22.5   14:10   ESE
19  -3.9  -0.1   13:46  -9.2   23:31  22.2   0.0   0.0   1.7  19.3   00:18    SE
20  -6.5   2.1   14:03 -11.6   06:43  24.8   0.0   0.0   0.6  11.3   12:26   SSE
21  -6.6   1.2   13:54 -11.8   07:28  24.9   0.0   0.0   0.3  11.3   14:40   ESE
22  -4.5   1.5   14:49 -11.2   07:14  10.7   0.0   0.0   0.5   9.7   12:46    NE
23  -7.4  -1.7   12:31 -12.2   07:39  25.7   0.0   0.0   0.6  11.3   13:57    NE
24  -6.7  -5.7   23:10  -7.8   09:39  25.0   0.0   0.0   2.0  12.9   12:41   ENE
25  -4.0  -1.7   14:16  -6.0   07:26  22.3   0.0   0.0   1.3  14.5   12:23    SW
26  -2.4  -1.2   15:02  -3.3   03:15  20.7   0.0   0.0   0.9  16.1   04:44   SSE
27  -3.5   2.9   15:19  -8.8   23:13  21.8   0.0   0.0   2.1  24.1   09:19    SW
28  -7.4  -5.2   14:40 -11.1   04:26  25.7   0.0   0.0   0.9   9.7   13:52   ENE
29  -6.1  -4.9   13:23  -6.8   05:23  24.4   0.0   0.0   1.6   9.7   13:55   ESE
30  -6.3  -4.7   13:16  -6.9   05:34  24.6   0.0   0.0   1.4   9.7   10:23     E
31  -4.0  -0.7   15:24  -7.0   03:47  22.3   0.0   0.0   1.7  14.5   15:29   ENE
----------------------------------------------------------------------------------
    -3.8   9.4     2   -16.2    11   672.3   0.0  32.4   2.5  53.1    12     SSW

Max >=  30.0  0
Max <=   0.0 16
Min <=   0.0 31
Min <= -10.0 10
Max Rain: 28.6 on day 14
Days of Rain: 6 (>= 0.2 mm)  1 (>= 2.0 mm)  1 (>= 20.0 mm)
Heat Base: 18.3  Cool Base: 18.3  Method: Integration