NOAA-Style klimatska poročila


Poročilo za 2016 December
                   Monthly Climatological Summary for Dec 2016

Name: Bezina   City: Slovenske Konjice   State: SI
Elevation: 344 m  Lat: N 46 21 00   Lon: E 015 24 60

                  Temperature (°C), Rain (mm), Wind Speed (km/h)

                                      Heat  Cool        Avg
    Mean                              Deg   Deg         Wind                 Dom
Day Temp  High   Time   Low    Time   Days  Days  Rain  Speed High   Time    Dir
----------------------------------------------------------------------------------
01   1.2   9.5   13:58  -2.6   05:37  17.1   0.0   0.0   1.1  14.5   12:26     E
02   1.9   9.6   13:29  -3.1   07:33  16.4   0.0   0.0   1.2  27.4   15:49   SSE
03   0.6   6.1   14:31  -3.4   23:39  17.7   0.0   0.0   0.4   8.0   12:59   ENE
04  -0.6   5.6   14:12  -5.2   06:58  18.9   0.0   0.2   0.5  11.3   10:43    SE
05   0.9   6.5   14:16  -3.8   23:48  17.4   0.0   0.0   0.6  11.3   14:15   SSE
06  -0.5   9.9   14:02  -5.2   05:43  18.8   0.0   0.2   0.6   9.7   13:11   SSE
07  -1.9   4.2   14:02  -5.3   07:33  20.2   0.0   0.2   0.9  16.1   12:16     S
08  -2.0   4.2   13:40  -4.6   01:41  20.3   0.0   0.0   1.1   9.7   11:15    NE
09   1.1  13.9   14:01  -4.3   00:12  17.2   0.0   0.2   0.5  12.9   12:23     E
10   1.1  11.0   14:16  -3.6   07:44  17.2   0.0   0.2   0.5   8.0   11:50    SE
11   3.1  12.1   14:08  -2.9   07:14  15.2   0.0   0.2   1.8  24.1   13:13    SW
12   5.1  13.7   14:07  -0.1   00:06  13.2   0.0   0.0   1.5  17.7   12:01    SW
13   2.0   6.7   14:22  -2.3   19:41  16.3   0.0   0.0   1.6  17.7   12:54   SSW
14   1.9   9.6   14:34  -2.2   03:35  16.4   0.0   0.0   0.8  14.5   14:15     E
15   2.4   4.6   12:37  -0.7   04:11  15.9   0.0   0.0   0.7   9.7   12:14   ENE
16   1.0   2.5   14:22  -3.7   23:59  17.3   0.0   0.0   0.4   8.0   12:11   SSE
17  -0.5   8.4   14:20  -5.3   07:22  18.8   0.0   0.0   1.3  17.7   13:57     S
18  -1.0   8.8   14:11  -6.0   07:31  19.3   0.0   0.0   0.5   9.7   14:12    SE
19  -1.7  -0.9   18:04  -2.7   00:00  20.0   0.0   0.0   0.7  11.3   23:52   ESE
20  -1.8  -0.9   02:29  -3.2   23:59  20.1   0.0   0.0   1.6  12.9   00:45    SE
21  -3.4  -2.7   11:44  -4.1   06:18  21.7   0.0   0.0   1.6   9.7   00:44   ENE
22  -3.2  -2.3   13:08  -3.7   00:00  21.5   0.0   0.0   1.2   8.0   03:22   ENE
23  -2.8   0.9   14:19  -5.0   23:58  21.1   0.0   0.0   1.2  11.3   15:17    NE
24  -3.5  -1.8   14:35  -6.0   01:54  21.8   0.0   0.0   0.8   9.7   19:51   ESE
25  -0.8   2.4   14:39  -2.8   02:12  19.1   0.0   0.0   0.4   6.4   05:51   ESE
26   2.0  11.1   13:59  -2.5   04:27  16.3   0.0   0.4   0.8  11.3   14:06    SE
27   3.9  11.4   13:44  -0.1   07:53  14.4   0.0   0.4   2.6  40.2   15:12     W
28   4.1   7.5   08:37  -0.8   23:59  14.2   0.0   0.0   4.4  33.8   06:48   WSW
29  -2.9   3.0   14:18  -6.7   07:48  21.2   0.0   2.8   0.7  11.3   11:30     S
30  -4.3   3.3   14:53  -8.5   07:26  22.6   0.0   0.4   0.5  11.3   12:21     S
31  -3.8   4.3   14:09  -8.8   07:37  21.2   0.0   0.0   0.6   9.7   11:57     S
----------------------------------------------------------------------------------
    -0.1  13.9     9    -8.8    31   568.8   0.0   5.2   1.1  40.2    27     SSE

Max >=  30.0  0
Max <=   0.0  5
Min <=   0.0 31
Min <= -10.0  0
Max Rain: 2.8 on day 29
Days of Rain: 10 (>= 0.2 mm)  1 (>= 2.0 mm)  0 (>= 20.0 mm)
Heat Base: 18.3  Cool Base: 18.3  Method: Integration