NOAA-Style klimatska poročila


Poročilo za 2016 November
                   Monthly Climatological Summary for Nov 2016

Name: Bezina   City: Slovenske Konjice   State: SI
Elevation: 344 m  Lat: N 46 21 00   Lon: E 015 24 60

                  Temperature (°C), Rain (mm), Wind Speed (km/h)

                                      Heat  Cool        Avg
    Mean                              Deg   Deg         Wind                 Dom
Day Temp  High   Time   Low    Time   Days  Days  Rain  Speed High   Time    Dir
----------------------------------------------------------------------------------
01   8.4  16.0   13:21   1.2   06:38   9.9   0.0   0.0   3.2  30.6   22:21    SW
02  12.4  17.7   13:28   8.1   23:59   5.9   0.0   0.0   6.2  38.6   01:52    SW
03   6.4  10.3   13:50   0.7   23:59  11.9   0.0   0.8   1.6  19.3   11:38     S
04   3.7  11.1   13:53  -0.9   06:51  14.6   0.0   0.2   1.9  22.5   14:38     S
05  11.9  16.1   21:57   2.7   02:33   6.4   0.0   3.4   7.6  38.6   05:14    SW
06  13.3  16.7   16:09   5.2   23:56   5.1   0.0  41.6   6.4  41.8   14:10   SSW
07   4.4   5.3   14:30   3.5   03:53  13.9   0.0  13.2   0.7  11.3   00:31     S
08   2.9   5.0   00:14   1.9   07:55  15.4   0.0   7.2   1.4  12.9   00:55   SSE
09   2.4   7.7   14:19  -1.1   06:06  15.9   0.0   0.2   1.3  17.7   11:12    SW
10   5.2   6.1   09:54   2.2   00:00  13.1   0.0   0.0   6.1  27.4   03:04    SW
11   5.7   9.2   10:11   1.8   06:30  12.6   0.0  16.2   2.5  17.7   21:26   SSW
12   3.8   6.2   15:44  -0.7   23:57  14.5   0.0   2.8   2.9  25.7   10:23     S
13   0.8   5.6   14:08  -3.0   06:45  17.5   0.0   0.0   0.9  14.5   13:48   SSE
14   0.9   4.4   12:52  -2.8   07:27  17.4   0.0   0.0   1.0  17.7   11:31    NE
15  -0.4   5.3   13:19  -4.8   06:55  18.7   0.0   0.2   1.7  17.7   11:06   SSW
16   3.9   7.0   13:02   1.6   00:00  14.4   0.0   0.6   1.8  19.3   01:50   SSW
17   9.0  13.1   13:09   3.9   00:41   9.3   0.0   0.2   7.8  43.5   08:30   WSW
18  12.1  14.1   18:21   9.4   01:57   6.2   0.0   1.4   8.5  45.1   04:42    SW
19  11.8  15.7   11:45   8.4   23:10   6.5   0.0  36.6   2.8  41.8   11:41   SSW
20  11.6  16.4   13:15   8.3   06:41   6.7   0.0   0.2   2.6  35.4   12:59   SSW
21  12.2  15.1   17:21   8.8   23:40   6.1   0.0   0.2   0.4  25.7   17:17   SSW
22  12.2  17.3   12:03   7.5   07:38   6.1   0.0   0.0   1.5  19.3   12:30   SSW
23  13.3  17.9   13:36   7.5   07:41   5.0   0.0   0.2   3.7  51.5   12:57    SW
24  14.2  18.3   12:27  11.2   23:59   4.1   0.0   0.0   3.2  33.8   11:47    SW
25   8.4  11.2   00:00   7.4   22:58   9.9   0.0   0.8   0.5   8.0   18:43   ENE
26   7.3   8.1   15:23   6.9   19:19  11.0   0.0   0.4   0.7   9.7   11:49     E
27   7.5   8.2   13:29   5.0   23:57  10.8   0.0   2.0   0.9  22.5   23:20   ENE
28   2.6   6.7   12:22  -2.3   19:38  15.7   0.0   1.4   1.9  25.7   11:22   ENE
29  -1.0   4.4   13:52  -4.9   23:57  19.3   0.0   0.2   1.7  24.1   02:53     E
30  -0.5   6.1   12:49  -6.3   05:51  18.8   0.0   0.0   1.8  19.3   10:32   SSW
----------------------------------------------------------------------------------
     6.9  18.3    24    -6.3    30   342.7   0.0 130.0   2.8  51.5    23     SSW

Max >=  30.0  0
Max <=   0.0  0
Min <=   0.0  9
Min <= -10.0  0
Max Rain: 41.6 on day 6
Days of Rain: 22 (>= 0.2 mm)  8 (>= 2.0 mm)  2 (>= 20.0 mm)
Heat Base: 18.3  Cool Base: 18.3  Method: Integration