NOAA-Style klimatska poročila


Poročilo za 2016 September
                   Monthly Climatological Summary for Sep 2016

Name: Bezina   City: Slovenske Konjice   State: SI
Elevation: 344 m  Lat: N 46 21 28   Lon: E 015 25 55

                  Temperature (?C), Rain (mm), Wind Speed (km/h)

                                      Heat  Cool        Avg
    Mean                              Deg   Deg         Wind                 Dom
Day Temp  High   Time   Low    Time   Days  Days  Rain  Speed High   Time    Dir
----------------------------------------------------------------------------------
01  19.7  28.9   16:57  11.6   06:15   2.0   3.4   0.0   0.8  14.5   12:33   SSE
02  21.4  27.8   16:08  15.8   23:54   0.4   3.5   0.0   1.1  14.5   08:21    SW
03  20.2  28.7   17:48  13.7   05:25   1.5   3.5   0.0   0.9  12.9   11:30   SSE
04  21.7  29.8   15:50  15.6   02:20   0.7   4.1   7.8   2.3  27.4   22:21   SSW
05  17.5  22.2   17:10  14.1   23:57   1.4   0.6  11.4   1.3  14.5   12:14   SSE
06  15.0  16.4   23:01  13.6   06:32   3.3   0.0   2.6   1.3  17.7   14:05   WNW
07  18.7  24.8   16:59  13.9   02:48   1.3   1.7   0.8   1.0  24.1   11:50   ESE
08  19.4  26.8   15:38  13.2   06:47   1.7   2.7   0.0   1.2  16.1   13:31     E
09  20.3  28.4   14:30  13.4   06:21   1.6   3.6   0.2   1.2  19.3   15:08   ENE
10  20.3  27.8   14:28  13.7   06:29   1.2   3.3   0.0   1.2  19.3   14:38     E
11  20.4  28.3   15:16  14.3   05:04   1.2   3.3   0.0   0.8  14.5   11:24   ESE
12  21.3  29.7   14:19  15.0   05:44   0.9   3.9   0.0   0.9  19.3   15:18     S
13  20.7  29.3   16:38  14.2   06:33   1.2   3.6   0.0   0.7  14.5   13:17   SSE
14  19.4  27.8   15:51  13.8   06:34   1.4   2.5   0.0   0.9  16.1   15:55   ENE
15  20.1  26.9   14:29  13.1   06:39   1.4   3.1   0.2   2.1  27.4   19:21   SSW
16  20.2  25.3   13:17  17.0   23:59   0.1   2.1   2.2   4.5  25.7   12:16   WSW
17  18.3  22.3   11:53  13.7   23:59   1.0   0.9   3.4   3.5  24.1   14:34    SW
18  15.7  21.3   15:14  12.4   06:55   3.1   0.5   9.2   0.8  14.5   11:57     E
19  16.4  22.8   14:39  12.9   23:58   2.5   0.6  10.4   1.1  20.9   12:06   NNW
20  14.8  19.9   14:15  10.7   05:21   3.7   0.1   0.0   1.3  17.7   14:03     E
21  12.9  17.2   12:24   7.6   23:55   5.4   0.0   0.0   1.1  16.1   10:45   ESE
22  11.7  19.9   16:28   5.9   07:00   6.6   0.1   0.2   1.1  17.7   11:11   ESE
23  12.9  22.1   16:38   6.3   07:10   5.9   0.5   0.2   0.8  14.5   16:30     E
24  14.1  22.4   16:41   8.0   06:33   5.0   0.9   0.0   0.8  19.3   14:21   SSE
25  14.2  22.8   15:28   7.1   06:57   5.1   1.0   0.0   1.2  20.9   12:49   SSE
26  13.8  21.0   17:02   8.3   06:51   4.8   0.3   0.2   0.5  14.5   13:10   SSE
27  14.2  21.6   15:36   9.3   23:56   4.6   0.6   0.0   1.0  14.5   13:36   SSE
28  14.0  22.8   16:44   7.0   06:49   5.3   1.0   0.2   1.4  19.3   13:26     S
29  18.0  25.2   16:37  10.2   00:24   2.8   2.5   0.0   2.6  20.9   14:52    SW
30  20.3  25.1   14:32  15.7   07:31   0.4   2.5   0.0   4.4  25.7   21:29   WSW
----------------------------------------------------------------------------------
    17.6  29.8     4     5.9    22    77.5  56.4  49.0   1.5  27.4     4       S

Max >=  30.0  0
Max <=   0.0  0
Min <=   0.0  0
Min <= -10.0  0
Max Rain: 11.4 on day 5
Days of Rain: 14 (>= 0.2 mm)  7 (>= 2.0 mm)  0 (>= 20.0 mm)
Heat Base: 18.3  Cool Base: 18.3  Method: Integration