NOAA-Style klimatska poročila


Poročilo za 2016 Julij
                   Monthly Climatological Summary for Jul 2016

Name: Bezina   City: Slovenske Konjice   State: SI
Elevation: 344 m  Lat: N 46 21 28   Lon: E 015 25 55

                  Temperature (?C), Rain (mm), Wind Speed (km/h)

                                      Heat  Cool        Avg
    Mean                              Deg   Deg         Wind                 Dom
Day Temp  High   Time   Low    Time   Days  Days  Rain  Speed High   Time    Dir
----------------------------------------------------------------------------------
01  22.8  29.1   17:59  16.7   02:19   0.0   4.5   0.0   2.3  25.7   13:27   SSW
02  24.1  30.9   14:30  16.9   05:03   0.0   5.8   0.0   3.7  32.2   15:57     S
03  17.5  20.2   00:01  14.2   23:26   0.8   0.0   3.0   0.9  16.1   05:56   SSE
04  19.3  25.8   16:04  12.9   02:39   0.0   1.0   0.0   2.1  20.9   12:32   SSE
05  21.0  28.2   18:03  12.8   05:40   0.0   2.7   2.2   2.5  22.5   13:05     S
06  20.2  26.0   15:26  15.7   23:59   0.0   1.9   7.0   3.4  29.0   01:30   WSW
07  19.5  25.4   17:17  14.9   06:02   0.0   1.2   0.0   2.2  25.7   13:49   SSE
08  21.2  29.4   17:24  13.2   05:08   0.0   2.9   0.0   2.1  20.9   13:31     S
09  23.4  28.4   13:08  19.2   00:35   0.0   5.1   0.0   2.2  20.9   15:14     S
10  23.8  30.7   15:58  16.1   05:35   0.0   5.5   0.0   2.1  22.5   16:39   SSE
11  25.4  33.7   15:58  17.6   04:58   0.0   7.1   0.0   2.6  27.4   11:13     S
12  25.1  32.3   17:07  17.7   06:03   0.0   6.8   0.0   1.8  19.3   18:00   SSE
13  21.3  25.9   13:52  18.5   05:14   0.0   3.0  10.2   2.0  29.0   17:16   ENE
14  18.1  22.2   16:19  13.6   06:13   0.2   0.0  30.2   3.0  25.7   06:39     W
15  16.2  19.7   17:17  12.1   04:39   2.1   0.0   0.0   1.8  25.7   20:49   NNE
16  15.5  17.2   13:17  12.7   23:29   2.8   0.0   0.4   3.9  33.8   03:12   NNW
17  18.1  25.8   17:16  12.4   03:26   0.2   0.0   0.0   1.8  24.1   17:37     W
18  21.2  28.6   16:16  15.3   03:24   0.0   2.9   1.0   1.6  17.7   11:39   SSW
19  22.0  28.7   17:33  16.7   00:36   0.0   3.7   0.0   1.2  14.5   13:13    SE
20  22.5  29.4   14:06  15.8   04:22   0.0   4.2   0.0   1.3  17.7   12:05   ESE
21  23.0  30.6   16:07  16.8   04:11   0.0   4.7   0.2   1.3  20.9   13:43   SSE
22  24.1  29.6   15:24  19.2   04:55   0.0   5.8   0.0   2.2  22.5   00:58    SE
23  24.4  31.4   15:47  18.0   05:48   0.0   6.1   0.0   1.3  16.1   14:23   ENE
24  23.9  30.1   14:33  16.5   06:02   0.2   5.8   0.0   1.2  19.3   12:36     E
25  22.1  27.5   15:23  17.8   02:37   0.1   3.9  27.6   1.9  24.1   01:29    NW
26  22.4  29.2   15:46  16.8   05:03   0.1   4.2   0.8   1.5  24.1   16:58    SE
27  22.5  28.8   13:53  17.7   03:05   0.1   4.2   0.6   1.9  20.9   19:16     W
28  21.1  26.9   14:18  17.7   05:38   0.0   2.8   3.8   1.8  19.3   02:14    SE
29  23.0  30.1   17:26  17.0   03:42   0.1   4.8   0.0   1.7  17.7   12:46     S
30  24.0  31.3   17:20  16.9   05:44   0.2   5.9   0.0   1.7  20.9   12:29   SSE
31  24.0  32.4   15:45  19.2   22:17   0.0   5.7  21.4   4.7  37.0   17:08   WSW
----------------------------------------------------------------------------------
    21.7  33.7    11    12.1    15     6.9 112.2 108.4   2.1  37.0    31       S

Max >=  30.0 10
Max <=   0.0  0
Min <=   0.0  0
Min <= -10.0  0
Max Rain: 30.2 on day 14
Days of Rain: 13 (>= 0.2 mm)  8 (>= 2.0 mm)  3 (>= 20.0 mm)
Heat Base: 18.3  Cool Base: 18.3  Method: Integration