NOAA-Style klimatska poročila


Poročilo za 2016 Junij
                   Monthly Climatological Summary for Jun 2016

Name: Bezina   City: Slovenske Konjice   State: SI
Elevation: 344 m  Lat: N 46 21 28   Lon: E 015 25 55

                  Temperature (?C), Rain (mm), Wind Speed (km/h)

                                      Heat  Cool        Avg
    Mean                              Deg   Deg         Wind                 Dom
Day Temp  High   Time   Low    Time   Days  Days  Rain  Speed High   Time    Dir
----------------------------------------------------------------------------------
01  17.4  22.6   14:28  14.2   06:00   1.6   0.6   0.0   5.9  46.7   15:59    SW
02  18.7  24.6   17:43  14.1   06:19   1.3   1.7   0.0   3.8  24.1   13:14   SSW
03  17.5  23.1   17:42  10.9   04:49   2.3   1.5   0.0   1.4  17.7   10:26   SSE
04  18.1  27.3   16:58  11.5   05:24   2.4   2.2  18.8   2.7  33.8   18:12   SSE
05  17.1  18.9   19:12  16.1   21:52   0.2   0.0   0.2   2.1  11.3   19:12   WNW
06  19.7  26.2   17:05  14.2   05:17   1.0   2.4   0.0   2.6  25.7   15:43    SW
07  18.8  25.1   16:16  12.1   05:43   0.0   0.5   0.0   1.8  19.3   13:25   ESE
08  17.3  24.3   12:33  12.7   03:45   2.0   1.0   8.8   2.0  27.4   12:35   SSW
09  16.9  20.8   17:02  14.3   02:28   1.8   0.4   7.6   0.8  11.3   09:57   SSW
10  17.8  21.2   15:44  13.9   04:18   1.6   1.1  13.0   3.2  16.1   14:21     W
11  20.4  25.8   15:03  14.7   05:47   0.4   2.5   1.0   5.3  30.6   12:24   WSW
12  16.8  20.4   18:31  14.9   02:10   1.8   0.3   8.6   1.1  16.1   12:29    SE
13  17.7  24.4   15:45  13.8   05:46   1.9   1.3   3.4   1.7  17.7   15:23     W
14  17.1  22.9   11:47  12.8   05:54   2.0   0.8   3.6   1.4  17.7   13:03     S
15  17.4  23.7   17:53  14.1   23:17   1.8   1.0  14.6   3.3  33.8   16:49    SW
16  20.5  27.4   18:39  13.0   02:36   1.4   3.6   0.0   2.5  25.7   16:26    SW
17  21.8  25.6   15:27  14.8   23:47   0.2   3.7   0.6   9.6  51.5   07:32   SSW
18  19.1  26.1   16:46  11.2   05:51   1.7   2.5   0.0   2.4  17.7   00:40   SSE
19  14.9  17.1   12:09  11.5   04:51   3.4   0.0   9.4   0.8  12.9   23:30     S
20  16.7  23.7   15:36  12.9   23:50   2.3   0.7  18.4   2.2  17.7   15:37     S
21  19.5  27.2   16:07  11.7   04:43   2.0   3.2   0.0   2.3  20.9   11:57     S
22  21.4  28.6   15:15  13.9   05:05   1.1   4.2   0.0   1.8  24.1   11:22    SE
23  23.1  30.2   16:01  15.6   04:59   0.6   5.3   0.0   1.3  17.7   11:42   ESE
24  25.5  32.4   16:29  18.4   04:13   0.0   7.2   0.0   1.2  16.1   15:06     E
25  22.6  30.8   14:09  17.2   22:50   0.1   4.4  51.0   2.0  56.3   16:57    SE
26  20.6  25.7   18:58  16.5   05:39   0.3   2.6   3.8   1.8  25.7   14:17   SSE
27  18.1  20.3   18:01  13.9   23:58   0.4   0.2   8.2   1.2  12.9   10:45     S
28  19.0  26.3   15:46  11.3   04:52   2.1   2.8   0.0   1.9  19.3   15:55     S
29  21.5  29.7   18:15  12.7   04:39   1.5   4.7   0.0   3.0  24.1   12:35   SSW
30  22.5  29.0   15:23  14.9   05:43   0.6   4.9   0.0   2.1  22.5   12:15   SSE
----------------------------------------------------------------------------------
    19.2  32.4    24    10.9     3    39.8  67.3 171.0   2.5  56.3    25     SSW

Max >=  30.0  3
Max <=   0.0  0
Min <=   0.0  0
Min <= -10.0  0
Max Rain: 51.0 on day 25
Days of Rain: 16 (>= 0.2 mm)  13 (>= 2.0 mm)  1 (>= 20.0 mm)
Heat Base: 18.3  Cool Base: 18.3  Method: Integration