NOAA-Style klimatska poročila


Poročilo za 2016 Marec
                   Monthly Climatological Summary for Mar 2016

Name: Bezina   City: Slovenske Konjice   State: SI
Elevation: 344 m  Lat: N 46 21 28   Lon: E 015 25 55

                  Temperature (?C), Rain (mm), Wind Speed (km/h)

                                      Heat  Cool        Avg
    Mean                              Deg   Deg         Wind                 Dom
Day Temp  High   Time   Low    Time   Days  Days  Rain  Speed High   Time    Dir
----------------------------------------------------------------------------------
01   6.3  10.1   15:09   1.2   23:57  12.0   0.0   2.6   2.1  24.1   08:11     W
02   5.2  13.2   14:56  -1.6   06:07  13.1   0.0   0.2   2.8  27.4   13:00    SW
03   3.6   5.1   03:22   2.4   09:00  14.7   0.0  13.6   2.8  35.4   23:45   SSE
04   4.6   8.2   11:49   1.3   23:03  13.7   0.0   0.4   3.0  37.0   02:30    SW
05   8.1  11.3   14:18   3.7   00:00  10.2   0.0   0.0   7.4  45.1   10:56    SW
06   7.9  11.2   12:20   4.7   23:23  10.4   0.0   9.6   4.5  30.6   12:55    SW
07   3.2   4.9   00:36   1.4   23:24  15.1   0.0   9.2   1.2  14.5   16:15   SSE
08   4.0   7.5   16:36   1.4   00:25  14.3   0.0   0.4   1.1  16.1   22:55   ESE
09   4.1   6.2   13:13   2.0   23:58  14.2   0.0   0.0   1.3  14.5   00:18    SE
10   6.2  12.7   14:01   0.7   05:27  12.1   0.0   0.0   2.5  24.1   13:24   NNE
11   6.4   8.8   15:03   5.1   02:56  11.9   0.0   0.6   1.5  16.1   13:53   SSE
12   6.1   7.8   15:32   4.6   03:48  12.2   0.0   0.2   1.5  20.9   20:55    SE
13   6.1   7.7   15:39   4.3   05:40  12.2   0.0   0.8   3.8  29.0   20:41    NE
14   5.8  10.8   15:38  -0.3   22:28  12.5   0.0   0.0   3.7  29.0   12:49    NE
15   1.5   4.7   11:22  -2.1   03:57  16.8   0.0   0.8   1.4  19.3   07:18   ESE
16   2.4   4.5   16:11   0.2   00:00  15.9   0.0   0.4   1.1  14.5   08:29     E
17   4.9  12.0   16:11  -1.1   06:29  13.4   0.0   0.2   1.5  20.9   13:16   SSE
18   6.2  15.9   15:47  -1.8   06:09  12.1   0.0   0.2   1.3  19.3   12:33    SE
19   7.7  15.6   15:01   0.6   04:26  10.6   0.0   0.0   1.8  17.7   15:40    SE
20   8.9  17.5   15:31   0.3   06:03   9.4   0.0   0.0   3.5  30.6   15:08    SW
21   6.8  10.1   00:00   1.5   05:56  11.5   0.0   0.0   1.1  12.9   09:07     E
22   7.2  11.8   14:45   2.5   21:53  11.1   0.0   0.0   1.5  20.9   12:25    SE
23   5.8   8.9   12:20   2.3   05:15  12.5   0.0   0.4   3.2  32.2   10:37   NNE
24   5.8  11.5   14:34   1.1   23:43  12.5   0.0   0.0   3.8  35.4   10:14   NNE
25   6.6  13.2   13:07  -0.7   05:37  11.7   0.0   0.0   3.9  40.2   13:05    SW
26   7.5  12.2   16:29   2.8   22:41  10.8   0.0   0.0   1.2  19.3   12:23   SSE
27   8.4  14.8   16:15   3.1   00:23   9.5   0.0   0.0   2.1  24.1   15:30   SSW
28   9.0  13.7   13:29   3.7   06:53   9.3   0.0   0.0   5.7  38.6   14:14    SW
29  12.7  17.4   14:21   7.1   23:58   5.6   0.0   0.0   7.0  40.2   16:32    SW
30  12.1  17.8   15:57   4.8   02:30   6.2   0.0   0.0   8.8  54.7   17:31    SW
31  15.3  19.2   15:09  12.2   04:50   3.0   0.1   0.0  11.9  48.3   18:05    SW
----------------------------------------------------------------------------------
     6.7  19.2    31    -2.1    15   360.5   0.1  39.6   3.2  54.7    30     SSW

Max >=  30.0  0
Max <=   0.0  0
Min <=   0.0  6
Min <= -10.0  0
Max Rain: 13.6 on day 3
Days of Rain: 15 (>= 0.2 mm)  4 (>= 2.0 mm)  0 (>= 20.0 mm)
Heat Base: 18.3  Cool Base: 18.3  Method: Integration