NOAA-Style klimatska poročila


Poročilo za 2016 Februar
                   Monthly Climatological Summary for Feb 2016

Name: Bezina   City: Slovenske Konjice   State: SI
Elevation: 344 m  Lat: N 46 21 28   Lon: E 015 25 55

                  Temperature (?C), Rain (mm), Wind Speed (km/h)

                                      Heat  Cool        Avg
    Mean                              Deg   Deg         Wind                 Dom
Day Temp  High   Time   Low    Time   Days  Days  Rain  Speed High   Time    Dir
----------------------------------------------------------------------------------
01  10.4  16.6   13:39   3.4   03:29   7.9   0.0   0.0   7.1  37.0   21:26   WSW
02  12.2  14.3   14:30  11.1   20:41   6.1   0.0   0.0  10.6  45.1   14:35   WSW
03   8.3  11.2   00:00   1.6   21:29  10.0   0.0  13.2   4.4  32.2   01:20   WSW
04   3.6   9.1   14:13   0.0   08:13  14.7   0.0   0.4   1.4  20.9   04:32     E
05   3.6   9.1   12:22  -1.1   07:52  14.7   0.0   0.0   1.8  22.5   10:57     S
06   7.6  12.2   14:58   0.6   00:08  10.7   0.0   0.0   9.0  41.8   11:52   WSW
07   9.0  10.4   11:32   6.9   00:59   9.3   0.0   0.0   9.8  54.7   06:09    SW
08  10.0  12.2   12:52   7.0   06:48   8.1   0.0   0.4   7.3  48.3   21:33    SW
09  10.7  12.8   11:23   8.9   23:51   7.6   0.0   6.2  11.6  54.7   00:41    SW
10   5.1   9.4   01:59   0.8   23:59  13.2   0.0  14.0   3.7  29.0   01:58    SW
11   4.0  11.2   15:25  -0.6   07:16  14.3   0.0   0.0   3.1  24.1   04:12   WSW
12   1.5   3.8   10:40  -0.8   02:14  16.8   0.0   4.8   0.7  11.3   08:59     N
13   3.8   8.7   14:35   0.6   03:07  14.5   0.0  14.6   2.6  49.9   21:55    SW
14   6.2   9.8   12:03   1.9   06:49  12.1   0.0  11.8   2.1  17.7   00:08     W
15   4.6   5.9   11:11   2.2   23:59  13.7   0.0  27.2   1.1  19.3   23:24   WNW
16   3.7   5.6   12:56   1.8   00:40  14.6   0.0   3.2   1.5  22.5   23:27    SE
17   2.7   4.7   15:45   1.4   04:34  15.6   0.0  11.0   2.3  19.3   00:39     S
18   3.5   4.3   05:17   2.3   00:00  14.8   0.0  22.6   0.9  14.5   05:14   NNE
19   4.4   5.8   11:56   3.3   21:24  13.9   0.0  12.6   0.9  11.3   12:22     N
20   4.6   7.4   12:35   0.8   07:20  13.7   0.0   1.8   3.6  29.0   23:54    SW
21   8.8  12.8   13:42   5.5   03:40   9.5   0.0   0.0  14.6  48.3   22:03   WSW
22  10.6  13.6   13:28   8.1   03:58   7.7   0.0   0.0  14.1  57.9   15:45   WSW
23  11.6  14.4   12:06   9.6   21:50   6.7   0.0   1.2   6.8  53.1   07:50    SW
24   4.7   9.7   00:00  -0.3   22:19  13.6   0.0   1.4   2.4  24.1   11:12     S
25   4.8   9.5   13:19   0.4   00:00  13.5   0.0   0.6   3.0  29.0   14:13   SSW
26   2.9   5.4   14:00  -0.4   23:58  15.4   0.0   0.4   1.6  17.7   14:12   SSE
27   2.3   5.8   15:09  -2.1   06:09  16.0   0.0   0.2   1.0  12.9   11:38     S
28   4.8   7.7   13:56   2.0   02:40  13.5   0.0   5.2   0.6   9.7   13:35   ESE
29   6.3   7.4   06:15   4.7   20:21  12.0   0.0  11.4   1.6  22.5   06:21   SSE
----------------------------------------------------------------------------------
     6.1  16.6     1    -2.1    27   354.2   0.0 164.2   4.5  57.9    22      SW

Max >=  30.0  0
Max <=   0.0  0
Min <=   0.0  7
Min <= -10.0  0
Max Rain: 27.2 on day 15
Days of Rain: 21 (>= 0.2 mm)  13 (>= 2.0 mm)  2 (>= 20.0 mm)
Heat Base: 18.3  Cool Base: 18.3  Method: Integration