NOAA-Style klimatska poročila


Poročilo za 2016 Januar
                   Monthly Climatological Summary for Jan 2016

Name: Bezina   City: Slovenske Konjice   State: SI
Elevation: 344 m  Lat: N 46 21 28   Lon: E 015 25 55

                  Temperature (?C), Rain (mm), Wind Speed (km/h)

                                      Heat  Cool        Avg
    Mean                              Deg   Deg         Wind                 Dom
Day Temp  High   Time   Low    Time   Days  Days  Rain  Speed High   Time    Dir
----------------------------------------------------------------------------------
01  -3.1   1.2   12:55  -5.8   01:50  21.4   0.0   0.0   0.5   9.7   12:25     S
02  -3.1   0.0   13:01  -6.6   07:53  21.4   0.0   0.2   0.8  12.9   20:22    SE
03  -5.0  -3.5   00:29  -5.9   22:35  23.3   0.0   7.4   1.7  14.5   05:03    SE
04  -5.9  -4.1   12:41  -6.9   23:05  24.2   0.0   1.9   1.7  17.7   06:29   SSE
05  -5.4  -0.6   15:04 -11.3   06:46  23.7   0.0   0.0   0.7  12.9   13:05   ENE
06  -2.6  -1.6   13:34  -3.6   02:54  20.9   0.0   0.0   0.4   8.0   14:29    SE
07   1.8   7.6   13:56  -4.3   02:49  16.5   0.0   2.8   2.4  24.1   20:56     W
08   2.3   5.3   13:48  -2.3   07:46  16.0   0.0   0.4   1.6  25.7   04:36    SW
09   3.2   9.1   10:39   1.4   00:50  15.1   0.0   3.0   0.7  16.1   10:44     S
10   6.2  12.2   22:06   1.2   06:03  12.1   0.0   8.2   4.6  46.7   23:54    SW
11  11.7  15.4   12:39   5.3   23:15   6.6   0.0  33.2  10.7  64.4   03:10    SW
12   5.2   9.5   14:24   1.9   22:56  13.1   0.0  13.0   2.9  24.1   13:43     W
13   4.8  10.3   12:28   0.1   23:43  13.5   0.0   0.0   2.6  22.5   10:06   WSW
14   2.1   6.8   12:27  -2.6   08:15  16.2   0.0   0.0   2.0  24.1   21:36    SW
15   2.9   4.6   04:14  -0.2   23:59  15.4   0.0   0.2   1.9  14.5   03:50   SSW
16  -0.6   4.3   11:51  -4.9   23:59  18.9   0.0   0.0   1.4  22.5   13:06     E
17  -2.3   3.6   14:56  -6.4   05:52  20.6   0.0   0.0   1.8  33.8   15:43   SSE
18  -5.0  -0.6   13:32  -8.1   07:44  23.3   0.0   0.0   1.1  17.7   12:26     S
19  -5.3  -0.7   12:00  -9.0   07:26  23.6   0.0   0.0   0.5   9.7   11:36   ENE
20  -3.8   2.1   13:13  -8.0   00:55  22.1   0.0   0.0   0.6  11.3   12:45    SE
21  -2.6   2.6   13:37  -6.0   02:10  20.9   0.0   0.0   1.3  17.7   12:27   ENE
22  -2.7   2.2   14:31  -7.2   23:57  21.0   0.0   0.0   1.1  17.7   12:07     S
23  -4.8  -0.8   14:28  -8.3   04:07  23.1   0.0   0.0   0.7  11.3   10:09    NE
24  -0.4   8.7   13:43  -6.7   02:52  18.7   0.0   0.0   0.8   9.7   03:54    SE
25   3.2  10.3   15:34  -0.1   00:00  15.1   0.0   0.0   0.6  12.9   11:03   ENE
26   4.9  17.0   13:33  -0.6   06:37  13.4   0.0   0.0   0.9  14.5   13:12   SSE
27   6.9  15.4   13:18  -0.9   07:11  11.4   0.0   0.2   6.0  38.6   20:19   WSW
28  10.5  14.8   14:10   5.6   23:59   7.8   0.0   0.0  11.9  43.5   06:01   WSW
29   5.7  14.5   15:27   0.3   05:20  12.6   0.0   0.0   1.5  20.9   22:57   SSW
30   9.8  12.9   13:19   7.2   00:51   8.5   0.0   0.0   9.9  64.4   18:31    SW
31   9.5  11.2   01:58   5.2   23:08   8.8   0.0   1.0   7.0  54.7   00:08    SW
----------------------------------------------------------------------------------
     1.2  17.0    26   -11.3     5   529.2   0.0  71.5   2.7  64.4    11      SW

Max >=  30.0  0
Max <=   0.0  8
Min <=   0.0 22
Min <= -10.0  1
Max Rain: 33.2 on day 11
Days of Rain: 12 (>= 0.2 mm)  6 (>= 2.0 mm)  1 (>= 20.0 mm)
Heat Base: 18.3  Cool Base: 18.3  Method: Integration