NOAA-Style klimatska poročila


Poročilo za 2015 December
                   Monthly Climatological Summary for Dec 2015

Name: Bezina   City: Slovenske Konjice   State: SI
Elevation: 344 m  Lat: N 46 21 28   Lon: E 015 25 55

                  Temperature (?C), Rain (mm), Wind Speed (km/h)

                                      Heat  Cool        Avg
    Mean                              Deg   Deg         Wind                 Dom
Day Temp  High   Time   Low    Time   Days  Days  Rain  Speed High   Time    Dir
----------------------------------------------------------------------------------
01  10.6  13.8   12:44   7.8   00:00   7.7   0.0   0.0   9.3  43.5   03:17   WSW
02   7.9  16.7   13:48   2.8   23:56  10.4   0.0   0.0   0.8  11.3   12:26     S
03   5.3   9.2   13:33   0.9   07:54  13.0   0.0   0.2   0.7  11.3   10:52     S
04   5.0  11.2   14:03  -0.4   23:35  13.3   0.0   0.0   2.8  29.0   11:07   WSW
05   3.3  11.9   14:02  -0.3   00:21  15.0   0.0   0.0   1.1  11.3   01:04   SSE
06   4.6  12.4   13:47  -1.1   23:56  13.7   0.0   0.2   3.9  32.2   11:19   WSW
07   0.7   9.1   14:39  -3.2   06:21  17.6   0.0   0.2   0.4   9.7   13:00     E
08   0.4   0.7   23:09  -3.2   17:23   4.9   0.0   0.2   0.6   3.2   17:23     S
09   2.1   4.6   14:55   0.4   07:44  16.2   0.0   0.2   0.9  12.9   11:33   ENE
10   1.8   8.3   13:27  -1.6   22:33  16.5   0.0   0.2   0.8  14.5   11:49   SSE
11   0.7   8.3   14:20  -2.8   08:09  17.6   0.0   0.2   1.7  22.5   11:43    SW
12  -0.2   3.5   14:13  -2.6   23:59  18.5   0.0   0.0   0.3   8.0   10:47   ENE
13   3.3  10.3   13:33  -4.3   05:54  15.0   0.0   0.0   6.0  35.4   14:59   WSW
14   2.3   7.1   13:55  -1.8   02:41  16.0   0.0   0.0   0.2   4.8   01:27    NW
15   2.2   6.5   13:56  -1.2   21:49  16.1   0.0   0.0   0.6  14.5   22:41   SSE
16   1.7   6.9   14:57  -1.6   22:45  16.6   0.0   0.0   0.5  14.5   11:02   ENE
17   1.8   6.3   12:21  -0.5   00:28  16.5   0.0   0.2   1.4  12.9   12:59   NNE
18   1.3   5.4   13:59  -0.3   07:31  17.0   0.0   0.0   0.7   8.0   13:26   ENE
19   2.3  10.9   14:02  -1.8   07:43  16.0   0.0   0.2   0.6  11.3   12:48     S
20  -0.7   1.8   14:16  -2.8   07:41  19.0   0.0   0.0   0.5   8.0   10:42   ENE
21   7.4  12.7   13:10  -2.3   00:00  10.9   0.0   0.2   8.2  38.6   05:55   WSW
22   9.1   9.6   17:44   8.8   19:29   2.4   0.0   0.0   6.4  25.7   22:02   WSW
23   7.6  13.0   13:41   0.7   22:46  10.7   0.0   0.0   7.3  43.5   09:01   WSW
24   4.8  11.6   14:19  -1.1   07:44  13.5   0.0   0.2   2.6  20.9   14:40   WSW
25   4.9  13.9   13:26  -0.6   08:10  13.4   0.0   0.0   1.0  11.3   14:35     S
26   6.8  16.7   13:51   2.2   19:51  11.5   0.0   0.0   1.7  20.9   01:09    SW
27   3.8  14.7   14:40  -1.3   08:10  14.5   0.0   0.0   0.6   9.7   00:19    SE
28   2.5  12.8   13:43  -2.2   08:09  15.8   0.0   0.0   0.6   9.7   10:42     E
29   2.4   4.9   13:41  -0.9   03:37  15.9   0.0   0.0   0.9   9.7   11:37    SE
30   1.1   1.8   11:49   0.5   16:04  17.2   0.0   0.4   1.1  17.7   14:49   ESE
31  -2.0   0.6   00:00  -7.6   08:33  20.3   0.0   0.2   1.2  17.7   14:09   SSE
----------------------------------------------------------------------------------
     3.4  16.7     2    -7.6    31   442.7   0.0   2.8   2.1  43.5     1      SW

Max >=  30.0  0
Max <=   0.0  0
Min <=   0.0 23
Min <= -10.0  0
Max Rain: 0.4 on day 30
Days of Rain: 13 (>= 0.2 mm)  0 (>= 2.0 mm)  0 (>= 20.0 mm)
Heat Base: 18.3  Cool Base: 18.3  Method: Integration