NOAA-Style klimatska poročila


Poročilo za 2015 Oktober
                   Monthly Climatological Summary for okt 2015

Name: Bezina   City: Slovenske Konjice   State: SI
Elevation: 344 m  Lat: N 46° 21' 28"   Lon: E 015° 25' 56"

                  Temperature (°C), Rain (mm), Wind Speed (km/h)

                                      Heat  Cool        Avg
    Mean                              Deg   Deg         Wind                 Dom
Day Temp  High   Time   Low    Time   Days  Days  Rain  Speed High   Time    Dir
----------------------------------------------------------------------------------
 1  11,7  16,4   14:40   8,3   07:13   6,6   0,0   0,0   1,7  22,5   13:49   ESE
 2  11,9  17,8   13:53   8,2   23:48   6,4   0,0   0,0   0,6  11,3   14:49   SSE
 3  13,6  20,2   15:43   8,2   00:00   4,9   0,2   0,6   2,0  22,5   22:59    SW
 4  16,1  19,2   15:48  12,4   23:55   2,3   0,1   4,0   4,5  37,0   11:05   WSW
 5  14,6  22,1   16:28   9,8   23:42   4,3   0,6   0,2   2,2  19,3   11:43    SW
 6  13,1  18,3   12:35   8,6   02:51   5,2   0,0   9,2   0,9  16,1   11:15   WSW
 7  14,1  15,2   14:16  13,3   10:06   4,2   0,0  40,8   0,3   8,0   16:36   NNW
 8  14,2  16,4   15:49  12,9   07:11   4,1   0,0   1,6   0,0   3,2   00:11   WNW
 9  13,5  15,8   12:52  12,2   07:22   4,8   0,0   0,0   0,0   0,0   00:00   ---
10  11,5  12,4   00:00  10,3   09:10   6,8   0,0   7,6   1,7  22,5   08:38   ESE
11   9,5  10,8   02:05   6,5   22:52   8,8   0,0  16,8   2,3  16,1   01:45   SSE
12   7,2   9,8   15:42   5,2   08:02  11,1   0,0   0,2   0,6   8,0   06:29    NE
13   7,6   8,7   16:19   6,6   01:44  10,7   0,0   8,2   0,2   6,4   07:49    NE
14   8,5  10,3   13:08   7,7   05:45   9,8   0,0  22,4   0,9  16,1   16:29    SE
15   9,2  10,3   21:19   8,3   00:00   9,1   0,0  38,0   0,7  11,3   10:52   WSW
16  10,2  15,2   15:59   5,4   22:28   8,1   0,0   5,4   1,0  29,0   16:52   WSW
17   8,2  12,6   15:33   4,2   01:30  10,1   0,0   0,4   0,9  14,5   13:05   ENE
18   9,5  17,0   15:39   3,7   07:19   8,7   0,0   0,2   1,1  17,7   16:06   SSW
19   8,0   9,9   00:01   6,6   22:35  10,3   0,0  18,6   1,4  16,1   06:23     S
20   8,2  13,9   14:46   3,6   05:08  10,1   0,0   0,2   1,2  17,7   09:38    SW
21   8,3  15,3   16:04   2,7   07:32  10,0   0,0   0,0   0,8  14,5   12:25   SSE
22   7,7  12,2   15:51   3,4   23:50  10,6   0,0   0,0   0,8  24,1   12:28   ENE
23   9,0  16,0   14:59   3,2   03:34   9,3   0,0   0,0   0,9  16,1   14:39    SE
24   9,1  17,7   15:17   3,5   06:20   9,2   0,0   0,0   1,6  19,3   10:13    SW
25   7,8  17,2   14:28   1,6   05:51  10,9   0,0   0,2   0,6  11,3   11:55    SE
26   9,2  16,8   14:36   4,2   04:30   9,1   0,0   0,0   1,2  20,9   12:48    SW
27  10,2  14,9   14:35   8,1   00:00   8,1   0,0   0,0   0,4  14,5   14:37   SSE
28  10,1  15,8   13:52   5,9   03:47   8,2   0,0   0,0   1,9  22,5   12:52     S
29   9,4  10,3   13:26   8,1   00:00   8,9   0,0   1,2   0,5   9,7   22:20    SE
30   9,6  16,2   14:22   4,2   23:54   8,7   0,0   0,0   1,2  20,9   11:25   ESE
31   7,3  15,3   13:45   1,5   06:40  11,0   0,0   0,2   1,1  16,1   12:05   ESE
----------------------------------------------------------------------------------
    10,3  22,1     5     1,5    31   250,4   0,9 176,0   1,1  37,0     4       S

Max >=  30,0:  0
Max <=   0,0:  0
Min <=   0,0:  0
Min <= -10,0:  0
Max Rain: 40,8 on day 7
Days of Rain: 20 (>= 0,2 mm)  10 (>= 2,0 mm)  3 (>= 20,0 mm)
Heat Base: 18,3  Cool Base: 18,3  Method: Integration