NOAA-Style klimatska poročila


Poročilo za 2015 Avgust
                   Monthly Climatological Summary for avg 2015

Name: Bezina   City: Slovenske Konjice   State: SI
Elevation: 344 m  Lat: N 46° 21' 28"   Lon: E 015° 25' 56"

                  Temperature (°C), Rain (mm), Wind Speed (km/h)

                                      Heat  Cool        Avg
    Mean                              Deg   Deg         Wind                 Dom
Day Temp  High   Time   Low    Time   Days  Days  Rain  Speed High   Time    Dir
----------------------------------------------------------------------------------
 1  17,9  25,4   17:07   9,7   05:44   2,7   2,3   0,2   1,7  19,3   12:33   SSE
 2  20,9  27,1   14:20  16,6   05:57   0,4   3,0   1,4   1,1  17,7   16:08   SSE
 3  21,4  27,8   18:06  16,4   02:02   0,3   3,5   0,2   1,2  16,1   15:44   ESE
 4  23,2  30,7   15:49  16,2   05:43   0,4   5,3   0,0   1,4  19,3   11:52     S
 5  24,6  30,9   15:45  19,0   06:50   0,0   6,3   0,0   2,3  25,7   03:11   SSW
 6  24,4  32,4   17:35  16,6   05:16   0,3   6,3   0,0   1,4  17,7   11:52   SSE
 7  25,1  33,2   17:06  17,3   06:12   0,1   6,8   0,0   1,2  17,7   13:53   SSE
 8  24,9  33,2   17:50  18,2   06:00   0,0   6,6   0,0   1,1  16,1   12:47    SE
 9  25,9  33,1   15:28  18,8   23:26   0,0   7,6   0,0   1,9  16,1   02:33   SSW
10  23,0  32,1   18:02  14,5   05:47   0,7   5,4   0,0   1,3  17,7   13:02     E
11  23,5  32,5   15:56  16,2   06:39   0,4   5,6   0,0   1,3  17,7   12:16   ESE
12  26,0  33,6   17:21  17,9   00:00   0,0   7,7   0,0   2,0  16,1   04:10   SSW
13  25,4  33,9   14:48  16,1   03:12   0,3   7,4   0,0   1,6  16,1   14:33   SSE
14  24,4  33,7   16:23  17,1   05:39   0,2   6,3   0,0   0,9  16,1   14:35   SSE
15  23,1  32,5   15:28  17,6   05:22   0,0   4,9   1,6   3,1  29,0   07:38   WSW
16  21,1  26,8   13:52  16,5   02:38   0,3   3,1   3,8   2,5  29,0   06:27    SW
17  18,2  19,6   11:29  17,1   23:21   0,3   0,2  11,2   0,8  14,5   23:24     S
18  19,6  26,3   15:58  15,8   04:55   0,8   2,1   2,8   1,7  17,7   12:46   SSE
19  17,8  21,8   13:34  15,4   04:54   1,1   0,7  41,2   0,9  24,1   21:01   SSE
20  17,2  20,6   14:05  15,3   23:52   1,4   0,3   0,8   1,0  17,7   14:09   ESE
21  17,1  22,0   15:07  12,8   23:51   2,0   0,8   0,0   0,9  16,1   10:03     E
22  17,1  24,1   12:56  10,8   06:15   2,8   1,6   0,0   1,2  19,3   11:35     E
23  16,8  24,2   15:44  10,4   06:24   2,9   1,4   0,0   1,4  17,7   13:57   SSE
24  18,3  25,6   14:54  11,7   05:59   2,1   2,1   0,0   2,4  24,1   10:27   WSW
25  17,4  23,8   11:23  13,8   22:43   1,8   0,9   7,4   1,6  29,0   13:00     E
26  18,4  24,9   15:25  12,7   06:47   2,0   2,1   0,0   1,4  16,1   15:40     S
27  19,8  28,6   15:00  12,9   06:11   1,8   3,4   0,2   2,0  17,7   15:45     S
28  23,2  31,6   14:45  14,7   01:48   0,4   5,3   0,0   2,8  29,0   11:04    SW
29  23,2  32,6   15:27  14,6   06:07   0,8   5,7   0,0   1,1  14,5   15:05   SSE
30  23,1  31,9   15:41  14,3   05:56   0,9   5,7   0,0   1,2  16,1   15:31   SSE
31  23,7  31,6   15:47  16,2   06:26   0,2   5,6   0,0   3,8  27,4   14:39    SW
----------------------------------------------------------------------------------
    21,5  33,9    13     9,7     1    27,4 126,0  70,8   1,6  29,0    15       S

Max >=  30,0: 16
Max <=   0,0:  0
Min <=   0,0:  0
Min <= -10,0:  0
Max Rain: 41,2 on day 19
Days of Rain: 11 (>= 0,2 mm)  5 (>= 2,0 mm)  1 (>= 20,0 mm)
Heat Base: 18,3  Cool Base: 18,3  Method: Integration