NOAA-Style klimatska poročila


Poročilo za 2015 Julij
                   Monthly Climatological Summary for jul 2015

Name: Bezina   City: Slovenske Konjice   State: SI
Elevation: 344 m  Lat: N 46° 21' 28"   Lon: E 015° 25' 56"

                  Temperature (°C), Rain (mm), Wind Speed (km/h)

                                      Heat  Cool        Avg
    Mean                              Deg   Deg         Wind                 Dom
Day Temp  High   Time   Low    Time   Days  Days  Rain  Speed High   Time    Dir
----------------------------------------------------------------------------------
 1  22,2  28,4   15:21  15,6   05:08   0,6   4,5   0,0   1,8  19,3   11:16   SSE
 2  23,0  29,8   17:26  16,2   05:32   0,5   5,2   0,0   2,2  22,5   13:15     S
 3  23,4  29,8   15:25  17,6   04:25   0,1   5,2   0,0   1,5  17,7   11:11    SE
 4  23,4  29,8   16:13  16,9   05:39   0,1   5,2   0,0   1,4  17,7   15:31   SSE
 5  23,4  31,2   16:43  15,5   05:21   0,5   5,6   0,0   1,8  17,7   11:52    SE
 6  25,8  34,4   15:25  17,6   03:38   0,1   7,6   0,0   1,3  16,1   16:10    SE
 7  28,0  34,8   16:04  20,6   04:15   0,0   9,7   0,0   3,0  22,5   13:02   SSW
 8  26,0  32,9   12:58  17,1   23:50   0,1   7,7  10,2   5,6  27,4   04:50    SW
 9  18,4  23,2   19:24  15,2   07:45   1,2   1,3  10,2   2,1  19,3   16:46   SSW
10  18,0  24,4   15:59  11,4   06:02   2,2   1,9   0,2   2,0  19,3   12:10   SSE
11  20,3  28,7   15:29  11,6   05:19   1,9   3,9   0,4   2,9  27,4   23:21     S
12  23,5  30,8   16:56  15,5   03:50   0,4   5,6   0,2   2,4  22,5   12:07     S
13  19,8  22,7   12:06  16,8   01:26   0,2   1,7   0,8   0,9  17,7   05:07   NNE
14  22,1  27,9   16:22  16,4   03:37   0,4   4,1   0,0   1,5  24,1   11:07     S
15  22,9  30,8   16:10  15,9   04:48   0,4   5,1   0,0   1,4  22,5   15:30    SE
16  24,2  31,2   15:47  17,3   05:18   0,1   6,0   0,0   1,0  16,1   11:11    SE
17  27,1  35,2   15:51  20,2   05:31   0,0   8,8   0,0   1,7  17,7   02:55    SE
18  26,6  32,7   15:17  19,2   05:04   0,0   8,3   0,0   2,6  24,1   06:13   SSE
19  26,9  35,4   15:44  18,4   05:26   0,0   8,6   0,0   2,6  25,7   15:56   SSW
20  26,3  31,9   15:55  20,4   02:01   0,0   8,0   0,0   2,1  20,9   16:33   SSE
21  25,7  33,2   16:28  18,9   05:41   0,0   7,4   0,0   1,6  20,9   15:08   ESE
22  27,2  34,7   16:26  20,5   02:34   0,0   8,9   0,0   1,6  17,7   13:34    SE
23  24,1  32,8   13:09  18,7   05:21   0,0   5,8   7,6   1,8  29,0   17:05   NNE
24  23,9  30,7   17:56  18,9   05:38   0,0   5,6   6,0   1,4  45,1   23:43     S
25  22,0  28,8   13:32  17,8   05:51   0,0   3,7  10,0   3,0  43,5   14:26   WSW
26  17,2  20,7   00:04  15,2   22:27   1,4   0,3   6,6   1,0  19,3   00:24     W
27  16,9  19,0   17:43  14,7   01:08   1,5   0,1  16,6   1,2  16,1   06:07    NW
28  17,4  19,5   15:47  15,7   06:17   1,1   0,2   8,0   1,0   9,7   02:53     N
29  17,5  20,3   18:18  14,8   11:33   1,0   0,2   1,4   1,1  16,1   10:19    SE
30  15,1  16,8   00:00  13,4   13:28   3,2   0,0  16,6   1,1  17,7   08:53    SE
31  17,1  24,2   19:15  11,8   23:51   2,7   1,5   1,4   1,5  19,3   14:07    SE
----------------------------------------------------------------------------------
    22,4  35,4    19    11,4    10    19,7 147,7  96,2   1,9  45,1    24       S

Max >=  30,0: 15
Max <=   0,0:  0
Min <=   0,0:  0
Min <= -10,0:  0
Max Rain: 16,6 on day 27
Days of Rain: 15 (>= 0,2 mm)  9 (>= 2,0 mm)  0 (>= 20,0 mm)
Heat Base: 18,3  Cool Base: 18,3  Method: Integration