NOAA-Style klimatska poročila


Poročilo za 2015 April
                   Monthly Climatological Summary for apr 2015

Name: Bezina   City: Slovenske Konjice   State: SI
Elevation: 344 m  Lat: N 46° 21' 28"   Lon: E 015° 25' 56"

                  Temperature (°C), Rain (mm), Wind Speed (km/h)

                                      Heat  Cool        Avg
    Mean                              Deg   Deg         Wind                 Dom
Day Temp  High   Time   Low    Time   Days  Days  Rain  Speed High   Time    Dir
----------------------------------------------------------------------------------
 1   7,9  13,2   14:16   1,2   23:18  10,4   0,0   0,2   5,3  48,3   15:06     W
 2   7,3  14,1   16:25  -0,7   07:13  11,0   0,0   0,6   8,5  54,7   15:17    SW
 3   4,9  12,1   17:13  -1,8   07:05  13,4   0,0   0,0   3,1  27,4   10:19    SE
 4   3,6   5,9   12:23   0,3   00:01  14,7   0,0   2,0   1,4  12,9   11:25    SE
 5   5,5   8,8   15:32   3,2   02:30  12,8   0,0   0,0   6,4  40,2   14:28   NNE
 6   3,3   8,2   12:51  -2,7   06:35  15,0   0,0   0,8   4,7  32,2   10:24   NNE
 7   5,7  10,1   17:03   2,7   22:22  12,6   0,0   0,0   8,3  37,0   04:22     N
 8   8,4  12,9   13:46   3,1   23:54   9,9   0,0   0,0   3,9  37,0   11:47   WNW
 9   7,6  14,7   17:06   2,1   01:04  10,7   0,0   0,0   1,6  17,7   13:39   SSE
10  11,5  20,8   15:43   1,8   05:32   7,2   0,4   0,0   4,6  25,7   10:57   SSW
11  15,0  21,6   15:25  10,3   06:34   3,8   0,6   0,6   8,7  32,2   16:53   WSW
12  15,2  21,1   16:23   8,3   23:57   3,6   0,5   0,2   2,8  17,7   10:32   ESE
13  14,8  24,8   16:16   5,3   06:40   5,1   1,6   0,0   3,4  30,6   12:40   WSW
14  12,2  17,8   15:35   7,4   06:34   6,1   0,0   0,0   2,3  20,9   15:29     E
15  16,9  24,8   17:31   8,1   05:34   3,2   1,9   0,0   5,9  32,2   12:00    SW
16  19,1  25,7   15:23  14,1   05:44   1,2   2,1   0,0   9,0  32,2   05:56   WSW
17  14,2  16,7   12:38  11,7   20:00   4,1   0,0   1,0   8,5  41,8   13:30   WSW
18   6,8  11,8   00:43   2,5   23:14  11,5   0,0   8,0   2,2  19,3   18:09   SSE
19   6,3  12,9   17:28   0,3   06:33  12,0   0,0   0,2   2,6  20,9   12:48   SSE
20  10,0  19,2   16:35   0,2   06:09   8,3   0,0   0,0   2,6  24,1   19:29     S
21  12,9  21,8   15:15   4,7   06:14   6,1   0,6   0,0   3,5  29,0   16:15   NNE
22  14,6  23,4   17:03   5,4   06:04   4,9   1,2   0,0   2,4  27,4   17:20    SE
23  14,2  21,7   14:24   5,2   05:24   4,7   0,6   0,0   4,4  32,2   17:18     S
24  14,1  18,6   15:51   8,4   23:37   4,3   0,0   0,0   3,0  24,1   02:05   SSW
25  15,0  20,4   13:39   8,1   02:37   3,6   0,3   0,0   8,4  40,2   18:37   WSW
26  16,7  22,1   14:23  12,2   03:56   2,4   0,8   0,0   8,6  37,0   05:33    SW
27  16,4  21,3   15:09  12,8   04:03   2,4   0,5   0,0   7,4  48,3   14:04   WSW
28  12,0  13,8   00:00   9,7   22:00   6,3   0,0  14,8   1,8  24,1   20:21   WNW
29  11,0  16,5   14:19   5,4   06:37   7,3   0,0   0,0   2,8  19,3   10:06   SSE
30  10,9  17,9   16:02   3,4   05:30   7,4   0,0   0,0   3,4  27,4   11:48     S
----------------------------------------------------------------------------------
    11,1  25,7    16    -2,7     6   226,0  11,1  28,4   4,7  54,7     2      SW

Max >=  30,0:  0
Max <=   0,0:  0
Min <=   0,0:  3
Min <= -10,0:  0
Max Rain: 14,8 on day 28
Days of Rain: 10 (>= 0,2 mm)  3 (>= 2,0 mm)  0 (>= 20,0 mm)
Heat Base: 18,3  Cool Base: 18,3  Method: Integration