NOAA-Style klimatska poročila


Poročilo za 2015 Marec
                   Monthly Climatological Summary for mar 2015

Name: Bezina   City: Slovenske Konjice   State: SI
Elevation: 344 m  Lat: N 46° 21' 28"   Lon: E 015° 25' 56"

                  Temperature (°C), Rain (mm), Wind Speed (km/h)

                                      Heat  Cool        Avg
    Mean                              Deg   Deg         Wind                 Dom
Day Temp  High   Time   Low    Time   Days  Days  Rain  Speed High   Time    Dir
----------------------------------------------------------------------------------
 1   6,0  10,5   14:28  -0,7   04:18  12,3   0,0   0,0   5,5  29,0   21:56    SW
 2   7,9  10,8   14:16   3,2   22:45  10,4   0,0   3,4   7,4  46,7   11:09   WSW
 3   6,4  13,2   15:06   1,0   22:58  11,9   0,0   0,0   4,3  25,7   08:27    SW
 4   5,4  11,0   13:51   0,0   02:38  12,9   0,0   0,2   4,0  24,1   15:58     E
 5   5,5   8,4   14:09   4,1   06:12  12,8   0,0   0,0   6,8  46,7   16:44   NNE
 6   3,0   8,1   12:30  -2,6   23:37  15,3   0,0   0,0   4,3  37,0   12:34   NNE
 7   2,3   9,6   16:01  -3,6   03:47  16,0   0,0   0,0   2,1  27,4   11:42   ENE
 8   2,3   9,9   14:03  -3,9   06:26  16,0   0,0   0,0   2,2  27,4   13:35     E
 9   2,9   9,7   14:21  -3,0   06:15  15,4   0,0   0,0   2,2  24,1   13:49     E
10   5,0  14,1   15:05  -2,2   04:48  13,3   0,0   0,2   2,2  22,5   14:27     S
11   4,7   9,9   12:54   0,4   22:50  13,6   0,0   0,6   1,5  22,5   23:39    NE
12   6,2   9,6   15:12   2,1   00:00  12,1   0,0   0,0   4,8  33,8   01:22   NNE
13   3,9   9,4   12:47  -1,6   06:03  14,4   0,0   0,0   1,8  16,1   10:29     E
14   3,9   8,3   12:20  -0,4   06:40  14,4   0,0   0,0   1,2  14,5   11:31    SE
15   4,2   9,5   14:55  -0,4   02:43  14,1   0,0   0,0   1,7  19,3   13:16   ESE
16   6,1  10,4   15:18   0,6   06:12  12,2   0,0   0,0   1,2  14,5   09:24    SE
17   5,7  13,1   14:25   1,2   06:01  12,6   0,0   0,0   1,8  29,0   14:52     E
18   6,1  13,6   15:00  -0,8   05:55  12,2   0,0   0,0   2,1  20,9   12:35   ESE
19   6,3  13,7   15:04   0,8   05:02  12,0   0,0   0,0   2,0  19,3   15:52     E
20   5,2  13,3   15:59  -1,7   06:18  13,1   0,0   0,0   1,6  16,1   13:13    SE
21   8,7  15,6   14:23   0,2   01:48   9,6   0,0   0,0   8,4  37,0   10:42   WSW
22   9,7  14,3   12:44   5,8   20:26   8,6   0,0   0,0   5,7  40,2   00:49   WSW
23   6,7  13,5   14:39   2,4   23:29  11,6   0,0   0,0   2,1  17,7   14:52    SE
24   8,5  17,2   14:53  -0,2   06:02   9,8   0,0   0,0   3,9  33,8   15:01    SW
25   8,8  12,8   13:59   3,7   03:48   9,5   0,0  14,8   1,8  22,5   14:17    SE
26  11,0  16,4   14:02   8,3   06:02   7,3   0,0   2,8   1,3  14,5   15:57    SW
27   8,5   9,4   00:00   7,3   09:07   9,8   0,0   3,8   3,2  30,6   16:59    SW
28   9,0  14,1   14:58   1,6   23:46   9,3   0,0   0,0   4,7  33,8   11:39     N
29   9,8  17,0   17:18   0,8   03:53   8,1   0,0   0,0   5,2  29,0   15:19    SW
30  11,4  17,2   13:57   5,3   23:56   6,9   0,0   5,0   6,8  46,7   13:27   WSW
31   9,8  16,1   14:47   2,3   03:16   8,5   0,0   3,0   8,3  66,0   13:22   WSW
----------------------------------------------------------------------------------
     6,5  17,2    24    -3,9     8   366,0   0,0  33,8   3,6  66,0    31      SW

Max >=  30,0:  0
Max <=   0,0:  0
Min <=   0,0: 13
Min <= -10,0:  0
Max Rain: 14,8 on day 25
Days of Rain: 9 (>= 0,2 mm)  6 (>= 2,0 mm)  0 (>= 20,0 mm)
Heat Base: 18,3  Cool Base: 18,3  Method: Integration